000
CXUS53 KDDC 041814
CF6GCK
PRELIMINARY LOCAL CLIMATOLOGICAL DATA (WS FORM: F-6)
STATION: GARDEN CITY REGIONAL ARPT KS
MONTH: DECEMBER
YEAR: 2020
LATITUDE: 37 55 N
LONGITUDE: 100 43 W
TEMPERATURE IN F: :PCPN: SNOW: WIND :SUNSHINE: SKY :PK WND
================================================================================
1 2 3 4 5 6A 6B 7 8 9 10 11 12 13 14 15 16 17 18
12Z AVG MX 2MIN
DY MAX MIN AVG DEP HDD CDD WTR SNW DPTH SPD SPD DIR MIN PSBL S-S WX SPD DR
================================================================================
1 55 19 37 2 28 0 0.00 M M 15.8 32 10 M M 0 40 360
2 38 28 33 -1 32 0 T M M 24.3 32 350 M M 10 12 42 10
3 41 24 33 -1 32 0 0.00 M M 11.4 24 10 M M 5 29 360
4 57 20 39 5 26 0 0.00 M M 9.6 15 320 M M 0 19 320
5 58 27 43 10 22 0 0.00 M M 13.4 22 360 M M 0 27 10
6 56 24 40 7 25 0 0.00 M M 8.4 14 320 M M 0 17 320
7 63 25 44 11 21 0 0.00 M M 10.7 17 330 M M 0 21 330
8 65 21 43 11 22 0 0.00 M M 10.0 15 280 M M 0 21 280
9 68 24 46 14 19 0 0.00 M M 7.1 13 330 M M 0 16 340
10 53 19 36 4 29 0 0.00 M M 12.7 22 30 M M 3 28 30
11 37 26 32 0 33 0 T M M 14.1 20 340 M M 10 1 25 350
12 36 21 29 -3 36 0 0.01 M M 7.8 16 70 M M 9 1 21 320
13 33 10 22 -10 43 0 T M M 12.6 21 30 M M 4 1 28 50
14 27 4 16 -15 49 0 0.00 M M 19.6 36 150 M M 3 1 47 150
15 27 13 20 -11 45 0 0.01 M M 11.4 24 150 M M 10 12 29 150
16 38 6 22 -9 43 0 0.00 M M 9.9 16 280 M M 1 21 280
17 40 14 27 -4 38 0 0.00 M M 11.3 20 170 M M 0 28 180
18 47 27 37 6 28 0 0.00 M M 14.0 25 340 M M 1 34 340
19 43 19 31 0 34 0 0.00 M M 8.7 15 210 M M 0 21 290
20 51 28 40 9 25 0 0.00 M M 11.8 28 330 M M 0 36 340
21 60 27 44 13 21 0 0.00 M M 8.1 14 290 M M 0 19 290
22 60 29 45 14 20 0 0.00 M M 11.7 26 280 M M 0 39 290
23 50 15 33 2 32 0 T M M 25.5 47 330 M M 3 78 64 330
24 48 15 32 1 33 0 0.00 M M 13.6 36 340 M M 4 45 340
25 61 22 42 11 23 0 0.00 M M 9.2 18 260 M M 0 23 260
26 60 18 39 8 26 0 0.00 M M 5.8 12 220 M M 0 14 220
27 51 24 38 8 27 0 0.00 M M 12.7 31 350 M M 2 40 350
28 38 28 33 3 32 0 0.00 M M 12.1 26 120 M M 10 34 120
29 46 27 37 7 28 0 0.07 M M 15.0 26 350 M M 8 16 35 350
30 40 14 27 -3 38 0 0.00 M M 8.1 26 350 M M 0 34 350
31 42 15 29 -1 36 0 0.00 M M 8.8 20 180 M M M 25 150
================================================================================
SM 1489 633 946 0 0.09 M 375.2 M 83
================================================================================
AV 48.0 20.4 12.1 FASTST M M 3 MAX(MPH)
MISC ----> 47 330 64 330
================================================================================
NOTES:
# LAST OF SEVERAL OCCURRENCES
COLUMN 17 PEAK WIND IN M.P.H.
PRELIMINARY LOCAL CLIMATOLOGICAL DATA (WS FORM: F-6) , PAGE 2
STATION: GARDEN CITY REGIONAL ARPT KS
MONTH: DECEMBER
YEAR: 2020
LATITUDE: 37 55 N
LONGITUDE: 100 43 W
[TEMPERATURE DATA] [PRECIPITATION DATA] SYMBOLS USED IN COLUMN 16
AVERAGE MONTHLY: 34.2 TOTAL FOR MONTH: 0.09 1 = FOG OR MIST
DPTR FM NORMAL: 2.5 DPTR FM NORMAL: -0.43 2 = FOG REDUCING VISIBILITY
HIGHEST: 68 ON 9 GRTST 24HR 0.07 ON 29-29 TO 1/4 MILE OR LESS
LOWEST: 4 ON 14 3 = THUNDER
4 = ICE PELLETS
5 = HAIL
6 = FREEZING RAIN OR DRIZZLE
7 = DUSTSTORM OR SANDSTORM:
VSBY 1/2 MILE OR LESS
8 = SMOKE OR HAZE
[NO. OF DAYS WITH] [WEATHER - DAYS WITH] 9 = BLOWING SNOW
X = TORNADO
MAX 32 OR BELOW: 2 0.01 INCH OR MORE: 3
MAX 90 OR ABOVE: 0 0.10 INCH OR MORE: 0
MIN 32 OR BELOW: 31 0.50 INCH OR MORE: 0
MIN 0 OR BELOW: 0 1.00 INCH OR MORE: 0
[HDD (BASE 65) ]
TOTAL THIS MO. 946 CLEAR (SCALE 0-3) 20
DPTR FM NORMAL -88 PTCLDY (SCALE 4-7) 4
TOTAL FM JUL 1 2034 CLOUDY (SCALE 8-10) 7
DPTR FM NORMAL -83
[CDD (BASE 65) ]
TOTAL THIS MO. 0
DPTR FM NORMAL 0 [PRESSURE DATA]
TOTAL FM JAN 1 1349 HIGHEST SLP 30.40 ON 3
DPTR FM NORMAL 51 LOWEST SLP 29.46 ON 22
[REMARKS]
#FINAL-12-20#