000
CXUS43 KDDC 011649
CF6GCK
PRELIMINARY LOCAL CLIMATOLOGICAL DATA (WS FORM: F-6)

                                          STATION:   GARDEN CITY REGIONAL ARPT KS
                                          MONTH:     FEBRUARY
                                          YEAR:      2011
                                          LATITUDE:   37 55 N
                                          LONGITUDE: 100 43 W

  TEMPERATURE IN F:       :PCPN:    SNOW:  WIND      :SUNSHINE: SKY     :PK WND
================================================================================
1   2   3   4   5  6A  6B    7    8   9   10  11  12  13   14  15   16   17  18
                                     12Z  AVG MX 2MIN
DY MAX MIN AVG DEP HDD CDD  WTR  SNW DPTH SPD SPD DIR MIN PSBL S-S WX    SPD DR
================================================================================

 1   6  -5   1 -30  64   0    T    M    M 30.5 41 350   M    M   9 168    52 360
 2  13  -7   3 -29  62   0 0.00    M    M 14.0 25 350   M    M   1        31 350
 3  30  -9  11 -21  54   0 0.00    M    M  9.8 18 250   M    M   1        25 210
 4  50  -1  25  -7  40   0 0.00    M    M  7.8 15 350   M    M   2 12     20 320
 5  53  25  39   6  26   0 0.00    M    M 12.3 25 340   M    M   1        32 330
 6  42  16  29  -4  36   0 0.00    M    M 15.1 31 350   M    M   6        37 350
 7  44  11  28  -5  37   0 0.00    M    M 12.8 24 180   M    M   3        30 210
 8  30  -2  14 -19  51   0    M    M    M 24.5 38  60   M    M  10 128    47  60
 9  14  -9   3 -31  62   0    T    M    M 12.2 20 350   M    M   4        23 350
10  29 -12   9 -25  56   0 0.12    M    M  8.6 15 310   M    M   0        16 310
11  39   3  21 -13  44   0 0.00    M    M 10.7 17 290   M    M   0        18 270
12  51  18  35   1  30   0 0.00    M    M  9.0 18 270   M    M   0        22 270
13  74  24  49  14  16   0 0.00    M    M 10.4 22  10   M    M   0        24  20
14  52  26  39   4  26   0 0.00    M    M  9.5 18 180   M    M   0        22 180
15  70  25  48  13  17   0 0.00    M    M 10.4 26 360   M    M   0        33  20
16  81  32  57  21   8   0 0.00    M    M 11.1 22 190   M    M   0        26 210
17  75  35  55  19  10   0 0.00    M    M 13.1 25  10   M    M   0        35 260
18  62  22  42   6  23   0 0.00    M    M 12.0 23 150   M    M   0        30 180
19  71  28  50  14  15   0 0.00    M    M  9.2 21 140   M    M   1 18     28 170
20  68  27  48  11  17   0 0.00    M    M 21.5 39 260   M    M   2 18     45 260
21  45  11  28  -9  37   0 0.00    M    M 10.5 26  10   M    M   1        32 360
22  58  19  39   2  26   0 0.00    M    M 17.5 35 170   M    M   0        41 180
23  59  27  43   6  22   0 0.00    M    M 14.0 26  20   M    M   0        32  30
24  37  21  29  -9  36   0    T    M    M 16.8 23  10   M    M   9 168    29  30
25  21  16  19 -19  46   0 0.00    M    M 11.0 16  80   M    M  10 1      20  80
26  52  18  35  -4  30   0 0.00    M    M 11.4 23 200   M    M   5 18     26 190
27  62  26  44   5  21   0 0.00    M    M 14.8 36  20   M    M   2 1      41  10
28  60  17  39   0  26   0 0.00    M    M 13.2 28 360   M    M   0        33  10
================================================================================
SM 1348  402       938   0 0.12    M     373.7          M       67
================================================================================
AV 48.1 14.4                              13.3 FASTST   M    M   2    MAX(MPH)
                                 MISC ---->    41 350                     52 360
================================================================================
NOTES:
# LAST OF SEVERAL OCCURRENCES
PRECIPITATION FOR FEBRUARY 8TH IS MISSING DUE TO INOPERABLE RAIN GAGE.

COLUMN 17 PEAK WIND IN M.P.H.

PRELIMINARY LOCAL CLIMATOLOGICAL DATA (WS FORM: F-6) , PAGE 2

                                          STATION:  GARDEN CITY REGIONAL ARPT KS
                                          MONTH:    FEBRUARY
                                          YEAR:     2011
                                          LATITUDE:   37 55 N
                                          LONGITUDE: 100 43 W

[TEMPERATURE DATA]      [PRECIPITATION DATA]       SYMBOLS USED IN COLUMN 16

AVERAGE MONTHLY: 31.3   TOTAL FOR MONTH:   0.12    1 = FOG OR MIST
DPTR FM NORMAL:  -3.7   DPTR FM NORMAL:   -0.41    2 = FOG REDUCING VISIBILITY
HIGHEST:    81 ON 16    GRTST 24HR  0.12 ON 10-10      TO 1/4 MILE OR LESS
LOWEST:    -12 ON 10                               3 = THUNDER
                        SNOW, ICE PELLETS, HAIL    4 = ICE PELLETS
                        TOTAL MONTH:    M          5 = HAIL
                        GRTST 24HR    M  ON   M    6 = FREEZING RAIN OR DRIZZLE
                        GRTST DEPTH:  M  ON   M    7 = DUSTSTORM OR SANDSTORM:
                                                       VSBY 1/2 MILE OR LESS
                                                   8 = SMOKE OR HAZE
[NO. OF DAYS WITH]      [WEATHER - DAYS WITH]      9 = BLOWING SNOW
                                                   X = TORNADO
MAX 32 OR BELOW:   7    0.01 INCH OR MORE:   1
MAX 90 OR ABOVE:   0    0.10 INCH OR MORE:   1
MIN 32 OR BELOW:  27    0.50 INCH OR MORE:   0
MIN  0 OR BELOW:   7    1.00 INCH OR MORE:   0

[HDD (BASE 65) ]
TOTAL THIS MO.   938    CLEAR  (SCALE 0-3)  20
DPTR FM NORMAL    99    PTCLDY (SCALE 4-7)   4
TOTAL FM JUL 1  3941    CLOUDY (SCALE 8-10)  4
DPTR FM NORMAL  -114

[CDD (BASE 65) ]
TOTAL THIS MO.     0
DPTR FM NORMAL     0    [PRESSURE DATA]
TOTAL FM JAN 1     0    HIGHEST SLP 30.73 ON  2
DPTR FM NORMAL     0    LOWEST  SLP 29.38 ON 27

[REMARKS]
#FINAL-02-11#
