000
CXUS53 KDDC 021542
CF6GCK
PRELIMINARY LOCAL CLIMATOLOGICAL DATA (WS FORM: F-6)
STATION: GARDEN CITY REGIONAL ARPT KS
MONTH: AUGUST
YEAR: 2020
LATITUDE: 37 55 N
LONGITUDE: 100 43 W
TEMPERATURE IN F: :PCPN: SNOW: WIND :SUNSHINE: SKY :PK WND
================================================================================
1 2 3 4 5 6A 6B 7 8 9 10 11 12 13 14 15 16 17 18
12Z AVG MX 2MIN
DY MAX MIN AVG DEP HDD CDD WTR SNW DPTH SPD SPD DIR MIN PSBL S-S WX SPD DR
================================================================================
1 88 60 74 -4 0 9 0.10 M M 4.8 31 80 M M 1 38 42 90
2 81 62 72 -6 0 7 0.00 M M 9.5 17 70 M M 1 24 80
3 78 59 69 -9 0 4 0.10 M M 7.0 16 140 M M 5 13 21 150
4 82 61 72 -6 0 7 0.12 M M 16.8 32 190 M M 4 13 45 190
5 82 58 70 -8 0 5 0.00 M M 8.6 36 130 M M 0 1 41 130
6 83 64 74 -4 0 9 0.59 M M 12.6 22 170 M M 2 13 29 180
7 90 68 79 1 0 14 0.01 M M 6.6 18 140 M M 2 13 26 150
8 95 64 80 2 0 15 0.00 M M 10.1 22 150 M M 0 34 150
9 94 66 80 2 0 15 0.00 M M 11.3 23 130 M M 0 35 140
10 91 63 77 -1 0 12 0.01 M M 8.5 32 30 M M 0 3 43 40
11 89 58 74 -4 0 9 0.00 M M 12.1 26 140 M M 0 34 140
12 87 64 76 -1 0 11 T M M 12.5 23 60 M M 3 31 60
13 90 69 80 3 0 15 0.00 M M 8.4 17 110 M M 3 12 23 50
14 92 65 79 2 0 14 0.00 M M 7.5 18 110 M M 4 12 24 120
15 88 65 77 0 0 12 0.00 M M 9.7 22 130 M M 2 1 29 150
16 86 65 76 -1 0 11 0.07 M M 11.1 51 350 M M 2 38 71 350
17 91 58 75 -2 0 10 0.00 M M 6.4 15 130 M M 0 19 130
18 89 60 75 -2 0 10 0.00 M M 10.1 18 180 M M 0 26 140
19 88 63 76 -1 0 11 0.05 M M 11.4 21 140 M M 1 18 26 150
20 88 60 74 -2 0 9 0.00 M M 11.3 21 200 M M 0 28 180
21 86 63 75 -1 0 10 T M M 10.0 21 180 M M 0 28 130
22 91 60 76 0 0 11 0.00 M M 10.0 17 190 M M 0 29 180
23 94 64 79 3 0 14 0.06 M M 11.7 21 150 M M 0 3 27 150
24 94 63 79 3 0 14 0.00 M M 11.9 24 180 M M 0 34 190
25 92 63 78 2 0 13 0.00 M M 14.0 25 190 M M 0 34 200
26 94 59 77 2 0 12 0.00 M M 12.7 26 180 M M 0 36 180
27 94 63 79 4 0 14 0.00 M M 12.7 20 180 M M 0 35 190
28 100 65 83 8 0 18 0.10 M M 12.9 40 290 M M 0 138 60 300
29 76 63 70 -5 0 5 0.86 M M 8.2 30 310 M M 5 13 43 300
30 89 62 76 2 0 11 0.00 M M 8.4 16 190 M M 3 1 28 220
31 76 59 68 -6 0 3 0.00 M M 14.7 36 10 M M 0 53 350
================================================================================
SM 2738 1936 0 334 2.07 M 323.5 M 38
================================================================================
AV 88.3 62.5 10.4 FASTST M M 1 MAX(MPH)
MISC ----> 51 350 71 350
================================================================================
NOTES:
# LAST OF SEVERAL OCCURRENCES
COLUMN 17 PEAK WIND IN M.P.H.
PRELIMINARY LOCAL CLIMATOLOGICAL DATA (WS FORM: F-6) , PAGE 2
STATION: GARDEN CITY REGIONAL ARPT KS
MONTH: AUGUST
YEAR: 2020
LATITUDE: 37 55 N
LONGITUDE: 100 43 W
[TEMPERATURE DATA] [PRECIPITATION DATA] SYMBOLS USED IN COLUMN 16
AVERAGE MONTHLY: 75.4 TOTAL FOR MONTH: 2.07 1 = FOG OR MIST
DPTR FM NORMAL: -1.3 DPTR FM NORMAL: -0.38 2 = FOG REDUCING VISIBILITY
HIGHEST: 100 ON 28 GRTST 24HR 0.96 ON 28-29 TO 1/4 MILE OR LESS
LOWEST: 58 ON 17,11 3 = THUNDER
4 = ICE PELLETS
5 = HAIL
6 = FREEZING RAIN OR DRIZZLE
7 = DUSTSTORM OR SANDSTORM:
VSBY 1/2 MILE OR LESS
8 = SMOKE OR HAZE
[NO. OF DAYS WITH] [WEATHER - DAYS WITH] 9 = BLOWING SNOW
X = TORNADO
MAX 32 OR BELOW: 0 0.01 INCH OR MORE: 11
MAX 90 OR ABOVE: 14 0.10 INCH OR MORE: 6
MIN 32 OR BELOW: 0 0.50 INCH OR MORE: 2
MIN 0 OR BELOW: 0 1.00 INCH OR MORE: 0
[HDD (BASE 65) ]
TOTAL THIS MO. 0 CLEAR (SCALE 0-3) 26
DPTR FM NORMAL -3 PTCLDY (SCALE 4-7) 5
TOTAL FM JUL 1 0 CLOUDY (SCALE 8-10) 0
DPTR FM NORMAL -4
[CDD (BASE 65) ]
TOTAL THIS MO. 334
DPTR FM NORMAL -31 [PRESSURE DATA]
TOTAL FM JAN 1 1211 HIGHEST SLP 30.22 ON 17
DPTR FM NORMAL 95 LOWEST SLP 29.58 ON 30
[REMARKS]
#FINAL-08-20#