000
CXUS53 KDDC 011446
CF6GCK
PRELIMINARY LOCAL CLIMATOLOGICAL DATA (WS FORM: F-6)
STATION: GARDEN CITY REGIONAL ARPT KS
MONTH: JUNE
YEAR: 2020
LATITUDE: 37 55 N
LONGITUDE: 100 43 W
TEMPERATURE IN F: :PCPN: SNOW: WIND :SUNSHINE: SKY :PK WND
================================================================================
1 2 3 4 5 6A 6B 7 8 9 10 11 12 13 14 15 16 17 18
12Z AVG MX 2MIN
DY MAX MIN AVG DEP HDD CDD WTR SNW DPTH SPD SPD DIR MIN PSBL S-S WX SPD DR
================================================================================
1 94 62 78 10 0 13 0.00 M M 17.1 29 200 M M 0 40 190
2 97 62 80 11 0 15 0.00 M M 12.5 23 200 M M 0 3 29 180
3 95 65 80 11 0 15 0.00 M M 8.3 30 350 M M 0 40 340
4 96 60 78 9 0 13 0.01 M M 9.2 45 300 M M 1 38 62 290
5 101 62 82 12 0 17 0.00 M M 13.8 32 140 M M 0 42 140
6 98 68 83 13 0 18 0.00 M M 18.4 33 180 M M 0 46 170
7 94 71 83 13 0 18 0.00 M M 26.0 39 180 M M 0 55 180
8 102 68 85 14 0 20 0.00 M M 23.0 36 140 M M 0 49 140
9 77 49 63 -8 2 0 0.43 M M 26.6 52 330 M M 7 1 68 320
10 80 48 64 -7 1 0 0.00 M M 11.9 20 330 M M 0 28 330
11 93 56 75 3 0 10 0.00 M M 12.2 26 220 M M 0 37 220
12 95 66 81 9 0 16 0.00 M M 15.7 31 170 M M 1 3 45 170
13 99 57 78 6 0 13 0.00 M M 16.6 32 190 M M 0 43 190
14 98 62 80 8 0 15 0.00 M M 19.8 36 190 M M 0 48 180
15 95 64 80 7 0 15 0.00 M M 19.3 30 150 M M 0 40 180
16 94 64 79 6 0 14 0.00 M M 21.0 33 180 M M 0 45 180
17 97 69 83 9 0 18 0.00 M M 24.2 37 180 M M 0 51 190
18 90 66 78 4 0 13 0.00 M M 19.0 31 360 M M 0 42 360
19 75 56 66 -8 0 1 0.18 M M 13.3 31 10 M M 7 13 42 10
20 90 60 75 1 0 10 0.00 M M 10.6 26 60 M M 3 1 37 90
21 93 60 77 2 0 12 0.00 M M 13.6 40 10 M M 1 38 60 360
22 87 58 73 -2 0 8 0.00 M M 10.6 21 30 M M 0 27 30
23 85 56 71 -4 0 6 0.00 M M 8.0 18 60 M M 0 24 50
24 95 61 78 3 0 13 0.03 M M 12.9 25 140 M M 1 3 33 150
25 99 65 82 6 0 17 0.08 M M 17.9 33 180 M M 1 3 45 200
26 98 69 84 8 0 19 0.00 M M 11.0 49 330 M M 0 8 66 330
27 98 64 81 5 0 16 M M M 14.0 44 330 M M 1 38 67 330
28 98 64 81 5 0 16 M M M 16.4 38 330 M M 0 138 47 330
29 102 69 86 9 0 21 0.00 M M 19.2 30 180 M M 0 40 180
30 102 65 84 7 0 19 0.00 M M 11.0 30 20 M M 0 37 360
================================================================================
SM 2817 1866 3 401 0.73 M 473.1 M 23
================================================================================
AV 93.9 62.2 15.8 FASTST M M 1 MAX(MPH)
MISC ----> 52 330 68 320
================================================================================
NOTES:
# LAST OF SEVERAL OCCURRENCES
The system lost power on the 27th and 28th for three hours when there was
precipitation and was unable to recover the amount that occurred. The
estimated amount would be around 0.30 inches.
COLUMN 17 PEAK WIND IN M.P.H.
PRELIMINARY LOCAL CLIMATOLOGICAL DATA (WS FORM: F-6) , PAGE 2
STATION: GARDEN CITY REGIONAL ARPT KS
MONTH: JUNE
YEAR: 2020
LATITUDE: 37 55 N
LONGITUDE: 100 43 W
[TEMPERATURE DATA] [PRECIPITATION DATA] SYMBOLS USED IN COLUMN 16
AVERAGE MONTHLY: 78.1 TOTAL FOR MONTH: 0.73 1 = FOG OR MIST
DPTR FM NORMAL: 5.2 DPTR FM NORMAL: -2.75 2 = FOG REDUCING VISIBILITY
HIGHEST: 102 ON 30,29 GRTST 24HR 0.43 ON 9- 9 TO 1/4 MILE OR LESS
LOWEST: 48 ON 10 3 = THUNDER
4 = ICE PELLETS
5 = HAIL
6 = FREEZING RAIN OR DRIZZLE
7 = DUSTSTORM OR SANDSTORM:
VSBY 1/2 MILE OR LESS
8 = SMOKE OR HAZE
[NO. OF DAYS WITH] [WEATHER - DAYS WITH] 9 = BLOWING SNOW
X = TORNADO
MAX 32 OR BELOW: 0 0.01 INCH OR MORE: 5
MAX 90 OR ABOVE: 25 0.10 INCH OR MORE: 2
MIN 32 OR BELOW: 0 0.50 INCH OR MORE: 0
MIN 0 OR BELOW: 0 1.00 INCH OR MORE: 0
[HDD (BASE 65) ]
TOTAL THIS MO. 3 CLEAR (SCALE 0-3) 28
DPTR FM NORMAL -13 PTCLDY (SCALE 4-7) 2
TOTAL FM JUL 1 5112 CLOUDY (SCALE 8-10) 0
DPTR FM NORMAL -95
[CDD (BASE 65) ]
TOTAL THIS MO. 401
DPTR FM NORMAL 149 [PRESSURE DATA]
TOTAL FM JAN 1 462 HIGHEST SLP M ON M
DPTR FM NORMAL 121 LOWEST SLP 29.34 ON 9
[REMARKS]
#FINAL-06-20#