000
CXUS53 KDDC 011757
CF6GCK
PRELIMINARY LOCAL CLIMATOLOGICAL DATA (WS FORM: F-6)
STATION: GARDEN CITY REGIONAL ARPT KS
MONTH: MARCH
YEAR: 2020
LATITUDE: 37 55 N
LONGITUDE: 100 43 W
TEMPERATURE IN F: :PCPN: SNOW: WIND :SUNSHINE: SKY :PK WND
================================================================================
1 2 3 4 5 6A 6B 7 8 9 10 11 12 13 14 15 16 17 18
12Z AVG MX 2MIN
DY MAX MIN AVG DEP HDD CDD WTR SNW DPTH SPD SPD DIR MIN PSBL S-S WX SPD DR
================================================================================
1 63 27 45 6 20 0 0.00 M M 13.2 23 20 M M 0 30 30
2 54 24 39 0 26 0 0.00 M M 9.8 21 40 M M 0 29 40
3 61 26 44 4 21 0 0.00 M M 8.9 22 310 M M 0 29 360
4 61 21 41 1 24 0 0.00 M M 10.8 24 200 M M 0 31 190
5 57 33 45 5 20 0 0.00 M M 12.7 33 30 M M 0 42 20
6 70 23 47 6 18 0 0.00 M M 16.3 32 200 M M 0 46 200
7 72 41 57 16 8 0 0.00 M M 22.2 38 200 M M 0 50 190
8 71 42 57 16 8 0 0.00 M M 18.7 32 200 M M 3 47 200
9 59 37 48 6 17 0 0.00 M M 14.5 39 360 M M 4 1 50 360
10 74 32 53 11 12 0 0.00 M M 11.8 23 190 M M 1 1 32 180
11 70 32 51 9 14 0 0.00 M M 12.8 24 190 M M 0 33 190
12 63 39 51 9 14 0 0.00 M M 15.0 26 10 M M 0 33 20
13 40 32 36 -7 29 0 0.09 M M 14.4 26 120 M M 9 1 33 120
14 38 31 35 -8 30 0 T M M 10.6 18 70 M M 10 1 24 60
15 39 31 35 -8 30 0 T M M 12.4 17 150 M M 10 12 24 160
16 46 36 41 -3 24 0 0.00 M M 9.5 16 60 M M 10 12 22 150
17 47 36 42 -2 23 0 T M M 13.4 22 150 M M 10 12 29 160
18 71 41 56 12 9 0 0.00 M M 8.0 21 150 M M 5 12 28 140
19 71 29 50 6 15 0 0.00 M M 24.3 45 350 M M 4 59 350
20 42 22 32 -13 33 0 0.00 M M 16.3 39 360 M M 4 53 360
21 51 20 36 -9 29 0 0.00 M M 14.3 25 180 M M 1 33 170
22 64 37 51 6 14 0 0.00 M M 8.0 28 30 M M 7 12 35 30
23 62 32 47 1 18 0 0.05 M M 10.3 23 150 M M 7 123 30 150
24 69 39 54 8 11 0 0.02 M M 8.8 20 320 M M 3 12 24 320
25 83 41 62 16 3 0 0.00 M M 12.0 24 260 M M 0 36 290
26 69 39 54 8 11 0 0.00 M M 11.6 22 90 M M 2 1 29 90
27 52 42 47 0 18 0 0.00 M M 11.5 41 20 M M 9 12 61 10
28 51 30 41 -6 24 0 T M M 21.9 45 310 M M 7 12 59 300
29 65 27 46 -1 19 0 0.00 M M 12.7 23 190 M M 0 30 190
30 65 37 51 3 14 0 T M M 17.2 37 150 M M 4 47 140
31 67 43 55 7 10 0 0.00 M M 10.4 21 190 M M 4 29 150
================================================================================
SM 1867 1022 566 0 0.16 M 414.3 M 114
================================================================================
AV 60.2 33.0 13.4 FASTST M M 4 MAX(MPH)
MISC ----> # 45 350 61 10
================================================================================
NOTES:
# LAST OF SEVERAL OCCURRENCES
COLUMN 17 PEAK WIND IN M.P.H.
PRELIMINARY LOCAL CLIMATOLOGICAL DATA (WS FORM: F-6) , PAGE 2
STATION: GARDEN CITY REGIONAL ARPT KS
MONTH: MARCH
YEAR: 2020
LATITUDE: 37 55 N
LONGITUDE: 100 43 W
[TEMPERATURE DATA] [PRECIPITATION DATA] SYMBOLS USED IN COLUMN 16
AVERAGE MONTHLY: 46.6 TOTAL FOR MONTH: 0.16 1 = FOG OR MIST
DPTR FM NORMAL: 3.0 DPTR FM NORMAL: -1.30 2 = FOG REDUCING VISIBILITY
HIGHEST: 83 ON 25 GRTST 24HR 0.09 ON 13-13 TO 1/4 MILE OR LESS
LOWEST: 20 ON 21 3 = THUNDER
4 = ICE PELLETS
5 = HAIL
6 = FREEZING RAIN OR DRIZZLE
7 = DUSTSTORM OR SANDSTORM:
VSBY 1/2 MILE OR LESS
8 = SMOKE OR HAZE
[NO. OF DAYS WITH] [WEATHER - DAYS WITH] 9 = BLOWING SNOW
X = TORNADO
MAX 32 OR BELOW: 0 0.01 INCH OR MORE: 3
MAX 90 OR ABOVE: 0 0.10 INCH OR MORE: 0
MIN 32 OR BELOW: 16 0.50 INCH OR MORE: 0
MIN 0 OR BELOW: 0 1.00 INCH OR MORE: 0
[HDD (BASE 65) ]
TOTAL THIS MO. 566 CLEAR (SCALE 0-3) 16
DPTR FM NORMAL -98 PTCLDY (SCALE 4-7) 9
TOTAL FM JUL 1 4588 CLOUDY (SCALE 8-10) 6
DPTR FM NORMAL -100
[CDD (BASE 65) ]
TOTAL THIS MO. 0
DPTR FM NORMAL 0 [PRESSURE DATA]
TOTAL FM JAN 1 0 HIGHEST SLP 30.61 ON 20
DPTR FM NORMAL 0 LOWEST SLP 29.44 ON 19
[REMARKS]
#FINAL-03-20#