000
CXUS53 KDDC 031533
CF6GCK
PRELIMINARY LOCAL CLIMATOLOGICAL DATA (WS FORM: F-6)

                                          STATION:   GARDEN CITY REGIONAL ARPT KS
                                          MONTH:     FEBRUARY
                                          YEAR:      2014
                                          LATITUDE:   37 55 N
                                          LONGITUDE: 100 43 W

  TEMPERATURE IN F:       :PCPN:    SNOW:  WIND      :SUNSHINE: SKY     :PK WND
================================================================================
1   2   3   4   5  6A  6B    7    8   9   10  11  12  13   14  15   16   17  18
                                     12Z  AVG MX 2MIN
DY MAX MIN AVG DEP HDD CDD  WTR  SNW DPTH SPD SPD DIR MIN PSBL S-S WX    SPD DR
================================================================================

 1  29   9  19 -13  46   0    T    M    M 10.6 22  10   M    M   7 1      26  10
 2  32   3  18 -14  47   0 0.00    M    M  7.6 14 180   M    M   1        17 180
 3  38  15  27  -5  38   0 0.00    M    M 15.0 28 170   M    M   5        33 180
 4  27   3  15 -17  50   0 0.03    M    M 20.2 35  30   M    M  10 128    39  20
 5   5  -5   0 -32  65   0 0.00    M    M 15.6 26 360   M    M   6 18     32 360
 6   6   3   5 -28  60   0    T    M    M  8.9 14 140   M    M  10 18     16 140
 7  17   3  10 -23  55   0    T    M    M 11.8 17 180   M    M   9 18     20 180
 8  36  13  25  -8  40   0 0.00    M    M  7.4 20 210   M    M   5 128    23 210
 9  22  13  18 -15  47   0 0.02    M    M 12.8 22  30   M    M  10 1268   25  50
10  15   9  12 -22  53   0 0.05    M    M  6.9 13  30   M    M  10 18     14  50
11  27  13  20 -14  45   0 0.00    M    M 10.6 21 180   M    M   5 18     24 180
12  40  15  28  -6  37   0 0.00    M    M 10.6 21 340   M    M   1 1      24 340
13  55  24  40   6  25   0 0.00    M    M  9.3 21 340   M    M   0        25 340
14  53  31  42   8  23   0 0.00    M    M 16.1 30 350   M    M   1        37 360
15  60  31  46  11  19   0 0.00    M    M 13.5 29  10   M    M   0        34 360
16  59  28  44   9  21   0 0.00    M    M 12.8 29 190   M    M   0        34 180
17  60  32  46  11  19   0 0.00    M    M 16.1 39 350   M    M   0        50 340
18  73  33  53  17  12   0 0.00    M    M 12.0 29  10   M    M   0        37  30
19  58  31  45   9  20   0 0.00    M    M  9.5 22 180   M    M   0        30 180
20  46  24  35  -1  30   0 0.03    M    M 22.6 53 340   M    M   3 128    64 350
21  59  21  40   4  25   0 0.00    M    M 11.6 28 330   M    M   0        36 340
22  55  25  40   3  25   0 0.00    M    M 11.2 21  60   M    M   0        25  70
23  31  19  25 -12  40   0 0.00    M    M 12.7 26  60   M    M   6        31  60
24  50  14  32  -5  33   0 0.00    M    M 11.6 31  30   M    M   0        39  30
25  25  11  18 -20  47   0    T    M    M 14.5 26  30   M    M   6        30  30
26  44   7  26 -12  39   0    T    M    M  8.1 16 260   M    M   2 18     23 250
27  59  16  38   0  27   0 0.00    M    M 13.1 25 180   M    M   0        38 180
28  60  24  42   3  23   0 0.00    M    M 14.0 24  50   M    M   1        31  50
================================================================================
SM 1141  465      1011   0 0.13    M     346.7          M       98
================================================================================
AV 40.8 16.6                              12.4 FASTST   M    M   4      MAX(MPH)
                                 MISC ---->    53 340                     64 350
================================================================================
NOTES:
# LAST OF SEVERAL OCCURRENCES

COLUMN 17 PEAK WIND IN M.P.H.

PRELIMINARY LOCAL CLIMATOLOGICAL DATA (WS FORM: F-6) , PAGE 2

                                          STATION:  GARDEN CITY REGIONAL ARPT KS
                                          MONTH:    FEBRUARY
                                          YEAR:     2014
                                          LATITUDE:   37 55 N
                                          LONGITUDE: 100 43 W

[TEMPERATURE DATA]      [PRECIPITATION DATA]       SYMBOLS USED IN COLUMN 16

AVERAGE MONTHLY: 28.7   TOTAL FOR MONTH:   0.13    1 = FOG OR MIST
DPTR FM NORMAL:  -6.1   DPTR FM NORMAL:   -0.41    2 = FOG REDUCING VISIBILITY
HIGHEST:    73 ON 18    GRTST 24HR  0.07 ON  9-10      TO 1/4 MILE OR LESS
LOWEST:     -5 ON  5                               3 = THUNDER
                        SNOW, ICE PELLETS, HAIL    4 = ICE PELLETS
                        TOTAL MONTH:    M          5 = HAIL
                        GRTST 24HR    M  ON   M    6 = FREEZING RAIN OR DRIZZLE
                        GRTST DEPTH:  M  ON   M    7 = DUSTSTORM OR SANDSTORM:
                                                       VSBY 1/2 MILE OR LESS
                                                   8 = SMOKE OR HAZE
[NO. OF DAYS WITH]      [WEATHER - DAYS WITH]      9 = BLOWING SNOW
                                                   X = TORNADO
MAX 32 OR BELOW:  11    0.01 INCH OR MORE:   4
MAX 90 OR ABOVE:   0    0.10 INCH OR MORE:   0
MIN 32 OR BELOW:  27    0.50 INCH OR MORE:   0
MIN  0 OR BELOW:   1    1.00 INCH OR MORE:   0

[HDD (BASE 65) ]
TOTAL THIS MO.  1011    CLEAR  (SCALE 0-3)  16
DPTR FM NORMAL   167    PTCLDY (SCALE 4-7)   7
TOTAL FM JUL 1  4176    CLOUDY (SCALE 8-10)  5
DPTR FM NORMAL   152

[CDD (BASE 65) ]
TOTAL THIS MO.     0
DPTR FM NORMAL     0    [PRESSURE DATA]
TOTAL FM JAN 1     0    HIGHEST SLP 30.75 ON  5
DPTR FM NORMAL     0    LOWEST  SLP 29.34 ON 20

[REMARKS]
#FINAL-02-14#
