000
CXUS53 KDDC 012144
CF6GCK
PRELIMINARY LOCAL CLIMATOLOGICAL DATA (WS FORM: F-6)

                                          STATION:   GARDEN CITY REGIONAL ARPT KS
                                          MONTH:     APRIL
                                          YEAR:      2017
                                          LATITUDE:   37 55 N
                                          LONGITUDE: 100 43 W

  TEMPERATURE IN F:       :PCPN:    SNOW:  WIND      :SUNSHINE: SKY     :PK WND
================================================================================
1   2   3   4   5  6A  6B    7    8   9   10  11  12  13   14  15   16   17  18
                                     12Z  AVG MX 2MIN
DY MAX MIN AVG DEP HDD CDD  WTR  SNW DPTH SPD SPD DIR MIN PSBL S-S WX    SPD DR
================================================================================

 1  42  34  38 -10  27   0 0.39    M    M 13.4 25  60   M    M   9 13     33  60
 2  59  36  48   0  17   0 0.00    M    M  4.8 10 170   M    M   6        14 190
 3  68  37  53   4  12   0 0.00    M    M 14.5 30 340   M    M   2 1      41 360
 4  47  38  43  -6  22   0 0.76    M    M 16.1 31  30   M    M  10 1      37  30
 5  60  35  48  -1  17   0 0.00    M    M 15.9 30 340   M    M   2        38 320
 6  66  27  47  -3  18   0 0.00    M    M  8.4 16 120   M    M   1        22 130
 7  78  40  59   9   6   0 0.00    M    M 17.7 30 180   M    M   0        37 180
 8  85  45  65  15   0   0 0.00    M    M  9.2 21 280   M    M   0        25 270
 9  82  44  63  12   2   0 0.00    M    M 14.5 35 350   M    M   0        44 340
10  66  36  51   0  14   0 0.00    M    M 14.1 31 340   M    M   0        40 350
11  74  32  53   2  12   0 0.00    M    M 13.8 26 190   M    M   0        37 180
12  81  49  65  13   0   0 0.00    M    M 17.3 31 200   M    M   1        40 200
13  68  54  61   9   4   0    T    M    M 13.6 29 140   M    M   5        37 140
14  87  57  72  20   0   7 0.00    M    M 24.1 37 190   M    M   3        47 180
15  84  57  71  18   0   6 0.00    M    M 11.5 35  10   M    M   1        42  10
16  64  54  59   6   6   0 0.00    M    M 17.3 29  30   M    M   8        36  30
17  71  52  62   9   3   0 0.00    M    M 13.5 35 170   M    M   7        45 180
18  85  56  71  17   0   6 0.00    M    M 13.0 29 170   M    M   0        37 170
19  91  59  75  21   0  10 0.00    M    M 16.3 31  30   M    M   1        39  30
20  71  52  62   8   3   0 0.00    M    M 13.0 25  30   M    M   7        30  30
21  54  39  47  -8  18   0 0.34    M    M 15.4 26 100   M    M   8 1      34 100
22  58  35  47  -8  18   0 0.00    M    M 10.2 23  30   M    M   5        27  30
23  70  30  50  -6  15   0 0.00    M    M 14.6 29 180   M    M   0        37 180
24  80  49  65   9   0   0 0.00    M    M 12.7 25 180   M    M   0        33 170
25  58  43  51  -5  14   0 0.00    M    M 15.1 28 360   M    M   6        34  10
26  59  36  48  -9  17   0 0.00    M    M 17.2 30 360   M    M   3        38 360
27  65  37  51  -6  14   0    T    M    M 15.6 33 120   M    M   5        40 120
28  65  37  51  -6  14   0 0.98    M    M 13.3 29  30   M    M   4 1      35  40
29  38  32  35 -23  30   0 0.75    M    M 27.9 39  20   M    M  10 1      48 360
30  35  32  34 -24  31   0 0.22    M    M 27.9 41 350   M    M   8 12     58 350
================================================================================
SM 2011 1264       334  29 3.44    M     451.9          M      112
================================================================================
AV 67.0 42.1                              15.1 FASTST   M    M   4      MAX(MPH)
                                 MISC ---->    41 350                     58 350
================================================================================
NOTES:
# LAST OF SEVERAL OCCURRENCES

COLUMN 17 PEAK WIND IN M.P.H.

PRELIMINARY LOCAL CLIMATOLOGICAL DATA (WS FORM: F-6) , PAGE 2

                                          STATION:  GARDEN CITY REGIONAL ARPT KS
                                          MONTH:    APRIL
                                          YEAR:     2017
                                          LATITUDE:   37 55 N
                                          LONGITUDE: 100 43 W

[TEMPERATURE DATA]      [PRECIPITATION DATA]       SYMBOLS USED IN COLUMN 16

AVERAGE MONTHLY: 54.6   TOTAL FOR MONTH:   3.44    1 = FOG OR MIST
DPTR FM NORMAL:   1.6   DPTR FM NORMAL:    1.72    2 = FOG REDUCING VISIBILITY
HIGHEST:    91 ON 19    GRTST 24HR  0.98 ON 28-28      TO 1/4 MILE OR LESS
LOWEST:     27 ON  6                               3 = THUNDER
                                                   4 = ICE PELLETS
                                                   5 = HAIL
                                                   6 = FREEZING RAIN OR DRIZZLE
                                                   7 = DUSTSTORM OR SANDSTORM:
                                                       VSBY 1/2 MILE OR LESS
                                                   8 = SMOKE OR HAZE
[NO. OF DAYS WITH]      [WEATHER - DAYS WITH]      9 = BLOWING SNOW
                                                   X = TORNADO
MAX 32 OR BELOW:   0    0.01 INCH OR MORE:   6
MAX 90 OR ABOVE:   1    0.10 INCH OR MORE:   6
MIN 32 OR BELOW:   5    0.50 INCH OR MORE:   3
MIN  0 OR BELOW:   0    1.00 INCH OR MORE:   0

[HDD (BASE 65) ]
TOTAL THIS MO.   334    CLEAR  (SCALE 0-3)  16
DPTR FM NORMAL   -40    PTCLDY (SCALE 4-7)   9
TOTAL FM JUL 1  4318    CLOUDY (SCALE 8-10)  5
DPTR FM NORMAL  -744

[CDD (BASE 65) ]
TOTAL THIS MO.    29
DPTR FM NORMAL    17    [PRESSURE DATA]
TOTAL FM JAN 1    37    HIGHEST SLP 30.30 ON 22
DPTR FM NORMAL    25    LOWEST  SLP 29.26 ON 25

[REMARKS]
#FINAL-04-17#
