000
CXUS53 KDDC 031349
CF6GCK
PRELIMINARY LOCAL CLIMATOLOGICAL DATA (WS FORM: F-6)

                                          STATION:   GARDEN CITY REGIONAL ARPT KS
                                          MONTH:     AUGUST
                                          YEAR:      2013
                                          LATITUDE:   37 55 N
                                          LONGITUDE: 100 43 W

  TEMPERATURE IN F:       :PCPN:    SNOW:  WIND      :SUNSHINE: SKY     :PK WND
================================================================================
1   2   3   4   5  6A  6B    7    8   9   10  11  12  13   14  15   16   17  18
                                     12Z  AVG MX 2MIN
DY MAX MIN AVG DEP HDD CDD  WTR  SNW DPTH SPD SPD DIR MIN PSBL S-S WX    SPD DR
================================================================================

 1  93  63  78   0   0  13 1.04    M    M 15.2 47 290   M    M   0 1238   58 290
 2  97  68  83   5   0  18 0.00    M    M 10.9 22 140   M    M   0 1      28 150
 3  84  65  75  -3   0  10 0.13    M    M 16.5 32  10   M    M   6 13     39  10
 4  88  65  77  -1   0  12 0.88    M    M  6.9 24 260   M    M   2 13     28 260
 5  90  69  80   2   0  15 0.38    M    M  7.4 31  30   M    M   6 1238   39  30
 6  89  67  78   0   0  13    T    M    M  6.6 20 240   M    M   0 1      25 270
 7  82  64  73  -5   0   8 0.50    M    M 11.8 29 270   M    M   3 13     37 270
 8  78  63  71  -7   0   6 0.02    M    M 10.5 20  30   M    M   7        23  60
 9  74  61  68 -10   0   3 0.00    M    M 10.3 20  30   M    M   7        28  90
10  79  56  68 -10   0   3 0.00    M    M  7.4 17 140   M    M   3 1      22 140
11  86  62  74  -4   0   9 0.00    M    M 10.3 20 190   M    M   0 18     23 200
12  88  61  75  -2   0  10 1.42    M    M  7.6 25 120   M    M   1 13     36 120
13  82  62  72  -5   0   7 0.03    M    M  7.4 21  80   M    M   2 1      26  90
14  74  61  68  -9   0   3 0.51    M    M  9.2 18 180   M    M   6 1      22 180
15  84  60  72  -5   0   7 0.00    M    M  5.3 14 140   M    M   1 18     20 150
16  85  61  73  -4   0   8    T    M    M  6.6 18 150   M    M   2 128    22 150
17  80  64  72  -5   0   7 0.01    M    M 13.7 21 120   M    M   4 13     25 130
18  83  63  73  -4   0   8 0.00    M    M 13.6 21 180   M    M   2 18     28 180
19  86  63  75  -2   0  10 0.00    M    M 11.0 21 150   M    M   0 18     26 140
20  90  64  77   1   0  12 0.00    M    M 12.3 22 180   M    M   0 18     29 150
21  94  65  80   4   0  15 0.00    M    M 14.7 25 180   M    M   0 8      33 180
22  93  66  80   4   0  15 0.00    M    M 12.5 21 140   M    M   1        28 150
23  95  65  80   4   0  15 0.00    M    M 11.1 22 190   M    M   1        29 190
24  94  66  80   4   0  15 0.00    M    M 13.1 26 180   M    M   0        36 180
25  94  67  81   5   0  16 0.00    M    M 13.3 24 190   M    M   0        31 190
26  94  67  81   6   0  16 0.00    M    M 12.7 23 180   M    M   0        31 180
27  93  66  80   5   0  15 0.00    M    M 12.5 25 200   M    M   0        31 220
28  95  67  81   6   0  16 0.00    M    M  9.0 17 200   M    M   0 8      22 190
29  98  66  82   7   0  17 0.00    M    M  9.4 20 190   M    M   0        25 190
30 101  64  83   9   0  18 0.00    M    M  6.9 15 120   M    M   0        18 120
31  99  70  85  11   0  20 0.01    M    M 10.5 36 300   M    M   0 38     45 300
================================================================================
SM 2742 1991         0 360 4.93  0.0     326.2          M       54
================================================================================
AV 88.5 64.2                              10.5 FASTST   M    M   2      MAX(MPH)
                                 MISC ---->    47 290                     58 290
================================================================================
NOTES:
# LAST OF SEVERAL OCCURRENCES

COLUMN 17 PEAK WIND IN M.P.H.

PRELIMINARY LOCAL CLIMATOLOGICAL DATA (WS FORM: F-6) , PAGE 2

                                          STATION:  GARDEN CITY REGIONAL ARPT KS
                                          MONTH:    AUGUST
                                          YEAR:     2013
                                          LATITUDE:   37 55 N
                                          LONGITUDE: 100 43 W

[TEMPERATURE DATA]      [PRECIPITATION DATA]       SYMBOLS USED IN COLUMN 16

AVERAGE MONTHLY: 76.4   TOTAL FOR MONTH:   4.93    1 = FOG OR MIST
DPTR FM NORMAL:  -0.3   DPTR FM NORMAL:    2.48    2 = FOG REDUCING VISIBILITY
HIGHEST:   101 ON 30    GRTST 24HR  1.45 ON 12-13      TO 1/4 MILE OR LESS
LOWEST:     56 ON 10                               3 = THUNDER
                        SNOW, ICE PELLETS, HAIL    4 = ICE PELLETS
                        TOTAL MONTH:   0.0 INCH    5 = HAIL
                        GRTST 24HR     0.0         6 = FREEZING RAIN OR DRIZZLE
                        GRTST DEPTH:   0           7 = DUSTSTORM OR SANDSTORM:
                                                       VSBY 1/2 MILE OR LESS
                                                   8 = SMOKE OR HAZE
[NO. OF DAYS WITH]      [WEATHER - DAYS WITH]      9 = BLOWING SNOW
                                                   X = TORNADO
MAX 32 OR BELOW:   0    0.01 INCH OR MORE:  11
MAX 90 OR ABOVE:  15    0.10 INCH OR MORE:   7
MIN 32 OR BELOW:   0    0.50 INCH OR MORE:   5
MIN  0 OR BELOW:   0    1.00 INCH OR MORE:   2

[HDD (BASE 65) ]
TOTAL THIS MO.     0    CLEAR  (SCALE 0-3)  25
DPTR FM NORMAL    -3    PTCLDY (SCALE 4-7)   6
TOTAL FM JUL 1     0    CLOUDY (SCALE 8-10)  0
DPTR FM NORMAL    -4

[CDD (BASE 65) ]
TOTAL THIS MO.   360
DPTR FM NORMAL    -5    [PRESSURE DATA]
TOTAL FM JAN 1  1342    HIGHEST SLP 30.20 ON 10
DPTR FM NORMAL   226    LOWEST  SLP 29.72 ON  2

[REMARKS]
#FINAL-08-13#
