000
CXUS53 KDDC 011324
CF6GCK
PRELIMINARY LOCAL CLIMATOLOGICAL DATA (WS FORM: F-6)

                                          STATION:   GARDEN CITY REGIONAL ARPT KS
                                          MONTH:     SEPTEMBER
                                          YEAR:      2015
                                          LATITUDE:   37 55 N
                                          LONGITUDE: 100 43 W

  TEMPERATURE IN F:       :PCPN:    SNOW:  WIND      :SUNSHINE: SKY     :PK WND
================================================================================
1   2   3   4   5  6A  6B    7    8   9   10  11  12  13   14  15   16   17  18
                                     12Z  AVG MX 2MIN
DY MAX MIN AVG DEP HDD CDD  WTR  SNW DPTH SPD SPD DIR MIN PSBL S-S WX    SPD DR
================================================================================

 1  95  62  79   5   0  14 0.00    M    M  9.2 23 200   M    M   1 8      28 190
 2  99  62  81   7   0  16 0.00    M    M 10.9 23 180   M    M   0 8      30 190
 3  97  64  81   8   0  16 0.00    M    M 13.1 26 190   M    M   0        34 190
 4  96  65  81   8   0  16 0.00    M    M 13.7 28 180   M    M   0        34 190
 5  99  71  85  13   0  20 0.00    M    M 16.1 28 180   M    M   0        36 180
 6  98  68  83  11   0  18 0.00    M    M  9.7 18  80   M    M   0        25 260
 7  99  65  82  10   0  17 0.01    M    M  9.1 18 220   M    M   1 3      23 310
 8  87  62  75   4   0  10 0.03    M    M  7.1 22  80   M    M   2 3      28  80
 9  87  58  73   2   0   8 0.00    M    M  8.4 23  60   M    M   5 128    30  50
10  94  60  77   6   0  12 0.00    M    M 15.6 31  50   M    M   0        39  50
11  76  58  67  -3   0   2 0.00    M    M 11.7 22  50   M    M   2        26  40
12  86  53  70   0   0   5 0.00    M    M 10.6 22 210   M    M   2        27 210
13  94  56  75   6   0  10 0.00    M    M 12.1 23 180   M    M   0        30 170
14  95  64  80  11   0  15 0.00    M    M 13.0 25 180   M    M   0        31 190
15  97  68  83  15   0  18 0.00    M    M 21.2 35 180   M    M   0 3      43 210
16 101  66  84  16   0  19 0.00    M    M 17.5 32 200   M    M   0        41 190
17  92  61  77   9   0  12 0.00    M    M 12.1 24 190   M    M   0        31 180
18  76  53  65  -2   0   0 0.00    M    M 15.1 33  10   M    M   1        41  10
19  76  43  60  -7   5   0 0.00    M    M  9.4 18 190   M    M   1        23 180
20  83  55  69   3   0   4 0.00    M    M 11.1 17 140   M    M   0 1      23 150
21  94  61  78  12   0  13 0.00    M    M 10.6 21 180   M    M   4 1      25 170
22  88  66  77  12   0  12 0.03    M    M 13.0 28 190   M    M   4 8      35 220
23  85  65  75  10   0  10 0.04    M    M 16.0 30 190   M    M   5 1      41 190
24  85  58  72   8   0   7 0.00    M    M  7.0 13  40   M    M   1 18     16  30
25  81  55  68   4   0   3 0.00    M    M  9.8 18 350   M    M   0        24 360
26  79  54  67   3   0   2    T    M    M  6.1 12 110   M    M   5        14 100
27  86  54  70   7   0   5 0.00    M    M 10.8 21 190   M    M   0 1      27 190
28  90  54  72   9   0   7 0.00    M    M 10.5 20 190   M    M   0        27 150
29  74  55  65   3   0   0    T    M    M 13.3 25  20   M    M   5        31  40
30  69  55  62   0   3   0 0.00    M    M  7.5 15  90   M    M   8 1      18  90
================================================================================
SM 2658 1791         8 291 0.11    M     351.3          M       47
================================================================================
AV 88.6 59.7                              11.7 FASTST   M    M   2      MAX(MPH)
                                 MISC ---->    35 180                     43 210
================================================================================
NOTES:
# LAST OF SEVERAL OCCURRENCES

COLUMN 17 PEAK WIND IN M.P.H.

PRELIMINARY LOCAL CLIMATOLOGICAL DATA (WS FORM: F-6) , PAGE 2

                                          STATION:  GARDEN CITY REGIONAL ARPT KS
                                          MONTH:    SEPTEMBER
                                          YEAR:     2015
                                          LATITUDE:   37 55 N
                                          LONGITUDE: 100 43 W

[TEMPERATURE DATA]      [PRECIPITATION DATA]       SYMBOLS USED IN COLUMN 16

AVERAGE MONTHLY: 74.2   TOTAL FOR MONTH:   0.11    1 = FOG OR MIST
DPTR FM NORMAL:   6.0   DPTR FM NORMAL:   -1.36    2 = FOG REDUCING VISIBILITY
HIGHEST:   101 ON 16    GRTST 24HR  0.07 ON 22-23      TO 1/4 MILE OR LESS
LOWEST:     43 ON 19                               3 = THUNDER
                        SNOW, ICE PELLETS, HAIL    4 = ICE PELLETS
                        TOTAL MONTH:    M          5 = HAIL
                        GRTST 24HR    M  ON   M    6 = FREEZING RAIN OR DRIZZLE
                        GRTST DEPTH:  M  ON   M    7 = DUSTSTORM OR SANDSTORM:
                                                       VSBY 1/2 MILE OR LESS
                                                   8 = SMOKE OR HAZE
[NO. OF DAYS WITH]      [WEATHER - DAYS WITH]      9 = BLOWING SNOW
                                                   X = TORNADO
MAX 32 OR BELOW:   0    0.01 INCH OR MORE:   4
MAX 90 OR ABOVE:  15    0.10 INCH OR MORE:   0
MIN 32 OR BELOW:   0    0.50 INCH OR MORE:   0
MIN  0 OR BELOW:   0    1.00 INCH OR MORE:   0

[HDD (BASE 65) ]
TOTAL THIS MO.     8    CLEAR  (SCALE 0-3)  23
DPTR FM NORMAL   -60    PTCLDY (SCALE 4-7)   7
TOTAL FM JUL 1     8    CLOUDY (SCALE 8-10)  0
DPTR FM NORMAL   -64

[CDD (BASE 65) ]
TOTAL THIS MO.   291
DPTR FM NORMAL   129    [PRESSURE DATA]
TOTAL FM JAN 1  1426    HIGHEST SLP 30.22 ON 11
DPTR FM NORMAL   148    LOWEST  SLP 29.61 ON 14

[REMARKS]
#FINAL-09-15#
