000
CXUS53 KDDC 011200
CF6GCK
PRELIMINARY LOCAL CLIMATOLOGICAL DATA (WS FORM: F-6)

                                          STATION:   GARDEN CITY REGIONAL ARPT KS
                                          MONTH:     AUGUST
                                          YEAR:      2015
                                          LATITUDE:   37 55 N
                                          LONGITUDE: 100 43 W

  TEMPERATURE IN F:       :PCPN:    SNOW:  WIND      :SUNSHINE: SKY     :PK WND
================================================================================
1   2   3   4   5  6A  6B    7    8   9   10  11  12  13   14  15   16   17  18
                                     12Z  AVG MX 2MIN
DY MAX MIN AVG DEP HDD CDD  WTR  SNW DPTH SPD SPD DIR MIN PSBL S-S WX    SPD DR
================================================================================

 1  90  65  78   0   0  13 0.00    M    M  8.0 18 120   M    M   2 128    21 150
 2  92  67  80   2   0  15 0.00    M    M  6.6 13 140   M    M   0 1      19 160
 3  90  67  79   1   0  14 0.00    M    M  8.5 16 140   M    M   0        21 150
 4  89  66  78   0   0  13    T    M    M  9.9 20 150   M    M   1 1      28 150
 5  90  65  78   0   0  13 0.00    M    M  9.5 21  40   M    M   2 12     26  50
 6  91  66  79   1   0  14 0.00    M    M  9.9 20 160   M    M   2 18     25 150
 7  99  69  84   6   0  19 0.00    M    M 12.3 23 180   M    M   2 12     32 180
 8  99  70  85   7   0  20 0.04    M    M  9.6 25 340   M    M   1 3      29 330
 9  90  69  80   2   0  15 0.05    M    M  8.2 16 190   M    M   3 13     20 200
10  92  70  81   3   0  16 0.00    M    M  9.5 20  80   M    M   3 3      25  70
11  83  68  76  -2   0  11 0.00    M    M 10.4 16 130   M    M   7        22 120
12  82  63  73  -4   0   8 0.21    M    M 12.7 23 150   M    M   6 13     29 140
13  89  64  77   0   0  12 0.00    M    M 10.4 21 180   M    M   1 3      27 180
14  90  67  79   2   0  14 0.08    M    M  9.5 29  40   M    M   1 13     37  40
15  91  67  79   2   0  14 0.00    M    M 12.9 22 140   M    M   0 1      29 180
16  93  66  80   3   0  15 0.37    M    M 14.0 24 200   M    M   1 13     31 180
17  83  64  74  -3   0   9 0.95    M    M  9.1 24 350   M    M   5 13     29 330
18  79  61  70  -7   0   5 0.09    M    M 11.8 28 340   M    M   5 13     32 340
19  74  55  65 -12   0   0 0.05    M    M  8.2 20  30   M    M   5 1      24  30
20  82  54  68  -8   0   3 0.00    M    M 13.7 26 180   M    M   0        32 190
21  80  56  68  -8   0   3 0.03    M    M 14.0 25 180   M    M   2 13     35 150
22  94  64  79   3   0  14 0.00    M    M 14.3 31  30   M    M   0 18     39  30
23  76  55  66 -10   0   1 0.00    M    M 10.9 26  30   M    M   2        33  40
24  82  52  67  -9   0   2 0.00    M    M  8.6 16 180   M    M   0        23 180
25  90  60  75  -1   0  10 0.00    M    M 11.5 21 180   M    M   0        25 190
26  97  63  80   5   0  15 0.00    M    M  8.7 20 190   M    M   0 1      26 170
27  95  68  82   7   0  17 0.02    M    M 13.4 29 220   M    M   1 3      37 220
28  94  65  80   5   0  15 0.00    M    M  9.5 17 310   M    M   2        22 300
29  90  56  73  -2   0   8 0.00    M    M  6.2 12  20   M    M   0        15  20
30  91  52  72  -2   0   7 0.00    M    M  8.2 17 160   M    M   0 18     22 150
31  97  60  79   5   0  14 0.00    M    M 12.8 26 180   M    M   0        33 210
================================================================================
SM 2754 1954         0 349  1.89    M    322.8          M       54
================================================================================
AV 88.8 63.0                              10.4 FASTST   M    M   2    MAX(MPH)
                                 MISC ---->  # 31  30               # 39   30
================================================================================
NOTES:
# LAST OF SEVERAL OCCURRENCES

COLUMN 17 PEAK WIND IN M.P.H.

PRELIMINARY LOCAL CLIMATOLOGICAL DATA (WS FORM: F-6) , PAGE 2

                                          STATION:  GARDEN CITY REGIONAL ARPT KS
                                          MONTH:    AUGUST
                                          YEAR:     2015
                                          LATITUDE:   37 55 N
                                          LONGITUDE: 100 43 W

[TEMPERATURE DATA]      [PRECIPITATION DATA]       SYMBOLS USED IN COLUMN 16

AVERAGE MONTHLY: 75.9   TOTAL FOR MONTH:   1.89    1 = FOG OR MIST
DPTR FM NORMAL:  -0.8   DPTR FM NORMAL:   -0.56    2 = FOG REDUCING VISIBILITY
HIGHEST:    99 ON  8, 7 GRTST 24HR  1.20 ON 16-17      TO 1/4 MILE OR LESS
LOWEST:     52 ON 30,24                            3 = THUNDER
                        SNOW, ICE PELLETS, HAIL    4 = ICE PELLETS
                        TOTAL MONTH:    M          5 = HAIL
                        GRTST 24HR    M  ON   M    6 = FREEZING RAIN OR DRIZZLE
                        GRTST DEPTH:  M  ON   M    7 = DUSTSTORM OR SANDSTORM:
                                                       VSBY 1/2 MILE OR LESS
                                                   8 = SMOKE OR HAZE
[NO. OF DAYS WITH]      [WEATHER - DAYS WITH]      9 = BLOWING SNOW
                                                   X = TORNADO
MAX 32 OR BELOW:   0    0.01 INCH OR MORE:  10
MAX 90 OR ABOVE:  20    0.10 INCH OR MORE:   3
MIN 32 OR BELOW:   0    0.50 INCH OR MORE:   1
MIN  0 OR BELOW:   0    1.00 INCH OR MORE:   0

[HDD (BASE 65) ]
TOTAL THIS MO.     0    CLEAR  (SCALE 0-3)  25
DPTR FM NORMAL    -3    PTCLDY (SCALE 4-7)   6
TOTAL FM JUL 1     0    CLOUDY (SCALE 8-10)  0
DPTR FM NORMAL    -4

[CDD (BASE 65) ]
TOTAL THIS MO.   349
DPTR FM NORMAL   -16    [PRESSURE DATA]
TOTAL FM JAN 1  1135    HIGHEST SLP 30.23 ON 23
DPTR FM NORMAL    19    LOWEST  SLP 29.67 ON  8

[REMARKS]
#FINAL-08-15#
