000
CXUS53 KDDC 301200
CF6GCK
PRELIMINARY LOCAL CLIMATOLOGICAL DATA (WS FORM: F-6)

                                          STATION:   GARDEN CITY REGIONAL ARPT KS
                                          MONTH:     JUNE
                                          YEAR:      2015
                                          LATITUDE:   37 55 N
                                          LONGITUDE: 100 43 W

  TEMPERATURE IN F:       :PCPN:    SNOW:  WIND      :SUNSHINE: SKY     :PK WND
================================================================================
1   2   3   4   5  6A  6B    7    8   9   10  11  12  13   14  15   16   17  18
                                     12Z  AVG MX 2MIN
DY MAX MIN AVG DEP HDD CDD  WTR  SNW DPTH SPD SPD DIR MIN PSBL S-S WX    SPD DR
================================================================================

 1  83  55  69   1   0   4 0.00    M    M 12.8 25 150   M    M   0        29 150
 2  90  62  76   7   0  11 0.00    M    M 14.3 24 180   M    M   0        31 180
 3  91  62  77   8   0  12 0.00    M    M 10.8 25  30   M    M   0        30  30
 4  93  61  77   8   0  12 0.00    M    M 12.4 26 180   M    M   1        35 150
 5  89  63  76   6   0  11 0.00    M    M 14.3 25 190   M    M   0        33 180
 6  89  65  77   7   0  12 0.19    M    M 11.8 28 180   M    M   0 3      39 190
 7  88  64  76   6   0  11    T    M    M  9.3 20 330   M    M   1        25 340
 8  89  58  74   3   0   9 0.00    M    M  6.6 13  20   M    M   0        16  10
 9  92  60  76   5   0  11 0.00    M    M  8.2 17 220   M    M   1        23 210
10  95  67  81  10   0  16 0.04    M    M 14.5 31 210   M    M   2 3      41 200
11  87  63  75   3   0  10    T    M    M 13.1 32  30   M    M   2 13     39  30
12  71  61  66  -6   0   1 1.52    M    M  9.9 30  60   M    M   8 138    39  60
13  81  61  71  -1   0   6 0.00    M    M  8.3 16 190   M    M   5 1      24 150
14  74  65  70  -2   0   5 0.09    M    M  6.2 16  70   M    M   7 18     20  70
15  84  60  72  -1   0   7 0.00    M    M  8.5 17 360   M    M   3 18     24  20
16  82  62  72  -1   0   7 0.00    M    M  9.4 14 180   M    M   4        18 170
17  90  62  76   2   0  11 0.00    M    M 10.0 22 140   M    M   0        27 150
18  88  65  77   3   0  12 0.00    M    M 10.2 25  50   M    M   2 128    32  30
19  93  64  79   5   0  14 0.00    M    M 14.5 26 180   M    M   1 1      33 180
20  98  65  82   8   0  17 0.00    M    M 10.8 23 230   M    M   0        28 220
21  98  68  83   8   0  18 0.00    M    M 13.9 25 180   M    M   0        32 180
22  97  72  85  10   0  20 0.00    M    M 16.0 25  70   M    M   0        29  50
23  96  69  83   8   0  18 0.00    M    M 17.0 26 200   M    M   0        34 200
24  96  73  85  10   0  20 0.00    M    M 21.6 33 200   M    M   0        41 220
25  95  67  81   5   0  16 0.00    M    M  9.2 22 130   M    M   1 3      27 130
26  86  64  75  -1   0  10 0.71    M    M 12.6 32  20   M    M   3 13     40  10
27  86  57  72  -4   0   7 0.00    M    M  6.3 12 150   M    M   0        15 250
28  95  63  79   3   0  14 0.00    M    M  7.2 17 230   M    M   1        22 220
29  89  61  75  -2   0  10 0.00    M    M  7.2 17  60   M    M   0 3      23  70
================================================================================
SM 2585 1839         0 332  2.55    M    326.9          M       42
================================================================================
AV 89.1 63.4                              11.3 FASTST   M    M   1    MAX(MPH)
                                 MISC ---->  # 33 200               # 41  200
================================================================================
NOTES:
# LAST OF SEVERAL OCCURRENCES

COLUMN 17 PEAK WIND IN M.P.H.

PRELIMINARY LOCAL CLIMATOLOGICAL DATA (WS FORM: F-6) , PAGE 2

                                          STATION:  GARDEN CITY REGIONAL ARPT KS
                                          MONTH:    JUNE
                                          YEAR:     2015
                                          LATITUDE:   37 55 N
                                          LONGITUDE: 100 43 W

[TEMPERATURE DATA]      [PRECIPITATION DATA]       SYMBOLS USED IN COLUMN 16

AVERAGE MONTHLY: 76.3   TOTAL FOR MONTH:   2.55    1 = FOG OR MIST
DPTR FM NORMAL:   3.6   DPTR FM NORMAL:   -0.82    2 = FOG REDUCING VISIBILITY
HIGHEST:    98 ON 21,20 GRTST 24HR  1.52 ON 12-12      TO 1/4 MILE OR LESS
LOWEST:     55 ON  1                               3 = THUNDER
                        SNOW, ICE PELLETS, HAIL    4 = ICE PELLETS
                        TOTAL MONTH:    M          5 = HAIL
                        GRTST 24HR    M  ON   M    6 = FREEZING RAIN OR DRIZZLE
                        GRTST DEPTH:  M  ON   M    7 = DUSTSTORM OR SANDSTORM:
                                                       VSBY 1/2 MILE OR LESS
                                                   8 = SMOKE OR HAZE
[NO. OF DAYS WITH]      [WEATHER - DAYS WITH]      9 = BLOWING SNOW
                                                   X = TORNADO
MAX 32 OR BELOW:   0    0.01 INCH OR MORE:   5
MAX 90 OR ABOVE:  14    0.10 INCH OR MORE:   3
MIN 32 OR BELOW:   0    0.50 INCH OR MORE:   2
MIN  0 OR BELOW:   0    1.00 INCH OR MORE:   1

[HDD (BASE 65) ]
TOTAL THIS MO.     0    CLEAR  (SCALE 0-3)  23
DPTR FM NORMAL   -14    PTCLDY (SCALE 4-7)   6
TOTAL FM JUL 1  4961    CLOUDY (SCALE 8-10)  0
DPTR FM NORMAL  -244

[CDD (BASE 65) ]
TOTAL THIS MO.   332
DPTR FM NORMAL    91    [PRESSURE DATA]
TOTAL FM JAN 1   362    HIGHEST SLP M ON M
DPTR FM NORMAL    32    LOWEST  SLP 29.58 ON 11

[REMARKS]
