000
CXUS53 KDDC 011443
CF6GCK
PRELIMINARY LOCAL CLIMATOLOGICAL DATA (WS FORM: F-6)
STATION: GARDEN CITY REGIONAL ARPT KS
MONTH: OCTOBER
YEAR: 2022
LATITUDE: 37 55 N
LONGITUDE: 100 43 W
TEMPERATURE IN F: :PCPN: SNOW: WIND :SUNSHINE: SKY :PK WND
================================================================================
1 2 3 4 5 6A 6B 7 8 9 10 11 12 13 14 15 16 17 18
12Z AVG MX 2MIN
DY MAX MIN AVG DEP HDD CDD WTR SNW DPTH SPD SPD DIR MIN PSBL S-S WX SPD DR
================================================================================
1 89 52 71 9 0 6 0.00 M M 12.7 23 140 M M 0 33 150
2 84 52 68 6 0 3 0.00 M M 13.2 22 150 M M 0 33 140
3 84 48 66 5 0 1 0.00 M M 13.5 26 190 M M 0 36 180
4 72 53 63 2 2 0 T M M 5.9 16 90 M M 5 20 80
5 75 51 63 3 2 0 T M M 6.9 16 20 M M 2 8 22 40
6 79 46 63 3 2 0 0.00 M M 6.8 20 70 M M 0 18 27 70
7 54 40 47 -12 18 0 0.00 M M 13.8 21 50 M M 6 29 60
8 65 43 54 -5 11 0 0.00 M M 6.7 17 200 M M 8 27 210
9 75 38 57 -1 8 0 0.00 M M 4.1 10 330 M M 2 12 14 350
10 79 42 61 3 4 0 0.00 M M 8.3 20 190 M M 0 26 190
11 87 51 69 12 0 4 0.00 M M 13.7 35 20 M M 0 18 44 20
12 77 41 59 2 6 0 0.00 M M 11.2 32 30 M M 0 42 30
13 71 35 53 -3 12 0 0.00 M M 11.5 28 350 M M 0 8 36 350
14 84 36 60 4 5 0 0.00 M M 10.6 24 270 M M 0 8 33 280
15 77 35 56 0 9 0 0.00 M M 8.1 17 70 M M 0 23 70
16 66 43 55 0 10 0 0.00 M M 10.6 21 350 M M 2 26 350
17 62 28 45 -9 20 0 0.00 M M 5.4 14 80 M M 0 17 80
18 56 31 44 -10 21 0 0.00 M M 5.4 13 80 M M 4 16 60
19 78 28 53 -1 12 0 0.00 M M 7.1 13 320 M M 0 17 300
20 79 38 59 6 6 0 0.00 M M 10.0 17 340 M M 0 8 22 340
21 86 38 62 9 3 0 0.00 M M 6.7 14 290 M M 0 18 130
22 86 42 64 12 1 0 0.00 M M 10.9 24 220 M M 0 32 240
23 86 54 70 18 0 5 0.00 M M 24.6 49 220 M M 2 78 68 210
24 58 32 45 -6 20 0 0.00 M M 16.0 29 10 M M 4 37 10
25 66 24 45 -6 20 0 0.00 M M 8.9 18 350 M M 0 25 320
26 68 35 52 2 13 0 0.00 M M 16.2 28 180 M M 1 43 150
27 62 44 53 3 12 0 T M M 13.7 24 140 M M 4 33 140
28 63 38 51 1 14 0 0.00 M M 6.5 15 360 M M 4 1 19 360
29 68 34 51 2 14 0 0.00 M M 4.4 12 130 M M 0 1 15 150
30 66 35 51 2 14 0 0.00 M M 8.3 18 20 M M 2 24 10
31 74 30 52 4 13 0 0.00 M M 9.4 22 220 M M 0 35 230
================================================================================
SM 2276 1237 272 19 T M 311.1 M 46
================================================================================
AV 73.4 39.9 10.0 FASTST M M 1 MAX(MPH)
MISC ----> 49 220 68 210
================================================================================
NOTES:
# LAST OF SEVERAL OCCURRENCES
COLUMN 17 PEAK WIND IN M.P.H.
PRELIMINARY LOCAL CLIMATOLOGICAL DATA (WS FORM: F-6) , PAGE 2
STATION: GARDEN CITY REGIONAL ARPT KS
MONTH: OCTOBER
YEAR: 2022
LATITUDE: 37 55 N
LONGITUDE: 100 43 W
[TEMPERATURE DATA] [PRECIPITATION DATA] SYMBOLS USED IN COLUMN 16
AVERAGE MONTHLY: 56.7 TOTAL FOR MONTH: T 1 = FOG OR MIST
DPTR FM NORMAL: 1.6 DPTR FM NORMAL: -1.42 2 = FOG REDUCING VISIBILITY
HIGHEST: 89 ON 1 GRTST 24HR T ON 27-27 TO 1/4 MILE OR LESS
LOWEST: 24 ON 25 3 = THUNDER
4 = ICE PELLETS
5 = HAIL
6 = FREEZING RAIN OR DRIZZLE
7 = DUSTSTORM OR SANDSTORM:
VSBY 1/2 MILE OR LESS
8 = SMOKE OR HAZE
[NO. OF DAYS WITH] [WEATHER - DAYS WITH] 9 = BLOWING SNOW
X = TORNADO
MAX 32 OR BELOW: 0 0.01 INCH OR MORE: 0
MAX 90 OR ABOVE: 0 0.10 INCH OR MORE: 0
MIN 32 OR BELOW: 6 0.50 INCH OR MORE: 0
MIN 0 OR BELOW: 0 1.00 INCH OR MORE: 0
[HDD (BASE 65) ]
TOTAL THIS MO. 272 CLEAR (SCALE 0-3) 24
DPTR FM NORMAL -57 PTCLDY (SCALE 4-7) 7
TOTAL FM JUL 1 305 CLOUDY (SCALE 8-10) 0
DPTR FM NORMAL -87
[CDD (BASE 65) ]
TOTAL THIS MO. 19
DPTR FM NORMAL -3 [PRESSURE DATA]
TOTAL FM JAN 1 1686 HIGHEST SLP 30.52 ON 7
DPTR FM NORMAL 361 LOWEST SLP 29.23 ON 23
[REMARKS]
#FINAL-10-22#