000
CXUS53 KDDC 011512
CF6GCK
PRELIMINARY LOCAL CLIMATOLOGICAL DATA (WS FORM: F-6)

                                          STATION:   GARDEN CITY REGIONAL ARPT KS
                                          MONTH:     OCTOBER
                                          YEAR:      2012
                                          LATITUDE:   37 55 N
                                          LONGITUDE: 100 43 W

  TEMPERATURE IN F:       :PCPN:    SNOW:  WIND      :SUNSHINE: SKY     :PK WND
================================================================================
1   2   3   4   5  6A  6B    7    8   9   10  11  12  13   14  15   16   17  18
                                     12Z  AVG MX 2MIN
DY MAX MIN AVG DEP HDD CDD  WTR  SNW DPTH SPD SPD DIR MIN PSBL S-S WX    SPD DR
================================================================================

 1  72  45  59  -3   6   0 0.01    M    M 15.4 32  30   M    M   1        39  30
 2  75  38  57  -4   8   0 0.00    M    M  8.9 16 170   M    M   0        21 170
 3  85  47  66   5   0   1 0.00    M    M 12.8 36  20   M    M   0        45  20
 4  59  43  51  -9  14   0 0.00    M    M 17.2 36  10   M    M   3        45  10
 5  50  37  44 -16  21   0    T    M    M 13.1 21  60   M    M   6        26  70
 6  39  36  38 -21  27   0 0.06    M    M  7.7 16  40   M    M  10 1      18  40
 7  50  36  43 -16  22   0 0.00    M    M  8.3 21 210   M    M   7        25 210
 8  71  29  50  -9  15   0 0.00    M    M 10.2 23 190   M    M   0        30 180
 9  61  34  48 -10  17   0 0.00    M    M 14.0 35  30   M    M   0        40  40
10  65  30  48 -10  17   0 0.00    M    M 10.3 23 190   M    M   0        31 170
11  77  44  61   4   4   0 0.00    M    M 12.9 26  50   M    M   0 1      33  40
12  56  41  49  -8  16   0 0.32    M    M 11.1 25 270   M    M   7 13     32 270
13  73  52  63   6   2   0 0.56    M    M 12.8 38 290   M    M   3 123    47 290
14  73  50  62   6   3   0 0.00    M    M 12.4 25 330   M    M   0        31 330
15  78  47  63   7   2   0 0.00    M    M  7.4 14 210   M    M   0        17 220
16  79  42  61   6   4   0 0.00    M    M  7.4 18  10   M    M   0        22  10
17  64  36  50  -5  15   0 0.00    M    M 18.8 39 350   M    M   0        48 350
18  64  33  49  -6  16   0 0.00    M    M 19.7 41 310   M    M   0        53 330
19  72  36  54   0  11   0 0.00    M    M 10.5 21 320   M    M   0        25 330
20  84  38  61   7   4   0 0.00    M    M  6.5 15 160   M    M   0        20 170
21  83  39  61   7   4   0 0.00    M    M  5.9 14 140   M    M   0        17 150
22  64  43  54   1  11   0 0.00    M    M  8.8 18 360   M    M   5 1      22  10
23  90  36  63  10   2   0 0.00    M    M  9.1 22 230   M    M   0 1      28 230
24  61  42  52   0  13   0    T    M    M 12.3 31  10   M    M   4 12     38 360
25  49  31  40 -12  25   0    T    M    M 19.3 38  10   M    M   7 1      45 350
26  43  22  33 -18  32   0    T    M    M 10.4 18  50   M    M   5 18     22  30
27  53  19  36 -15  29   0 0.00    M    M  9.2 22 180   M    M   1        30 210
28  65  26  46  -5  19   0 0.00    M    M  8.6 21 180   M    M   2        29 210
29  71  32  52   2  13   0 0.00    M    M  8.5 15 230   M    M   0        17 190
30  78  38  58   8   7   0 0.00    M    M 11.7 24  10   M    M   0        29  10
31  80  38  59  10   6   0 0.00    M    M  8.4 17 280   M    M   0 8      33 290
================================================================================
SM 2084 1160       385   1 0.95    M     349.6          M       61
================================================================================
AV 67.2 37.4                              11.3 FASTST   M    M   2      MAX(MPH)
                                 MISC ---->    41 310                     53 330
================================================================================
NOTES:
# LAST OF SEVERAL OCCURRENCES

COLUMN 17 PEAK WIND IN M.P.H.

PRELIMINARY LOCAL CLIMATOLOGICAL DATA (WS FORM: F-6) , PAGE 2

                                          STATION:  GARDEN CITY REGIONAL ARPT KS
                                          MONTH:    OCTOBER
                                          YEAR:     2012
                                          LATITUDE:   37 55 N
                                          LONGITUDE: 100 43 W

[TEMPERATURE DATA]      [PRECIPITATION DATA]       SYMBOLS USED IN COLUMN 16

AVERAGE MONTHLY: 52.3   TOTAL FOR MONTH:   0.95    1 = FOG OR MIST
DPTR FM NORMAL:  -3.1   DPTR FM NORMAL:   -0.33    2 = FOG REDUCING VISIBILITY
HIGHEST:    90 ON 23    GRTST 24HR  0.88 ON 12-13      TO 1/4 MILE OR LESS
LOWEST:     19 ON 27                               3 = THUNDER
                        SNOW, ICE PELLETS, HAIL    4 = ICE PELLETS
                        TOTAL MONTH:    M          5 = HAIL
                        GRTST 24HR    M  ON   M    6 = FREEZING RAIN OR DRIZZLE
                        GRTST DEPTH:  M  ON   M    7 = DUSTSTORM OR SANDSTORM:
                                                       VSBY 1/2 MILE OR LESS
                                                   8 = SMOKE OR HAZE
[NO. OF DAYS WITH]      [WEATHER - DAYS WITH]      9 = BLOWING SNOW
                                                   X = TORNADO
MAX 32 OR BELOW:   0    0.01 INCH OR MORE:   4
MAX 90 OR ABOVE:   1    0.10 INCH OR MORE:   2
MIN 32 OR BELOW:   7    0.50 INCH OR MORE:   1
MIN  0 OR BELOW:   0    1.00 INCH OR MORE:   0

[HDD (BASE 65) ]
TOTAL THIS MO.   385    CLEAR  (SCALE 0-3)  22
DPTR FM NORMAL    67    PTCLDY (SCALE 4-7)   8
TOTAL FM JUL 1   431    CLOUDY (SCALE 8-10)  1
DPTR FM NORMAL    41

[CDD (BASE 65) ]
TOTAL THIS MO.     1
DPTR FM NORMAL   -19    [PRESSURE DATA]
TOTAL FM JAN 1  1643    HIGHEST SLP 30.58 ON 26
DPTR FM NORMAL   345    LOWEST  SLP 29.36 ON 17

[REMARKS]
#FINAL-10-12#
