000
CXUS53 KDDC 011524
CF6GCK
PRELIMINARY LOCAL CLIMATOLOGICAL DATA (WS FORM: F-6)

                                          STATION:   GARDEN CITY REGIONAL ARPT KS
                                          MONTH:     JULY
                                          YEAR:      2017
                                          LATITUDE:   37 55 N
                                          LONGITUDE: 100 43 W

  TEMPERATURE IN F:       :PCPN:    SNOW:  WIND      :SUNSHINE: SKY     :PK WND
================================================================================
1   2   3   4   5  6A  6B    7    8   9   10  11  12  13   14  15   16   17  18
                                     12Z  AVG MX 2MIN
DY MAX MIN AVG DEP HDD CDD  WTR  SNW DPTH SPD SPD DIR MIN PSBL S-S WX    SPD DR
================================================================================

 1  90  53  72  -5   0   7 0.00    M    M 11.5 24 150   M    M   0        30 170
 2  96  64  80   3   0  15 0.00    M    M 14.7 24 140   M    M   0        32 150
 3  89  64  77   0   0  12    T    M    M 14.2 33  70   M    M   0        42  60
 4  90  63  77  -1   0  12 0.00    M    M  8.0 16 120   M    M   0        21 130
 5  93  63  78   0   0  13 0.00    M    M  6.3 14 120   M    M   1 1      19 140
 6  99  63  81   3   0  16 0.00    M    M  8.5 26 350   M    M   0 1      32 350
 7  98  65  82   4   0  17 0.93    M    M 11.6 37 280   M    M   1 13     47 280
 8  89  63  76  -2   0  11 0.21    M    M  8.0 29 310   M    M   1 13     36 310
 9  96  66  81   3   0  16 0.00    M    M 10.2 18 140   M    M   0        25 190
10  99  67  83   5   0  18 0.00    M    M 10.0 21 140   M    M   0        25 150
11 102  67  85   7   0  20 0.00    M    M 15.5 29 200   M    M   0 8      38 190
12 101  69  85   7   0  20 0.00    M    M 13.6 26 320   M    M   0        32 180
13  85  65  75  -3   0  10 0.73    M    M  8.2 21  50   M    M   3 13     24  40
14  89  65  77  -1   0  12 0.03    M    M  4.6 15 240   M    M   3 1      19 220
15  88  69  79   1   0  14 0.11    M    M  6.3 21 130   M    M   3 13     25 130
16  89  66  78   0   0  13 0.55    M    M  9.1 22 250   M    M   3 13     26 240
17  95  68  82   4   0  17 0.00    M    M 15.4 25 150   M    M   1        35 200
18  99  70  85   6   0  20 0.00    M    M 13.0 24 180   M    M   0        29 180
19  98  69  84   5   0  19 0.00    M    M 12.1 23 170   M    M   0        28 170
20  99  70  85   6   0  20 0.00    M    M 14.1 28 210   M    M   0        33 210
21 102  70  86   7   0  21 0.00    M    M 11.5 22 220   M    M   0        28 180
22  99  63  81   2   0  16    T    M    M  8.0 35  20   M    M   0 38     42 360
23  92  65  79   0   0  14 0.00    M    M  8.3 16 100   M    M   1        20 120
24  95  67  81   3   0  16 0.00    M    M  9.0 22 150   M    M   0        29 150
25 100  69  85   7   0  20 0.00    M    M 14.3 25 180   M    M   0        34 150
26  92  75  84   6   0  19 0.00    M    M 12.5 20  10   M    M   0        26 170
27  83  70  77  -1   0  12 0.23    M    M  8.2 20  30   M    M   6 13     24  30
28  91  67  79   1   0  14 0.00    M    M  7.5 15 110   M    M   3 1      25 120
29  83  68  76  -2   0  11 0.05    M    M  8.5 17 140   M    M   6 1      22 120
30  79  64  72  -6   0   7 0.17    M    M  9.1 16 150   M    M   7 1      20 150
31  80  63  72  -6   0   7 0.36    M    M  6.1 14  80   M    M   7 13     18  80
================================================================================
SM 2880 2050         0 459 3.37    M     317.9          M       46
================================================================================
AV 92.9 66.1                              10.3 FASTST   M    M   1      MAX(MPH)
                                 MISC ---->    37 280                     47 280
================================================================================
NOTES:
# LAST OF SEVERAL OCCURRENCES

COLUMN 17 PEAK WIND IN M.P.H.

PRELIMINARY LOCAL CLIMATOLOGICAL DATA (WS FORM: F-6) , PAGE 2

                                          STATION:  GARDEN CITY REGIONAL ARPT KS
                                          MONTH:    JULY
                                          YEAR:     2017
                                          LATITUDE:   37 55 N
                                          LONGITUDE: 100 43 W

[TEMPERATURE DATA]      [PRECIPITATION DATA]       SYMBOLS USED IN COLUMN 16

AVERAGE MONTHLY: 79.5   TOTAL FOR MONTH:   3.37    1 = FOG OR MIST
DPTR FM NORMAL:   1.3   DPTR FM NORMAL:    0.59    2 = FOG REDUCING VISIBILITY
HIGHEST:   102 ON 21,11 GRTST 24HR  1.14 ON  7- 8      TO 1/4 MILE OR LESS
LOWEST:     53 ON  1                               3 = THUNDER
                                                   4 = ICE PELLETS
                                                   5 = HAIL
                                                   6 = FREEZING RAIN OR DRIZZLE
                                                   7 = DUSTSTORM OR SANDSTORM:
                                                       VSBY 1/2 MILE OR LESS
                                                   8 = SMOKE OR HAZE
[NO. OF DAYS WITH]      [WEATHER - DAYS WITH]      9 = BLOWING SNOW
                                                   X = TORNADO
MAX 32 OR BELOW:   0    0.01 INCH OR MORE:  10
MAX 90 OR ABOVE:  21    0.10 INCH OR MORE:   8
MIN 32 OR BELOW:   0    0.50 INCH OR MORE:   3
MIN  0 OR BELOW:   0    1.00 INCH OR MORE:   0

[HDD (BASE 65) ]
TOTAL THIS MO.     0    CLEAR  (SCALE 0-3)  26
DPTR FM NORMAL    -1    PTCLDY (SCALE 4-7)   5
TOTAL FM JUL 1     0    CLOUDY (SCALE 8-10)  0
DPTR FM NORMAL    -1

[CDD (BASE 65) ]
TOTAL THIS MO.   459
DPTR FM NORMAL    49    [PRESSURE DATA]
TOTAL FM JAN 1   884    HIGHEST SLP 30.18 ON 13
DPTR FM NORMAL   133    LOWEST  SLP 29.67 ON 11

[REMARKS]
#FINAL-07-17#
