000
CXUS53 KDDC 021920
CF6GCK
PRELIMINARY LOCAL CLIMATOLOGICAL DATA (WS FORM: F-6)

                                          STATION:   GARDEN CITY REGIONAL ARPT KS
                                          MONTH:     NOVEMBER
                                          YEAR:      2014
                                          LATITUDE:   37 55 N
                                          LONGITUDE: 100 43 W

  TEMPERATURE IN F:       :PCPN:    SNOW:  WIND      :SUNSHINE: SKY     :PK WND
================================================================================
1   2   3   4   5  6A  6B    7    8   9   10  11  12  13   14  15   16   17  18
                                     12Z  AVG MX 2MIN
DY MAX MIN AVG DEP HDD CDD  WTR  SNW DPTH SPD SPD DIR MIN PSBL S-S WX    SPD DR
================================================================================

 1  62  31  47  -2  18   0 0.00    M    M 21.9 36 180   M    M   0        45 190
 2  76  45  61  13   4   0 0.00    M    M 18.8 33 190   M    M   0        40 190
 3  71  38  55   7  10   0    T    M    M 19.7 30 320   M    M   2        38 320
 4  60  32  46  -1  19   0 0.00    M    M  7.8 17 350   M    M   0        22 340
 5  69  28  49   2  16   0 0.00    M    M  9.6 21  10   M    M   0        24  10
 6  63  31  47   1  18   0 0.00    M    M  8.7 16 180   M    M   0 8      23 180
 7  77  37  57  11   8   0 0.00    M    M 12.3 29 360   M    M   0        36 360
 8  62  40  51   6  14   0 0.00    M    M 10.4 20  10   M    M   0        24  30
 9  74  33  54   9  11   0 0.00    M    M  7.4 13 350   M    M   0        15 200
10  78  22  50   6  15   0    T    M    M 20.4 43  10   M    M   0 8      53  10
11  26  12  19 -25  46   0 0.00    M    M 17.8 32 360   M    M   5        41 360
12  19  12  16 -27  49   0    T    M    M 17.1 26  10   M    M  10 1      33  10
13  25   3  14 -29  51   0 0.00    M    M  7.8 17 350   M    M   2 8      20 350
14  36  14  25 -17  40   0 0.00    M    M 15.6 25 170   M    M   5        37 150
15  39  15  27 -15  38   0    T    M    M 16.9 29  10   M    M   5 1      37  10
16  33  12  23 -18  42   0 0.01    M    M 13.1 24 360   M    M   5 1      29 360
17  35   3  19 -22  46   0 0.00    M    M  8.0 18 320   M    M   0        23 320
18  49   8  29 -11  36   0 0.00    M    M 10.1 22 240   M    M   0        26 250
19  51  20  36  -4  29   0 0.00    M    M  8.3 15  10   M    M   0        19 360
20  54  23  39   0  26   0 0.00    M    M  7.3 12 150   M    M   0        19 140
21  52  20  36  -3  29   0 0.00    M    M  6.5 13 160   M    M   1 1      16 150
22  67  25  46   8  19   0 0.00    M    M 11.8 28 180   M    M   1 1      36 170
23  48  27  38   0  27   0    T    M    M 20.5 46  10   M    M   4 1      57 360
24  51  27  39   1  26   0 0.00    M    M 14.2 26 340   M    M   3        35 350
25   M  31   M   M   M   M 0.00    M    M 12.0 26 210   M    M   1        33 220
26  45  21  33  -4  32   0 0.00    M    M 15.1 31 360   M    M   5        38 360
27  56  19  38   2  27   0 0.00    M    M 12.4 25 210   M    M   0        32 210
28  77  26  52  16  13   0 0.00    M    M  8.6 18 250   M    M   0        23 240
29  78  32  55  20  10   0 0.00    M    M  9.0 16 250   M    M   0        20 260
30  50  17  34  -1  31   0 0.00    M    M 18.3 28  30   M    M   1 18     32  30
================================================================================
SM 1583  704       750   0 0.01    M     387.4          M       50
================================================================================
AV 54.6 23.5                              12.9 FASTST   M    M   2      MAX(MPH)
                                 MISC ---->    46  10                     57 360
================================================================================
NOTES:
# LAST OF SEVERAL OCCURRENCES

COLUMN 17 PEAK WIND IN M.P.H.

PRELIMINARY LOCAL CLIMATOLOGICAL DATA (WS FORM: F-6) , PAGE 2

                                          STATION:  GARDEN CITY REGIONAL ARPT KS
                                          MONTH:    NOVEMBER
                                          YEAR:     2014
                                          LATITUDE:   37 55 N
                                          LONGITUDE: 100 43 W

[TEMPERATURE DATA]      [PRECIPITATION DATA]       SYMBOLS USED IN COLUMN 16

AVERAGE MONTHLY: 39.1   TOTAL FOR MONTH:   0.01    1 = FOG OR MIST
DPTR FM NORMAL:  -2.6   DPTR FM NORMAL:   -0.54    2 = FOG REDUCING VISIBILITY
HIGHEST:    78 ON 29,10 GRTST 24HR  0.01 ON 16-16      TO 1/4 MILE OR LESS
LOWEST:      3 ON 17,13                            3 = THUNDER
                        SNOW, ICE PELLETS, HAIL    4 = ICE PELLETS
                        TOTAL MONTH:    M          5 = HAIL
                        GRTST 24HR    M  ON   M    6 = FREEZING RAIN OR DRIZZLE
                        GRTST DEPTH:  M  ON   M    7 = DUSTSTORM OR SANDSTORM:
                                                       VSBY 1/2 MILE OR LESS
                                                   8 = SMOKE OR HAZE
[NO. OF DAYS WITH]      [WEATHER - DAYS WITH]      9 = BLOWING SNOW
                                                   X = TORNADO
MAX 32 OR BELOW:   3    0.01 INCH OR MORE:   1
MAX 90 OR ABOVE:   0    0.10 INCH OR MORE:   0
MIN 32 OR BELOW:  25    0.50 INCH OR MORE:   0
MIN  0 OR BELOW:   0    1.00 INCH OR MORE:   0

[HDD (BASE 65) ]
TOTAL THIS MO.   750    CLEAR  (SCALE 0-3)  23
DPTR FM NORMAL    51    PTCLDY (SCALE 4-7)   6
TOTAL FM JUL 1  1039    CLOUDY (SCALE 8-10)  1
DPTR FM NORMAL   -50

[CDD (BASE 65) ]
TOTAL THIS MO.     0
DPTR FM NORMAL     0    [PRESSURE DATA]
TOTAL FM JAN 1  1342    HIGHEST SLP 30.75 ON 13
DPTR FM NORMAL    44    LOWEST  SLP 29.34 ON 23

[REMARKS]
#FINAL-11-14#
