000
CXUS53 KDDC 011408
CF6GCK
PRELIMINARY LOCAL CLIMATOLOGICAL DATA (WS FORM: F-6)

                                          STATION:   GARDEN CITY REGIONAL ARPT KS
                                          MONTH:     JANUARY
                                          YEAR:      2012
                                          LATITUDE:   37 55 N
                                          LONGITUDE: 100 43 W

  TEMPERATURE IN F:       :PCPN:    SNOW:  WIND      :SUNSHINE: SKY     :PK WND
================================================================================
1   2   3   4   5  6A  6B    7    8   9   10  11  12  13   14  15   16   17  18
                                     12Z  AVG MX 2MIN
DY MAX MIN AVG DEP HDD CDD  WTR  SNW DPTH SPD SPD DIR MIN PSBL S-S WX    SPD DR
================================================================================

 1  40  23  32   2  33   0 0.00    M    M 11.4 32 350   M    M   1        40 340
 2  37  18  28  -3  37   0 0.00    M    M  8.1 16 230   M    M   0 8      18 230
 3  47  21  34   3  31   0 0.00    M    M 10.2 20 360   M    M   0        23 360
 4  49  29  39   8  26   0 0.00    M    M 11.1 21 360   M    M   0        25 360
 5  57  29  43  12  22   0 0.00    M    M  8.4 14 290   M    M   0        17 290
 6  51  27  39   8  26   0 0.00    M    M 14.8 30  20   M    M   1        38  20
 7  42  24  33   2  32   0 0.00    M    M  8.5 18  80   M    M   2        23  80
 8  38  25  32   1  33   0 0.00    M    M  6.9 16  90   M    M   8        20  90
 9  48  22  35   4  30   0 0.00    M    M  7.6 16 290   M    M   0        17 290
10  56  27  42  11  23   0 0.00    M    M  8.1 13 310   M    M   0        15 300
11  36  18  27  -4  38   0 0.00    M    M 24.9 44 350   M    M   5 8      55 350
12  38  15  27  -4  38   0 0.00    M    M 17.0 31 330   M    M   0        37 320
13  47  21  34   3  31   0 0.00    M    M  9.4 16 290   M    M   2        18 270
14  48  23  36   5  29   0 0.00    M    M  9.2 16 190   M    M   0        20 190
15  63  22  43  12  22   0 0.00    M    M 10.4 15 270   M    M   0        18 190
16  45  23  34   3  31   0    T    M    M 12.4 26  10   M    M   1        32  20
17  29  13  21 -10  44   0 0.00    M    M 10.4 26 350   M    M   1        31 350
18  53  13  33   2  32   0 0.00    M    M  8.9 15 180   M    M   1        18 180
19  36  16  26  -5  39   0 0.00    M    M 11.0 20  30   M    M   0        22  30
20  53  16  35   4  30   0 0.00    M    M 10.2 18  30   M    M   1        22  30
21  53  14  34   3  31   0 0.00    M    M 15.1 35 180   M    M   0        41 180
22  53  28  41  10  24   0    T    M    M 20.6 51 340   M    M   2 18     61 340
23  51  21  36   5  29   0 0.00    M    M 10.8 20 150   M    M   0        26 150
24  48  24  36   5  29   0 0.00    M    M 10.9 25 360   M    M   3        31 350
25  52  22  37   6  28   0 0.00    M    M 10.2 25 360   M    M   0        30 360
26  54  28  41  10  24   0 0.00    M    M 13.7 30 360   M    M   0        38 360
27  49  22  36   5  29   0 0.00    M    M 19.1 43 360   M    M   1        48 360
28  48  15  32   1  33   0 0.00    M    M  8.1 24 230   M    M   0        29 240
29  60  19  40   8  25   0 0.00    M    M  7.3 20 240   M    M   0        22 250
30  69  29  49  17  16   0 0.00    M    M  8.5 14 210   M    M   0        18 210
31  58  26  42  10  23   0 0.00    M    M 10.3 26  20   M    M   0        32  20
================================================================================
SM 1508  673       918   0    T    M     353.5          M       29
================================================================================
AV 48.6 21.7                              11.4 FASTST   M    M   1    MAX(MPH)
                                 MISC ---->    51 340                     61 340
================================================================================
NOTES:
# LAST OF SEVERAL OCCURRENCES

COLUMN 17 PEAK WIND IN M.P.H.

PRELIMINARY LOCAL CLIMATOLOGICAL DATA (WS FORM: F-6) , PAGE 2

                                          STATION:  GARDEN CITY REGIONAL ARPT KS
                                          MONTH:    JANUARY
                                          YEAR:     2012
                                          LATITUDE:   37 55 N
                                          LONGITUDE: 100 43 W

[TEMPERATURE DATA]      [PRECIPITATION DATA]       SYMBOLS USED IN COLUMN 16

AVERAGE MONTHLY: 35.2   TOTAL FOR MONTH:      T    1 = FOG OR MIST
DPTR FM NORMAL:   4.3   DPTR FM NORMAL:   -0.34    2 = FOG REDUCING VISIBILITY
HIGHEST:    69 ON 30    GRTST 24HR    T  ON 22-22      TO 1/4 MILE OR LESS
LOWEST:     13 ON 18,17                            3 = THUNDER
                        SNOW, ICE PELLETS, HAIL    4 = ICE PELLETS
                        TOTAL MONTH:    M          5 = HAIL
                        GRTST 24HR    M  ON   M    6 = FREEZING RAIN OR DRIZZLE
                        GRTST DEPTH:  M  ON   M    7 = DUSTSTORM OR SANDSTORM:
                                                       VSBY 1/2 MILE OR LESS
                                                   8 = SMOKE OR HAZE
[NO. OF DAYS WITH]      [WEATHER - DAYS WITH]      9 = BLOWING SNOW
                                                   X = TORNADO
MAX 32 OR BELOW:   1    0.01 INCH OR MORE:   0
MAX 90 OR ABOVE:   0    0.10 INCH OR MORE:   0
MIN 32 OR BELOW:  31    0.50 INCH OR MORE:   0
MIN  0 OR BELOW:   0    1.00 INCH OR MORE:   0

[HDD (BASE 65) ]
TOTAL THIS MO.   918    CLEAR  (SCALE 0-3)  29
DPTR FM NORMAL  -139    PTCLDY (SCALE 4-7)   1
TOTAL FM JUL 1  3020    CLOUDY (SCALE 8-10)  1
DPTR FM NORMAL  -160

[CDD (BASE 65) ]
TOTAL THIS MO.     0
DPTR FM NORMAL     0    [PRESSURE DATA]
TOTAL FM JAN 1     0    HIGHEST SLP 30.77 ON  2
DPTR FM NORMAL     0    LOWEST  SLP 29.31 ON 22

[REMARKS]
#FINAL-01-12#
