000
CXUS53 KDDC 020041
CF6GCK
PRELIMINARY LOCAL CLIMATOLOGICAL DATA (WS FORM: F-6)

                                          STATION:   GARDEN CITY REGIONAL ARPT KS
                                          MONTH:     FEBRUARY
                                          YEAR:      2016
                                          LATITUDE:   37 55 N
                                          LONGITUDE: 100 43 W

  TEMPERATURE IN F:       :PCPN:    SNOW:  WIND      :SUNSHINE: SKY     :PK WND
================================================================================
1   2   3   4   5  6A  6B    7    8   9   10  11  12  13   14  15   16   17  18
                                     12Z  AVG MX 2MIN
DY MAX MIN AVG DEP HDD CDD  WTR  SNW DPTH SPD SPD DIR MIN PSBL S-S WX    SPD DR
================================================================================

 1  47  31  39   7  26   0 0.12    M    M 17.7 30 110   M    M  10 1      40 120
 2  32  21  27  -5  38   0 0.07    M    M 25.1 39 340   M    M   7 1268   46 340
 3  30  12  21 -11  44   0 0.00    M    M 11.9 20 330   M    M   0        24 330
 4  39   6  23  -9  42   0 0.00    M    M  7.3 15 270   M    M   0        18 270
 5  41  23  32   0  33   0 0.00    M    M 11.6 23 360   M    M   4        28 350
 6  54  16  35   2  30   0 0.00    M    M 10.1 20 220   M    M   0        23 220
 7  48  29  39   6  26   0 0.00    M    M 16.9 31 350   M    M   2        37 350
 8  45  24  35   2  30   0 0.00    M    M 17.2 32 340   M    M   1        39 350
 9  52  23  38   5  27   0 0.00    M    M  9.8 20 350   M    M   0        24 350
10  76  28  52  18  13   0 0.00    M    M 13.6 25 320   M    M   0        30 310
11  65  23  44  10  21   0 0.00    M    M 10.3 23 350   M    M   0        26 200
12  51  25  38   4  27   0 0.00    M    M 10.8 23  80   M    M   1        27  80
13  53  22  38   4  27   0 0.00    M    M 13.8 26 180   M    M   4 1      32 180
14  54  23  39   5  26   0 0.00    M    M  9.5 24 350   M    M   1        30 350
15  66  25  46  11  19   0 0.00    M    M 11.5 25 330   M    M   2        31 320
16  54  35  45  10  20   0 0.00    M    M 13.9 31 360   M    M   1        38 360
17  71  26  49  14  16   0 0.00    M    M  8.4 21 150   M    M   0        25 140
18  89  42  66  30   0   1 0.00    M    M 18.8 32 230   M    M   0        39 250
19  70  34  52  16  13   0 0.00    M    M 10.0 30 330   M    M   0        38 320
20  70  32  51  15  14   0 0.00    M    M 13.2 30  30   M    M   0 8      39  40
21  55  28  42   6  23   0 0.00    M    M 12.3 25  10   M    M   0        29  40
22  55  27  41   4  24   0 0.00    M    M  9.7 21 190   M    M   5        26 150
23  50  28  39   2  26   0    T    M    M 17.2 33  10   M    M   5        41  10
24  59  21  40   3  25   0 0.00    M    M 15.0 36 330   M    M   0        44 330
25  46  17  32  -6  33   0 0.00    M    M 11.1 23 350   M    M   0        28 350
26  65  20  43   5  22   0 0.00    M    M 11.5 24  10   M    M   0        32 340
27  78  28  53  15  12   0 0.00    M    M 14.6 31 200   M    M   0 8      48 220
28  65  33  49  10  16   0 0.00    M    M 19.3 36 340   M    M   0        45 330
29  71  31  51  12  14   0 0.00    M    M 13.5 39 360   M    M   0        51  10
================================================================================
SM 1651  733       687   1 0.19    M     385.6          M       43
================================================================================
AV 56.9 25.3                              13.3 FASTST   M    M   1      MAX(MPH)
                                 MISC ---->  # 39 360                     51  10
================================================================================
NOTES:
# LAST OF SEVERAL OCCURRENCES

COLUMN 17 PEAK WIND IN M.P.H.

PRELIMINARY LOCAL CLIMATOLOGICAL DATA (WS FORM: F-6) , PAGE 2

                                          STATION:  GARDEN CITY REGIONAL ARPT KS
                                          MONTH:    FEBRUARY
                                          YEAR:     2016
                                          LATITUDE:   37 55 N
                                          LONGITUDE: 100 43 W

[TEMPERATURE DATA]      [PRECIPITATION DATA]       SYMBOLS USED IN COLUMN 16

AVERAGE MONTHLY: 41.1   TOTAL FOR MONTH:   0.19    1 = FOG OR MIST
DPTR FM NORMAL:   6.3   DPTR FM NORMAL:   -0.35    2 = FOG REDUCING VISIBILITY
HIGHEST:    89 ON 18    GRTST 24HR  0.12 ON  1- 1      TO 1/4 MILE OR LESS
LOWEST:      6 ON  4                               3 = THUNDER
                                                   4 = ICE PELLETS
                                                   5 = HAIL
                                                   6 = FREEZING RAIN OR DRIZZLE
                                                   7 = DUSTSTORM OR SANDSTORM:
                                                       VSBY 1/2 MILE OR LESS
                                                   8 = SMOKE OR HAZE
[NO. OF DAYS WITH]      [WEATHER - DAYS WITH]      9 = BLOWING SNOW
                                                   X = TORNADO
MAX 32 OR BELOW:   2    0.01 INCH OR MORE:   2
MAX 90 OR ABOVE:   0    0.10 INCH OR MORE:   1
MIN 32 OR BELOW:  25    0.50 INCH OR MORE:   0
MIN  0 OR BELOW:   0    1.00 INCH OR MORE:   0

[HDD (BASE 65) ]
TOTAL THIS MO.   687    CLEAR  (SCALE 0-3)  23
DPTR FM NORMAL  -183    PTCLDY (SCALE 4-7)   5
TOTAL FM JUL 1  3413    CLOUDY (SCALE 8-10)  1
DPTR FM NORMAL  -663

[CDD (BASE 65) ]
TOTAL THIS MO.     1
DPTR FM NORMAL     1    [PRESSURE DATA]
TOTAL FM JAN 1     1    HIGHEST SLP 30.50 ON 25
DPTR FM NORMAL     1    LOWEST  SLP 29.34 ON  2

[REMARKS]
#FINAL-02-16#
