000
CXUS53 KDDC 011453
CF6GCK
PRELIMINARY LOCAL CLIMATOLOGICAL DATA (WS FORM: F-6)
STATION: GARDEN CITY REGIONAL ARPT KS
MONTH: AUGUST
YEAR: 2021
LATITUDE: 37 55 N
LONGITUDE: 100 43 W
TEMPERATURE IN F: :PCPN: SNOW: WIND :SUNSHINE: SKY :PK WND
================================================================================
1 2 3 4 5 6A 6B 7 8 9 10 11 12 13 14 15 16 17 18
12Z AVG MX 2MIN
DY MAX MIN AVG DEP HDD CDD WTR SNW DPTH SPD SPD DIR MIN PSBL S-S WX SPD DR
================================================================================
1 83 61 72 -6 0 7 0.21 M M 7.0 17 30 M M 6 138 22 50
2 84 58 71 -7 0 6 0.00 M M 5.1 14 130 M M 1 18 17 130
3 89 57 73 -5 0 8 0.00 M M 11.0 20 190 M M 0 8 29 190
4 87 57 72 -6 0 7 0.00 M M 11.0 26 240 M M 1 18 36 230
5 91 59 75 -3 0 10 0.00 M M 6.9 16 210 M M 1 18 21 200
6 97 58 78 0 0 13 0.00 M M 12.7 24 150 M M 0 18 39 150
7 98 66 82 4 0 17 0.18 M M 12.5 28 10 M M 1 38 38 360
8 96 58 77 -1 0 12 0.00 M M 6.4 15 180 M M 0 18 19 180
9 100 60 80 3 0 15 0.00 M M 10.3 21 160 M M 0 18 32 170
10 100 68 84 7 0 19 0.00 M M 11.0 25 140 M M 0 36 150
11 102 69 86 9 0 21 0.00 M M 10.4 20 190 M M 0 25 180
12 99 67 83 6 0 18 0.16 M M 9.4 29 10 M M 2 13 37 10
13 81 64 73 -4 0 8 0.05 M M 9.0 24 100 M M 3 3 33 110
14 88 64 76 -1 0 11 0.00 M M 9.2 20 150 M M 1 1 26 130
15 92 66 79 3 0 14 0.00 M M 11.7 23 180 M M 0 32 190
16 87 64 76 0 0 11 0.00 M M 13.4 25 70 M M 1 18 33 70
17 90 58 74 -2 0 9 0.00 M M 12.7 23 180 M M 0 32 150
18 88 64 76 0 0 11 0.00 M M 15.7 25 140 M M 3 1 37 140
19 91 69 80 4 0 15 0.00 M M 19.2 33 140 M M 5 43 130
20 93 67 80 4 0 15 0.00 M M 11.2 23 90 M M 0 1 37 150
21 86 64 75 -1 0 10 0.00 M M 13.7 23 130 M M 3 32 80
22 97 63 80 5 0 15 0.00 M M 17.4 31 190 M M 0 43 180
23 103 70 87 12 0 22 0.00 M M 15.2 24 200 M M 0 35 200
24 106 69 88 13 0 23 0.00 M M 9.7 21 270 M M 0 29 270
25 102 65 84 9 0 19 T M M 8.1 37 100 M M 1 38 52 100
26 99 66 83 8 0 18 T M M 15.7 30 180 M M 0 40 180
27 97 67 82 8 0 17 0.00 M M 15.7 28 180 M M 0 36 180
28 97 70 84 10 0 19 0.00 M M 16.5 28 180 M M 1 3 42 190
29 82 66 74 0 0 9 T M M 13.1 28 130 M M 1 37 130
30 94 61 78 4 0 13 0.00 M M 10.8 22 190 M M 0 1 30 190
31 97 62 80 6 0 15 0.00 M M 9.3 20 180 M M 0 25 200
================================================================================
SM 2896 1977 0 427 0.60 M 361.0 M 31
================================================================================
AV 93.4 63.8 11.6 FASTST M M 1 MAX(MPH)
MISC ----> 37 100 52 100
================================================================================
NOTES:
# LAST OF SEVERAL OCCURRENCES
COLUMN 17 PEAK WIND IN M.P.H.
PRELIMINARY LOCAL CLIMATOLOGICAL DATA (WS FORM: F-6) , PAGE 2
STATION: GARDEN CITY REGIONAL ARPT KS
MONTH: AUGUST
YEAR: 2021
LATITUDE: 37 55 N
LONGITUDE: 100 43 W
[TEMPERATURE DATA] [PRECIPITATION DATA] SYMBOLS USED IN COLUMN 16
AVERAGE MONTHLY: 78.6 TOTAL FOR MONTH: 0.60 1 = FOG OR MIST
DPTR FM NORMAL: 2.4 DPTR FM NORMAL: -1.89 2 = FOG REDUCING VISIBILITY
HIGHEST: 106 ON 24 GRTST 24HR 0.21 ON 1- 1 TO 1/4 MILE OR LESS
LOWEST: 57 ON 4, 3 3 = THUNDER
4 = ICE PELLETS
5 = HAIL
6 = FREEZING RAIN OR DRIZZLE
7 = DUSTSTORM OR SANDSTORM:
VSBY 1/2 MILE OR LESS
8 = SMOKE OR HAZE
[NO. OF DAYS WITH] [WEATHER - DAYS WITH] 9 = BLOWING SNOW
X = TORNADO
MAX 32 OR BELOW: 0 0.01 INCH OR MORE: 4
MAX 90 OR ABOVE: 21 0.10 INCH OR MORE: 3
MIN 32 OR BELOW: 0 0.50 INCH OR MORE: 0
MIN 0 OR BELOW: 0 1.00 INCH OR MORE: 0
[HDD (BASE 65) ]
TOTAL THIS MO. 0 CLEAR (SCALE 0-3) 28
DPTR FM NORMAL -3 PTCLDY (SCALE 4-7) 3
TOTAL FM JUL 1 0 CLOUDY (SCALE 8-10) 0
DPTR FM NORMAL -1
[CDD (BASE 65) ]
TOTAL THIS MO. 427
DPTR FM NORMAL 77 [PRESSURE DATA]
TOTAL FM JAN 1 1178 HIGHEST SLP 30.23 ON 1
DPTR FM NORMAL 41 LOWEST SLP 29.61 ON 7
[REMARKS]
#FINAL-08-21#