000
CXUS43 KDDC 011506
CF6GCK
PRELIMINARY LOCAL CLIMATOLOGICAL DATA (WS FORM: F-6)

                                          STATION:   GARDEN CITY REGIONAL ARPT KS
                                          MONTH:     AUGUST
                                          YEAR:      2010
                                          LATITUDE:   37 55 N
                                          LONGITUDE: 100 43 W

  TEMPERATURE IN F:       :PCPN:    SNOW:  WIND      :SUNSHINE: SKY     :PK WND
================================================================================
1   2   3   4   5  6A  6B    7    8   9   10  11  12  13   14  15   16   17  18
                                     12Z  AVG MX 2MIN
DY MAX MIN AVG DEP HDD CDD  WTR  SNW DPTH SPD SPD DIR MIN PSBL S-S WX    SPD DR
================================================================================

 1 100  69  85   6   0  20 0.28    M    M 12.1 25 190   M    M   1 138    31 180
 2 105  70  88   9   0  23 0.00    M    M 13.3 26 240   M    M   0        33 210
 3  99  66  83   4   0  18    T    M    M  8.2 23 220   M    M   0        29 220
 4  92  68  80   1   0  15 0.00    M    M 12.2 31  30   M    M   0        38  30
 5  90  66  78  -1   0  13 0.01    M    M  6.7 22  30   M    M   3 8      28  30
 6  92  68  80   1   0  15 0.00    M    M  9.1 21 130   M    M   2        28 140
 7  99  67  83   4   0  18 0.00    M    M  9.7 25 140   M    M   1        32 150
 8 104  69  87   8   0  22 0.00    M    M 11.0 23 200   M    M   0        31 210
 9 100  69  85   7   0  20    T    M    M  8.9 23 180   M    M   2 3      33 140
10  95  68  82   4   0  17    T    M    M  5.3 22 180   M    M   1        28 190
11 102  66  84   6   0  19 0.00    M    M  7.6 30 220   M    M   0        38 220
12 103  69  86   8   0  21 0.10    M    M 11.0 37 320   M    M   1 3      47 320
13  97  68  83   5   0  18    T    M    M 12.2 25 350   M    M   1        31  10
14 100  68  84   6   0  19 0.06    M    M 11.8 35  30   M    M   0 3      41 100
15  77  61  69  -8   0   4 0.26    M    M 14.1 25  80   M    M   5 1      30  80
16  78  65  72  -5   0   7 0.00    M    M  9.1 23 200   M    M   4        28 210
17  81  63  72  -5   0   7 0.04    M    M  7.0 20  10   M    M   7 1      22  10
18  94  62  78   1   0  13 0.01    M    M 11.1 20 180   M    M   3 12     26 180
19 100  65  83   6   0  18 0.04    M    M 13.5 29 180   M    M   1 138    38 180
20  96  65  81   4   0  16 0.00    M    M  9.7 22 350   M    M   1        29 360
21  98  61  80   4   0  15 0.00    M    M  8.8 20 130   M    M   0        24 130
22  95  63  79   3   0  14 0.00    M    M 13.7 26 260   M    M   1        32 330
23 102  67  85   9   0  20 0.21    M    M 14.8 37 290   M    M   2 3      45 290
24  81  60  71  -5   0   6 0.27    M    M 16.7 30  40   M    M   3 13     38  30
25  82  51  67  -8   0   2 0.00    M    M  7.0 16 130   M    M   0        23 140
26  85  50  68  -7   0   3 0.00    M    M 11.5 20 180   M    M   0        26 150
27  92  51  72  -3   0   7 0.00    M    M 14.1 28 180   M    M   0        36 180
28  93  60  77   3   0  12 0.00    M    M 18.7 35 190   M    M   0        43 170
29  94  69  82   8   0  17 0.00    M    M 19.1 36 180   M    M   1        44 180
30  93  68  81   7   0  16 0.00    M    M 18.9 33 190   M    M   0        45 180
31  95  70  83   9   0  18 0.00    M    M 10.0 24  40   M    M   0        31  30
================================================================================
SM 2914 2002         0 453 1.28    M     356.9          M       40
================================================================================
AV 94.0 64.6                              11.5 FASTST   M    M   1    MAX(MPH)
                                 MISC ---->  # 37 320                     47 320
================================================================================
NOTES:
# LAST OF SEVERAL OCCURRENCES

COLUMN 17 PEAK WIND IN M.P.H.

PRELIMINARY LOCAL CLIMATOLOGICAL DATA (WS FORM: F-6) , PAGE 2

                                          STATION:  GARDEN CITY REGIONAL ARPT KS
                                          MONTH:    AUGUST
                                          YEAR:     2010
                                          LATITUDE:   37 55 N
                                          LONGITUDE: 100 43 W

[TEMPERATURE DATA]      [PRECIPITATION DATA]       SYMBOLS USED IN COLUMN 16

AVERAGE MONTHLY: 79.3   TOTAL FOR MONTH:   1.28    1 = FOG OR MIST
DPTR FM NORMAL:   2.3   DPTR FM NORMAL:   -1.29    2 = FOG REDUCING VISIBILITY
HIGHEST:   105 ON  2    GRTST 24HR  0.48 ON 23-24      TO 1/4 MILE OR LESS
LOWEST:     50 ON 26                               3 = THUNDER
                        SNOW, ICE PELLETS, HAIL    4 = ICE PELLETS
                        TOTAL MONTH:    M          5 = HAIL
                        GRTST 24HR    M  ON   M    6 = FREEZING RAIN OR DRIZZLE
                        GRTST DEPTH:  M  ON   M    7 = DUSTSTORM OR SANDSTORM:
                                                       VSBY 1/2 MILE OR LESS
                                                   8 = SMOKE OR HAZE
[NO. OF DAYS WITH]      [WEATHER - DAYS WITH]      9 = BLOWING SNOW
                                                   X = TORNADO
MAX 32 OR BELOW:   0    0.01 INCH OR MORE:  10
MAX 90 OR ABOVE:  25    0.10 INCH OR MORE:   5
MIN 32 OR BELOW:   0    0.50 INCH OR MORE:   0
MIN  0 OR BELOW:   0    1.00 INCH OR MORE:   0

[HDD (BASE 65) ]
TOTAL THIS MO.     0    CLEAR  (SCALE 0-3)  27
DPTR FM NORMAL    -5    PTCLDY (SCALE 4-7)   4
TOTAL FM JUL 1     0    CLOUDY (SCALE 8-10)  0
DPTR FM NORMAL    -5

[CDD (BASE 65) ]
TOTAL THIS MO.   453
DPTR FM NORMAL    76    [PRESSURE DATA]
TOTAL FM JAN 1  1376    HIGHEST SLP 30.31 ON 25
DPTR FM NORMAL   216    LOWEST  SLP 29.55 ON 20

[REMARKS]
#FINAL-08-10#
