000
CXUS43 KDDC 031314
CF6GCK
PRELIMINARY LOCAL CLIMATOLOGICAL DATA (WS FORM: F-6)

                                          STATION:   GARDEN CITY REGIONAL ARPT KS
                                          MONTH:     JULY
                                          YEAR:      2010
                                          LATITUDE:   37 55 N
                                          LONGITUDE: 100 43 W

  TEMPERATURE IN F:       :PCPN:    SNOW:  WIND      :SUNSHINE: SKY     :PK WND
================================================================================
1   2   3   4   5  6A  6B    7    8   9   10  11  12  13   14  15   16   17  18
                                     12Z  AVG MX 2MIN
DY MAX MIN AVG DEP HDD CDD  WTR  SNW DPTH SPD SPD DIR MIN PSBL S-S WX    SPD DR
================================================================================

 1  89  61  75  -2   0  10 0.00    M    M 15.4 32 150   M    M   1        36 150
 2  89  68  79   2   0  14 0.00    M    M 20.7 32 180   M    M   5 18     43 180
 3  92  68  80   2   0  15 0.00    M    M 21.2 33 190   M    M   5        43 190
 4  92  63  78   0   0  13 1.67    M    M 13.4 47 340   M    M   6 13     62 320
 5  82  62  72  -6   0   7 0.11    M    M 10.8 29  10   M    M   6 13     35  10
 6  88  60  74  -4   0   9 0.01    M    M  7.2 16 120   M    M   1 128    30 130
 7  79  66  73  -5   0   8 0.00    M    M 11.7 24  80   M    M   3        30  30
 8  79  63  71  -7   0   6 0.06    M    M  8.6 15 270   M    M   6 1      24 210
 9  85  61  73  -6   0   8 0.00    M    M  6.1 13  90   M    M   3 1      15  90
10  89  62  76  -3   0  11 0.09    M    M 11.5 22 310   M    M   1 13     29 310
11  93  64  79   0   0  14    T    M    M 10.2 30 190   M    M   0        35 190
12  90  67  79   0   0  14 0.00    M    M  6.3 14 320   M    M   2        16 110
13 103  65  84   5   0  19 0.00    M    M 12.7 26 210   M    M   0        35 190
14 100  70  85   6   0  20 0.58    M    M 15.3 39  30   M    M   1 138    49  40
15  91  69  80   1   0  15 0.02    M    M  7.9 18  70   M    M   1 13     22  60
16  97  68  83   4   0  18 0.00    M    M  5.6 15 140   M    M   0 128    18 170
17 101  67  84   5   0  19 0.00    M    M  9.3 17 180   M    M   0 1      22 190
18 100  69  85   6   0  20 0.06    M    M 11.6 24 180   M    M   0 3      31 150
19 101  67  84   5   0  19 0.00    M    M 11.5 24 210   M    M   0 3      30 200
20 100  72  86   7   0  21 0.00    M    M  8.5 20 180   M    M   1        25 190
21  96  70  83   4   0  18 0.00    M    M 15.4 28 180   M    M   0        38 180
22 100  74  87   8   0  22 0.00    M    M 18.6 31 210   M    M   0 3      40 200
23 100  70  85   5   0  20 0.00    M    M 12.8 26 180   M    M   1 3      33 180
24  86  66  76  -4   0  11    T    M    M  7.7 21 140   M    M   1        25  20
25  84  64  74  -6   0   9    T    M    M  6.8 21 140   M    M   3        26 150
26  94  66  80   1   0  15 0.00    M    M 12.9 26 190   M    M   1 18     36 200
27  94  65  80   1   0  15 0.00    M    M 12.8 25 150   M    M   0        33 150
28  95  66  81   2   0  16 0.00    M    M  8.2 18 180   M    M   1 1      23 180
29  96  68  82   3   0  17 0.00    M    M 11.4 22 190   M    M   1        28 190
30  99  69  84   5   0  19 0.00    M    M 10.4 20  50   M    M   1        26  50
31  97  71  84   5   0  19    T    M    M 12.5 31 310   M    M   1        38 320
================================================================================
SM 2881 2061         0 461 2.60    M     355.0          M       52
================================================================================
AV 92.9 66.5                              11.5 FASTST   M    M   2    MAX(MPH)
                                 MISC ---->    47 340                     62 320
================================================================================
NOTES:
# LAST OF SEVERAL OCCURRENCES

COLUMN 17 PEAK WIND IN M.P.H.

PRELIMINARY LOCAL CLIMATOLOGICAL DATA (WS FORM: F-6) , PAGE 2

                                          STATION:  GARDEN CITY REGIONAL ARPT KS
                                          MONTH:    JULY
                                          YEAR:     2010
                                          LATITUDE:   37 55 N
                                          LONGITUDE: 100 43 W

[TEMPERATURE DATA]      [PRECIPITATION DATA]       SYMBOLS USED IN COLUMN 16

AVERAGE MONTHLY: 79.7   TOTAL FOR MONTH:   2.60    1 = FOG OR MIST
DPTR FM NORMAL:   0.9   DPTR FM NORMAL:   -0.71    2 = FOG REDUCING VISIBILITY
HIGHEST:   103 ON 13    GRTST 24HR  1.78 ON  4- 5      TO 1/4 MILE OR LESS
LOWEST:     60 ON  6                               3 = THUNDER
                        SNOW, ICE PELLETS, HAIL    4 = ICE PELLETS
                        TOTAL MONTH:    M          5 = HAIL
                        GRTST 24HR    M  ON   M    6 = FREEZING RAIN OR DRIZZLE
                        GRTST DEPTH:  M  ON   M    7 = DUSTSTORM OR SANDSTORM:
                                                       VSBY 1/2 MILE OR LESS
                                                   8 = SMOKE OR HAZE
[NO. OF DAYS WITH]      [WEATHER - DAYS WITH]      9 = BLOWING SNOW
                                                   X = TORNADO
MAX 32 OR BELOW:   0    0.01 INCH OR MORE:   8
MAX 90 OR ABOVE:  21    0.10 INCH OR MORE:   3
MIN 32 OR BELOW:   0    0.50 INCH OR MORE:   2
MIN  0 OR BELOW:   0    1.00 INCH OR MORE:   1

[HDD (BASE 65) ]
TOTAL THIS MO.     0    CLEAR  (SCALE 0-3)  24
DPTR FM NORMAL     0    PTCLDY (SCALE 4-7)   7
TOTAL FM JUL 1     0    CLOUDY (SCALE 8-10)  0
DPTR FM NORMAL     0

[CDD (BASE 65) ]
TOTAL THIS MO.   461
DPTR FM NORMAL    35    [PRESSURE DATA]
TOTAL FM JAN 1   923    HIGHEST SLP 30.20 ON  8
DPTR FM NORMAL   140    LOWEST  SLP 29.63 ON 12

[REMARKS]
#FINAL-07-10#
