000
CXUS43 KDDC 040132
CF6GCK
PRELIMINARY LOCAL CLIMATOLOGICAL DATA (WS FORM: F-6)

                                          STATION:   GARDEN CITY REGIONAL ARPT KS
                                          MONTH:     APRIL
                                          YEAR:      2010
                                          LATITUDE:   37 55 N
                                          LONGITUDE: 100 43 W

  TEMPERATURE IN F:       :PCPN:    SNOW:  WIND      :SUNSHINE: SKY     :PK WND
================================================================================
1   2   3   4   5  6A  6B    7    8   9   10  11  12  13   14  15   16   17  18
                                     12Z  AVG MX 2MIN
DY MAX MIN AVG DEP HDD CDD  WTR  SNW DPTH SPD SPD DIR MIN PSBL S-S WX    SPD DR
================================================================================

 1  85  47  66  17   0   1 0.00    M    M 19.8 36 200   M    M   0 8      45 200
 2  62  30  46  -3  19   0 0.00    M    M 13.7 32 330   M    M   1        40 310
 3  72  27  50   1  15   0 0.00    M    M 13.4 32 190   M    M   0        39 200
 4  72  34  53   3  12   0 0.00    M    M 11.0 28  20   M    M   0        33  20
 5  89  43  66  16   0   1 0.00    M    M 18.4 39 220   M    M   1        48 210
 6  74  33  54   4  11   0 0.00    M    M 15.8 41 340   M    M   0 8      52 320
 7  52  30  41  -9  24   0 0.02    M    M 21.5 40 350   M    M   3 16     49 350
 8  62  26  44  -7  21   0 0.00    M    M  9.2 20 310   M    M   3        29 300
 9  76  33  55   4  10   0 0.00    M    M  7.4 16 150   M    M   0        20 150
10  68  38  53   2  12   0 0.00    M    M 12.3 21  30   M    M   0        26  20
11  72  40  56   4   9   0 0.00    M    M  9.1 21 120   M    M   3 1      25 120
12  81  48  65  13   0   0 0.00    M    M 17.7 32 180   M    M   1 1      40 190
13  76  54  65  13   0   0 0.00    M    M 27.6 43 180   M    M   3 3      52 180
14  79  57  68  15   0   3 0.06    M    M 18.2 32 180   M    M   6 3      39 190
15  75  56  66  13   0   1 0.00    M    M 15.2 26 190   M    M   5 3      32 180
16  60  39  50  -3  15   0 0.53    M    M 15.1 29  60   M    M   5 1      40  50
17  59  34  47  -7  18   0 0.00    M    M  8.4 14 110   M    M   1        17  90
18  64  37  51  -3  14   0 0.00    M    M  9.4 21 130   M    M   3 18     29 130
19  57  46  52  -2  13   0 0.00    M    M 10.2 17 180   M    M   9 1      25 150
20  58  49  54   0  11   0 0.00    M    M  9.2 21 130   M    M  10 1      23 130
21  60  49  55   0  10   0 0.00    M    M  7.8 17 120   M    M  10 128    21 120
22  65  54  60   5   5   0 0.53    M    M 16.2 33 170   M    M   9 138    44 150
23  69  46  58   3   7   0 0.01    M    M 19.6 36 180   M    M   3 1      41 180
24  59  43  51  -5  14   0 0.02    M    M 24.6 41 330   M    M   8 1      54 330
25  71  41  56   0   9   0 0.00    M    M 14.6 24  30   M    M   1        31  20
26  62  38  50  -6  15   0 0.11    M    M 18.4 31 360   M    M   3 1      41 350
27  65  30  48  -9  17   0 0.00    M    M  8.9 18 150   M    M   0        24 150
28  83  47  65   8   0   0 0.00    M    M 17.7 26 210   M    M   0        33 200
29  86  42  64   7   1   0 0.03    M    M 16.0 38 360   M    M   1 1      49 360
30  63  40  52  -6  13   0 0.00    M    M  9.5 22 350   M    M   3        28 330
================================================================================
SM 2076 1231       295   6 1.31    M     435.9          M       92
================================================================================
AV 69.2 41.0                              14.5 FASTST   M    M   3      MAX(MPH)
                                 MISC ---->    43 180                     54 330
================================================================================
NOTES:
# LAST OF SEVERAL OCCURRENCES

COLUMN 17 PEAK WIND IN M.P.H.

PRELIMINARY LOCAL CLIMATOLOGICAL DATA (WS FORM: F-6) , PAGE 2

                                          STATION:  GARDEN CITY REGIONAL ARPT KS
                                          MONTH:    APRIL
                                          YEAR:     2010
                                          LATITUDE:   37 55 N
                                          LONGITUDE: 100 43 W

[TEMPERATURE DATA]      [PRECIPITATION DATA]       SYMBOLS USED IN COLUMN 16

AVERAGE MONTHLY: 55.1   TOTAL FOR MONTH:   1.31    1 = FOG OR MIST
DPTR FM NORMAL:   2.0   DPTR FM NORMAL:   -0.62    2 = FOG REDUCING VISIBILITY
HIGHEST:    89 ON  5    GRTST 24HR  0.53 ON 21-22      TO 1/4 MILE OR LESS
LOWEST:     26 ON  8                               3 = THUNDER
                        SNOW, ICE PELLETS, HAIL    4 = ICE PELLETS
                        TOTAL MONTH:    M          5 = HAIL
                        GRTST 24HR    M  ON   M    6 = FREEZING RAIN OR DRIZZLE
                        GRTST DEPTH:  M  ON   M    7 = DUSTSTORM OR SANDSTORM:
                                                       VSBY 1/2 MILE OR LESS
                                                   8 = SMOKE OR HAZE
[NO. OF DAYS WITH]      [WEATHER - DAYS WITH]      9 = BLOWING SNOW
                                                   X = TORNADO
MAX 32 OR BELOW:   0    0.01 INCH OR MORE:   8
MAX 90 OR ABOVE:   0    0.10 INCH OR MORE:   3
MIN 32 OR BELOW:   5    0.50 INCH OR MORE:   2
MIN  0 OR BELOW:   0    1.00 INCH OR MORE:   0

[HDD (BASE 65) ]
TOTAL THIS MO.   295    CLEAR  (SCALE 0-3)  19
DPTR FM NORMAL   -73    PTCLDY (SCALE 4-7)   7
TOTAL FM JUL 1  5361    CLOUDY (SCALE 8-10)  4
DPTR FM NORMAL   276

[CDD (BASE 65) ]
TOTAL THIS MO.     6
DPTR FM NORMAL    -4    [PRESSURE DATA]
TOTAL FM JAN 1     6    HIGHEST SLP 30.34 ON 16
DPTR FM NORMAL    -4    LOWEST  SLP 29.01 ON 29

[REMARKS]
#FINAL-04-10#
