791
CXUS53 KDDC 011405
CF6GCK
PRELIMINARY LOCAL CLIMATOLOGICAL DATA (WS FORM: F-6)

                                          STATION:   GARDEN CITY REGIONAL ARPT KS
                                          MONTH:     JANUARY
                                          YEAR:      2017
                                          LATITUDE:   37 55 N
                                          LONGITUDE: 100 43 W

  TEMPERATURE IN F:       :PCPN:    SNOW:  WIND      :SUNSHINE: SKY     :PK WND
================================================================================
1   2   3   4   5  6A  6B    7    8   9   10  11  12  13   14  15   16   17  18
                                     12Z  AVG MX 2MIN
DY MAX MIN AVG DEP HDD CDD  WTR  SNW DPTH SPD SPD DIR MIN PSBL S-S WX    SPD DR
================================================================================

 1  53  21  37   7  28   0 0.00    M    M 11.7 22 180   M    M   2        29 150
 2  48  20  34   3  31   0 0.00    M    M 10.8 26  10   M    M   4 12     33  20
 3  29  11  20 -11  45   0    T    M    M 16.2 28 360   M    M   3 1      34 360
 4  26   5  16 -15  49   0 0.00    M    M 10.2 21  40   M    M   0        26 120
 5  13   0   7 -24  58   0 0.07    M    M 10.6 18  30   M    M  10 1      24  30
 6  20   0  10 -21  55   0 0.00    M    M  6.1 12 270   M    M   2        14 280
 7  28  -4  12 -19  53   0 0.00    M    M  7.1 14 300   M    M   0        17 300
 8  39  13  26  -5  39   0 0.00    M    M 10.5 18 210   M    M   0        22 170
 9  53  23  38   7  27   0 0.00    M    M 10.9 23 230   M    M   0        29 220
10  56  33  45  14  20   0 0.00    M    M 13.7 28 300   M    M   1        37 290
11  64  15  40   9  25   0 0.00    M    M 13.5 25  50   M    M   0 8      31  50
12  25   9  17 -14  48   0 0.00    M    M  7.8 17  60   M    M   0        21  60
13  27  12  20 -11  45   0 0.00    M    M  6.1 13  80   M    M   5        15  70
14  34  25  30  -1  35   0 0.13    M    M  1.9  7 120   M    M   8 16      9 140
15  31  30  31   0  34   0 0.59    M    M  8.3 18  50   M    M  10 16     23  40
16  34  30  32   1  33   0 0.35    M    M 12.9 20  20   M    M   9 16     24  30
17  48  29  39   8  26   0    T    M    M  7.5 16 330   M    M   5        19 320
18  54  29  42  11  23   0 0.00    M    M 11.3 24 190   M    M   3 1      31 180
19  44  30  37   6  28   0 0.00    M    M  5.1 17 170   M    M  10 1      23 180
20  48  27  38   7  27   0    T    M    M  8.2 20 310   M    M   8 128    24 310
21  53  23  38   7  27   0 0.14    M    M  9.2 17  10   M    M   3        26 130
22  51  27  39   8  26   0 0.00    M    M 13.0 25 340   M    M   1        29 330
23  59  26  43  12  22   0 0.00    M    M  9.0 21 190   M    M   0        25 200
24  42  25  34   3  31   0 0.00    M    M 16.0 28 320   M    M   4        34 320
25  35  15  25  -6  40   0 0.00    M    M 16.7 30 350   M    M   0        35 350
26  43  12  28  -3  37   0 0.00    M    M 10.6 23 310   M    M   1        29 330
27  44  13  29  -2  36   0 0.00    M    M 13.4 26 320   M    M   0        35 300
28  52  21  37   6  28   0 0.00    M    M 16.2 30 340   M    M   4        39 320
29  65  31  48  16  17   0 0.00    M    M 16.9 33 330   M    M   0        42 340
30  70  26  48  16  17   0 0.00    M    M  8.1 18  10   M    M   0        23 330
31  58  26  42  10  23   0 0.00    M    M  9.9 20 120   M    M   0        24 130
================================================================================
SM 1346  603      1033   0 1.28    M     329.4          M       93
================================================================================
AV 43.4 19.5                              10.6 FASTST   M    M   3      MAX(MPH)
                                 MISC ---->    33 330                     42 340
================================================================================
NOTES:
# LAST OF SEVERAL OCCURRENCES

COLUMN 17 PEAK WIND IN M.P.H.

PRELIMINARY LOCAL CLIMATOLOGICAL DATA (WS FORM: F-6) , PAGE 2

                                          STATION:  GARDEN CITY REGIONAL ARPT KS
                                          MONTH:    JANUARY
                                          YEAR:     2017
                                          LATITUDE:   37 55 N
                                          LONGITUDE: 100 43 W

[TEMPERATURE DATA]      [PRECIPITATION DATA]       SYMBOLS USED IN COLUMN 16

AVERAGE MONTHLY: 31.5   TOTAL FOR MONTH:   1.28    1 = FOG OR MIST
DPTR FM NORMAL:   0.6   DPTR FM NORMAL:    0.94    2 = FOG REDUCING VISIBILITY
HIGHEST:    70 ON 30    GRTST 24HR  0.72 ON 15-16      TO 1/4 MILE OR LESS
LOWEST:     -4 ON  7                               3 = THUNDER
                                                   4 = ICE PELLETS
                                                   5 = HAIL
                                                   6 = FREEZING RAIN OR DRIZZLE
                                                   7 = DUSTSTORM OR SANDSTORM:
                                                       VSBY 1/2 MILE OR LESS
                                                   8 = SMOKE OR HAZE
[NO. OF DAYS WITH]      [WEATHER - DAYS WITH]      9 = BLOWING SNOW
                                                   X = TORNADO
MAX 32 OR BELOW:   8    0.01 INCH OR MORE:   5
MAX 90 OR ABOVE:   0    0.10 INCH OR MORE:   4
MIN 32 OR BELOW:  30    0.50 INCH OR MORE:   1
MIN  0 OR BELOW:   3    1.00 INCH OR MORE:   0

[HDD (BASE 65) ]
TOTAL THIS MO.  1033    CLEAR  (SCALE 0-3)  18
DPTR FM NORMAL   -24    PTCLDY (SCALE 4-7)   9
TOTAL FM JUL 1  2862    CLOUDY (SCALE 8-10)  4
DPTR FM NORMAL  -318

[CDD (BASE 65) ]
TOTAL THIS MO.     0
DPTR FM NORMAL     0    [PRESSURE DATA]
TOTAL FM JAN 1     0    HIGHEST SLP 30.72 ON  7
DPTR FM NORMAL     0    LOWEST  SLP 29.33 ON 21

[REMARKS]
#FINAL-01-17#
