000
CXUS43 KDDC 011403
CF6GCK
PRELIMINARY LOCAL CLIMATOLOGICAL DATA (WS FORM: F-6)

                                          STATION:   GARDEN CITY REGIONAL ARPT KS
                                          MONTH:     MARCH
                                          YEAR:      2010
                                          LATITUDE:   37 55 N
                                          LONGITUDE: 100 43 W

  TEMPERATURE IN F:       :PCPN:    SNOW:  WIND      :SUNSHINE: SKY     :PK WND
================================================================================
1   2   3   4   5  6A  6B    7    8   9   10  11  12  13   14  15   16   17  18
                                     12Z  AVG MX 2MIN
DY MAX MIN AVG DEP HDD CDD  WTR  SNW DPTH SPD SPD DIR MIN PSBL S-S WX    SPD DR
================================================================================

 1  39  24  32  -7  33   0 0.00    M    M  7.0 15  30   M    M   9 1      18  50
 2  52  30  41   1  24   0 0.00    M    M  4.6 13 320   M    M   5 18     17 260
 3  57  23  40   0  25   0 0.00    M    M  8.0 17 140   M    M   0 18     24 110
 4  61  28  45   5  20   0 0.00    M    M 13.1 22 180   M    M   1 1      30 140
 5  70  31  51  11  14   0 0.00    M    M 15.1 31 160   M    M   2 1      46 170
 6  63  21  42   1  23   0 0.00    M    M  6.9 20  30   M    M   0 12     23  20
 7  53  29  41   0  24   0 0.00    M    M 10.9 18 140   M    M   7 12     24 140
 8  52  44  48   7  17   0 0.67    M    M 14.3 31 120   M    M   9 12     36 120
 9  49  33  41  -1  24   0 0.03    M    M 16.7 31 320   M    M   9 12     37 310
10  49  34  42   0  23   0 0.00    M    M 15.7 29 360   M    M   8        33 360
11  46  31  39  -3  26   0 0.02    M    M 19.5 31 330   M    M   7 1      40 330
12  55  32  44   2  21   0 0.00    M    M 21.3 37 350   M    M   2        45 350
13  58  25  42  -1  23   0 0.00    M    M  9.9 16  20   M    M   0        21  20
14  46  25  36  -7  29   0    T    M    M 13.2 22  30   M    M   8 1      26  40
15  50  30  40  -4  25   0    T    M    M 13.8 24  20   M    M   7 1      29 360
16  61  26  44   0  21   0 0.00    M    M  6.8 15 360   M    M   0        20  20
17  58  26  42  -2  23   0 0.00    M    M  7.9 15  60   M    M   0 1      17  60
18  72  25  49   5  16   0 0.00    M    M 15.3 32 180   M    M   0 8      39 180
19  50  25  38  -7  27   0    T    M    M 25.0 37  10   M    M   8 16     45  20
20  38  18  28 -17  37   0    T    M    M 20.7 33 360   M    M   4 168    40  20
21  57  16  37  -8  28   0 0.00    M    M  8.9 20 350   M    M   0        26 350
22  69  22  46   0  19   0 0.00    M    M  9.1 17 190   M    M   0        22 180
23  62  28  45  -1  20   0 0.00    M    M 16.7 35  20   M    M   2        40  20
24  42  34  38  -8  27   0 0.22    M    M 21.5 33  20   M    M  10 16     41  20
25  55  26  41  -5  24   0 0.00    M    M  8.3 15 170   M    M   0        18 170
26  71  35  53   6  12   0 0.37    M    M 19.5 35 180   M    M   2 138    45 180
27  54  34  44  -3  21   0 0.56    M    M 20.8 39 350   M    M   8 1      51 360
28  62  31  47   0  18   0 0.00    M    M 10.7 18 340   M    M   0        26  10
29  76  32  54   6  11   0 0.00    M    M 10.9 22 180   M    M   0        28 190
30  83  40  62  14   3   0 0.00    M    M  9.3 20 180   M    M   0        23 180
31  78  44  61  13   4   0 0.00    M    M  9.4 21  30   M    M   0        25  50
================================================================================
SM 1788  902       662   0 1.87    M     410.8          M      108
================================================================================
AV 57.7 29.1                              13.3 FASTST   M    M   3    MAX(MPH)
                                 MISC ---->    39 350                     51 360
================================================================================
NOTES:
# LAST OF SEVERAL OCCURRENCES

COLUMN 17 PEAK WIND IN M.P.H.

PRELIMINARY LOCAL CLIMATOLOGICAL DATA (WS FORM: F-6) , PAGE 2

                                          STATION:  GARDEN CITY REGIONAL ARPT KS
                                          MONTH:    MARCH
                                          YEAR:     2010
                                          LATITUDE:   37 55 N
                                          LONGITUDE: 100 43 W

[TEMPERATURE DATA]      [PRECIPITATION DATA]       SYMBOLS USED IN COLUMN 16

AVERAGE MONTHLY: 43.4   TOTAL FOR MONTH:   1.87    1 = FOG OR MIST
DPTR FM NORMAL:  -0.3   DPTR FM NORMAL:    0.25    2 = FOG REDUCING VISIBILITY
HIGHEST:    83 ON 30    GRTST 24HR  0.93 ON 26-27      TO 1/4 MILE OR LESS
LOWEST:     16 ON 21                               3 = THUNDER
                        SNOW, ICE PELLETS, HAIL    4 = ICE PELLETS
                        TOTAL MONTH:    M          5 = HAIL
                        GRTST 24HR    M  ON   M    6 = FREEZING RAIN OR DRIZZLE
                        GRTST DEPTH:  M  ON   M    7 = DUSTSTORM OR SANDSTORM:
                                                       VSBY 1/2 MILE OR LESS
                                                   8 = SMOKE OR HAZE
[NO. OF DAYS WITH]      [WEATHER - DAYS WITH]      9 = BLOWING SNOW
                                                   X = TORNADO
MAX 32 OR BELOW:   0    0.01 INCH OR MORE:   6
MAX 90 OR ABOVE:   0    0.10 INCH OR MORE:   4
MIN 32 OR BELOW:  23    0.50 INCH OR MORE:   2
MIN  0 OR BELOW:   0    1.00 INCH OR MORE:   0

[HDD (BASE 65) ]
TOTAL THIS MO.   662    CLEAR  (SCALE 0-3)  18
DPTR FM NORMAL     0    PTCLDY (SCALE 4-7)   8
TOTAL FM JUL 1  5066    CLOUDY (SCALE 8-10)  5
DPTR FM NORMAL   349

[CDD (BASE 65) ]
TOTAL THIS MO.     0
DPTR FM NORMAL     0    [PRESSURE DATA]
TOTAL FM JAN 1     0    HIGHEST SLP 30.47 ON 16
DPTR FM NORMAL     0    LOWEST  SLP 29.36 ON 30

[REMARKS]
#FINAL-03-10#
