000
CXUS53 KDDC 031557
CF6GCK
PRELIMINARY LOCAL CLIMATOLOGICAL DATA (WS FORM: F-6)

                                          STATION:   GARDEN CITY REGIONAL ARPT KS
                                          MONTH:     OCTOBER
                                          YEAR:      2015
                                          LATITUDE:   37 55 N
                                          LONGITUDE: 100 43 W

  TEMPERATURE IN F:       :PCPN:    SNOW:  WIND      :SUNSHINE: SKY     :PK WND
================================================================================
1   2   3   4   5  6A  6B    7    8   9   10  11  12  13   14  15   16   17  18
                                     12Z  AVG MX 2MIN
DY MAX MIN AVG DEP HDD CDD  WTR  SNW DPTH SPD SPD DIR MIN PSBL S-S WX    SPD DR
================================================================================

 1  70  54  62   0   3   0 0.00    M    M 12.7 23 130   M    M   5 18     27 120
 2  60  51  56  -5   9   0    T    M    M 13.2 23 130   M    M   9 3      25 120
 3  57  46  52  -9  13   0 0.03    M    M 15.1 23 130   M    M   8        31 130
 4  70  51  61   1   4   0 0.00    M    M 12.1 21 180   M    M   7        27 150
 5  74  52  63   3   2   0 0.00    M    M 12.5 22 180   M    M   7        30 190
 6  78  50  64   5   1   0 0.00    M    M 11.4 21 150   M    M   2 1      27 150
 7  70  53  62   3   3   0 0.15    M    M  9.3 21 180   M    M   3 1      27 150
 8  84  52  68   9   0   3 0.00    M    M 10.7 30  30   M    M   1 1      36  40
 9  71  50  61   3   4   0 0.13    M    M  7.1 18  30   M    M   2 1      22  30
10  85  49  67   9   0   2 0.00    M    M  7.8 15 210   M    M   1 1      21 150
11  93  49  71  14   0   6 0.00    M    M  5.9 22 360   M    M   0 1      30 360
12  77  50  64   7   1   0 0.00    M    M 12.9 28  30   M    M   0 8      34  20
13  91  43  67  10   0   2 0.00    M    M  9.4 17 340   M    M   0 8      22 350
14  88  42  65   9   0   0 0.00    M    M 10.0 18 130   M    M   0        22 140
15  78  45  62   6   3   0 0.00    M    M 16.1 31  60   M    M   0        39  70
16  68  37  53  -2  12   0 0.00    M    M 12.3 21 150   M    M   1        26 130
17  74  48  61   6   4   0 0.00    M    M 18.0 30 180   M    M   3        39 180
18  82  49  66  11   0   1 0.00    M    M 21.4 37 210   M    M   0        46 200
19  86  56  71  17   0   6 0.00    M    M 18.8 32 200   M    M   0        40 190
20  88  56  72  18   0   7 0.04    M    M 13.3 56 180   M    M   2 38     73 180
21  60  52  56   2   9   0 0.70    M    M 11.3 21  70   M    M   7 1      26  70
22  64  52  58   5   7   0 1.58    M    M 19.3 30 100   M    M   9 1      37  90
23  68  44  56   3   9   0 0.00    M    M 15.5 30 340   M    M   3 1      37 340
24  64  36  50  -2  15   0 0.00    M    M  6.9 16 350   M    M   0 8      21 350
25  68  39  54   2  11   0 0.00    M    M  9.5 17 140   M    M   0        22 150
26  66  39  53   2  12   0 0.00    M    M 13.2 25 150   M    M   0        32 150
27  67  41  54   3  11   0 0.21    M    M  8.4 36 300   M    M   3 13     45 300
28  63  37  50  -1  15   0 0.00    M    M 10.7 26 340   M    M   1        34 350
29  56  33  45  -5  20   0 0.00    M    M 10.2 22  50   M    M   0        28  70
30  43  40  42  -8  23   0 0.64    M    0  8.7 20  70   M    M   8 1      24  70
31  69  33  51   2  14   0 0.00    M    0 10.0 23 340   M    M   3 12     27 320
================================================================================
SM 2232 1429       205  27 3.48    M     373.7          M       85
================================================================================
AV 72.0 46.1                              12.1 FASTST   M    M   3      MAX(MPH)
                                 MISC ---->    56 180                     73 180
================================================================================
NOTES:
# LAST OF SEVERAL OCCURRENCES

COLUMN 17 PEAK WIND IN M.P.H.

PRELIMINARY LOCAL CLIMATOLOGICAL DATA (WS FORM: F-6) , PAGE 2

                                          STATION:  GARDEN CITY REGIONAL ARPT KS
                                          MONTH:    OCTOBER
                                          YEAR:     2015
                                          LATITUDE:   37 55 N
                                          LONGITUDE: 100 43 W

[TEMPERATURE DATA]      [PRECIPITATION DATA]       SYMBOLS USED IN COLUMN 16

AVERAGE MONTHLY: 59.0   TOTAL FOR MONTH:   3.48    1 = FOG OR MIST
DPTR FM NORMAL:   3.6   DPTR FM NORMAL:    2.20    2 = FOG REDUCING VISIBILITY
HIGHEST:    93 ON 11    GRTST 24HR  2.23 ON 21-22      TO 1/4 MILE OR LESS
LOWEST:     33 ON 31,29                            3 = THUNDER
                        SNOW, ICE PELLETS, HAIL    4 = ICE PELLETS
                        TOTAL MONTH:   0.0 INCH    5 = HAIL
                        GRTST 24HR     0.0         6 = FREEZING RAIN OR DRIZZLE
                        GRTST DEPTH:   0           7 = DUSTSTORM OR SANDSTORM:
                                                       VSBY 1/2 MILE OR LESS
                                                   8 = SMOKE OR HAZE
[NO. OF DAYS WITH]      [WEATHER - DAYS WITH]      9 = BLOWING SNOW
                                                   X = TORNADO
MAX 32 OR BELOW:   0    0.01 INCH OR MORE:   8
MAX 90 OR ABOVE:   2    0.10 INCH OR MORE:   6
MIN 32 OR BELOW:   0    0.50 INCH OR MORE:   3
MIN  0 OR BELOW:   0    1.00 INCH OR MORE:   1

[HDD (BASE 65) ]
TOTAL THIS MO.   205    CLEAR  (SCALE 0-3)  22
DPTR FM NORMAL  -113    PTCLDY (SCALE 4-7)   5
TOTAL FM JUL 1   213    CLOUDY (SCALE 8-10)  4
DPTR FM NORMAL  -177

[CDD (BASE 65) ]
TOTAL THIS MO.    27
DPTR FM NORMAL     7    [PRESSURE DATA]
TOTAL FM JAN 1  1453    HIGHEST SLP 30.50 ON 16
DPTR FM NORMAL   155    LOWEST  SLP 29.58 ON 11

[REMARKS]
#FINAL-10-15#
