000
CXUS53 KDDC 011613
CLSGCK
CLIMATE REPORT
NATIONAL WEATHER SERVICE DODGE CITY, KANSAS
1013 AM CST FRI DEC 01 2023
...................................
...THE GARDEN CITY REGIONAL ARPT KS CLIMATE SUMMARY FOR THE SEASON, FROM
9/1/2023 TO 11/30/2023...
CLIMATE NORMAL PERIOD 1991 TO 2020
CLIMATE RECORD PERIOD 1948 TO 2023
WEATHER OBSERVED NORMAL DEPART LAST YEAR`S
VALUE DATE(S) VALUE FROM VALUE DATE(S)
NORMAL
................................................................
TEMPERATURE (F)
RECORD
HIGH 106 09/01/2011
LOW -5 11/28/1976
HIGHEST 101 09/04 MM MM 100 09/18
LOWEST 11 10/30 MM MM 6 11/30
11/26
AVG. MAXIMUM 72.2 69.8 2.4 71.8
AVG. MINIMUM 41.4 40.6 0.8 39.8
MEAN 56.8 55.2 1.6 55.8
DAYS MAX >= 90 11 10.2 0.8 16
DAYS MAX <= 32 2 1.5 0.5 1
DAYS MIN <= 32 29 26.4 2.6 30
DAYS MIN <= 0 0 0.1 -0.1 0
PRECIPITATION (INCHES)
RECORD
MAXIMUM 10.58 1969
MINIMUM 0.26 2016
TOTALS 2.54 3.21 -0.67 1.02
DAYS >= .01 8 13.8 -5.8 5
DAYS >= .10 4 6.3 -2.3 3
DAYS >= .50 1 1.9 -0.9 1
DAYS >= 1.00 1 0.7 0.3 0
GREATEST
24 HR. TOTAL 1.58 09/10 TO 09/10 0.54 09/15 TO 09/15
DEGREE DAYS
HEATING TOTAL 959 1082 -123 1079
SINCE 7/1 959 1083 -124 1079
COOLING TOTAL 231 188 43 256
SINCE 1/1 1210 1325 -115 1689
................................................................
WIND (MPH)
AVERAGE WIND SPEED 10.8
RESULTANT WIND SPEED/DIRECTION 1/130
HIGHEST WIND SPEED/DIRECTION 44/340 DATE 10/13
HIGHEST GUST SPEED/DIRECTION 64/330 DATE 10/13
SKY COVER
POSSIBLE SUNSHINE (PERCENT) MM
AVERAGE SKY COVER 0.17
NUMBER OF DAYS FAIR 73
NUMBER OF DAYS PC 12
NUMBER OF DAYS CLOUDY 6
AVERAGE RH (PERCENT) 60
WEATHER CONDITIONS. NUMBER OF DAYS WITH
THUNDERSTORM 6 MIXED PRECIP 0
HEAVY RAIN 5 RAIN 4
LIGHT RAIN 9 FREEZING RAIN 0
LT FREEZING RAIN 0 HAIL 0
HEAVY SNOW 0 SNOW 1
LIGHT SNOW 2 SLEET 0
FOG 30 FOG W/VIS <= 1/4 MILE 9
HAZE 18
- INDICATES NEGATIVE NUMBERS.
R INDICATES RECORD WAS SET OR TIED.
MM INDICATES DATA IS MISSING.
T INDICATES TRACE AMOUNT.
$$