000
CXUS56 KFGZ 010910
CF6GCN
PRELIMINARY LOCAL CLIMATOLOGICAL DATA (WS FORM: F-6)
STATION: GRAND CANYON AZ AIRPORT
MONTH: NOVEMBER
YEAR: 2021
LATITUDE: 35 57 N
LONGITUDE: 112 9 W
TEMPERATURE IN F: :PCPN: SNOW: WIND :SUNSHINE: SKY :PK WND
================================================================================
1 2 3 4 5 6A 6B 7 8 9 10 11 12 13 14 15 16 17 18
12Z AVG MX 2MIN
DY MAX MIN AVG DEP HDD CDD WTR SNW DPTH SPD SPD DIR MIN PSBL S-S WX SPD DR
================================================================================
1 63 31 47 5 18 0 0.00 M M 4.2 18 210 M M 1 24 230
2 62 28 45 3 20 0 0.00 M M 3.2 15 230 M M 2 19 230
3 63 25 44 2 21 0 0.00 M M 3.2 14 40 M M 0 18 30
4 67 23 45 3 20 0 0.00 M M 3.7 10 210 M M 0 16 210
5 69 24 47 6 18 0 0.00 M M 1.0 10 220 M M 0 13 220
6 68 24 46 5 19 0 0.00 M M 6.0 21 210 M M 0 28 220
7 66 22 44 4 21 0 0.00 M M 7.6 24 200 M M 0 29 220
8 64 26 45 5 20 0 0.00 M M 7.9 26 220 M M 0 8 31 220
9 60 24 42 2 23 0 0.00 M M 7.8 24 220 M M 3 8 32 210
10 58 22 40 1 25 0 0.00 M M 4.6 14 310 M M 0 18 23 310
11 60 20 40 1 25 0 0.00 M M 4.5 18 60 M M 0 18 21 60
12 60 23 42 3 23 0 0.00 M M 6.7 18 40 M M 0 8 21 40
13 66 21 44 6 21 0 0.00 M M 2.2 10 30 M M 0 8 15 300
14 68 22 45 7 20 0 0.00 M M 2.1 9 300 M M 0 13 330
15 69 22 46 8 19 0 0.00 M M 3.1 14 230 M M 0 8 18 240
16 60 23 42 5 23 0 0.00 M M 5.4 18 220 M M 0 8 23 230
17 60 20 40 3 25 0 0.00 M M 2.1 12 310 M M 0 8 16 20
18 61 19 40 4 25 0 0.00 M M 3.4 13 220 M M 0 8 17 260
19 58 22 40 4 25 0 0.00 M M 3.9 17 220 M M 0 8 23 210
20 57 17 37 1 28 0 0.00 M M 3.5 13 250 M M 0 20 280
21 51 21 36 1 29 0 0.00 M M 12.2 28 40 M M 0 35 50
22 57 15 36 1 29 0 0.00 M M 5.7 17 80 M M 0 22 60
23 48 27 38 4 27 0 0.01 M M 6.2 16 190 M M 8 1 22 180
24 48 20 34 0 31 0 0.00 M M 7.2 21 40 M M 3 12 27 40
25 43 23 33 -1 32 0 0.00 M M 12.6 25 60 M M 0 33 40
26 53 12 33 0 32 0 0.00 M M 5.7 17 40 M M 0 22 70
27 60 15 38 5 27 0 0.00 M M 4.2 15 50 M M 0 19 30
28 63 19 41 8 24 0 0.00 M M 3.4 14 40 M M 0 16 30
29 65 19 42 10 23 0 0.00 M M 3.2 13 230 M M 0 14 230
30 61 16 39 7 26 0 0.00 0.0 0 5.8 20 60 M M 0 8 25 40
================================================================================
SM 1808 645 719 0 0.01 0.0 152.3 M 17
================================================================================
AV 60.3 21.5 5.1 FASTST M M 1 MAX(MPH)
MISC ----> 28 40 35 50
================================================================================
NOTES:
# LAST OF SEVERAL OCCURRENCES
COLUMN 17 PEAK WIND IN M.P.H.
PRELIMINARY LOCAL CLIMATOLOGICAL DATA (WS FORM: F-6) , PAGE 2
STATION: GRAND CANYON AZ AIRPORT
MONTH: NOVEMBER
YEAR: 2021
LATITUDE: 35 57 N
LONGITUDE: 112 9 W
[TEMPERATURE DATA] [PRECIPITATION DATA] SYMBOLS USED IN COLUMN 16
AVERAGE MONTHLY: 40.9 TOTAL FOR MONTH: 0.01 1 = FOG OR MIST
DPTR FM NORMAL: 3.6 DPTR FM NORMAL: -0.76 2 = FOG REDUCING VISIBILITY
HIGHEST: 69 ON 15, 5 GRTST 24HR 0.01 ON 23-23 TO 1/4 MILE OR LESS
LOWEST: 12 ON 26 3 = THUNDER
SNOW, ICE PELLETS, HAIL 4 = ICE PELLETS
TOTAL MONTH: 0.0 INCH 5 = HAIL
GRTST 24HR 0.0 6 = FREEZING RAIN OR DRIZZLE
GRTST DEPTH: 0 7 = DUSTSTORM OR SANDSTORM:
VSBY 1/2 MILE OR LESS
8 = SMOKE OR HAZE
[NO. OF DAYS WITH] [WEATHER - DAYS WITH] 9 = BLOWING SNOW
X = TORNADO
MAX 32 OR BELOW: 0 0.01 INCH OR MORE: 1
MAX 90 OR ABOVE: 0 0.10 INCH OR MORE: 0
MIN 32 OR BELOW: 30 0.50 INCH OR MORE: 0
MIN 0 OR BELOW: 0 1.00 INCH OR MORE: 0
[HDD (BASE 65) ]
TOTAL THIS MO. 719 CLEAR (SCALE 0-3) 28
DPTR FM NORMAL -112 PTCLDY (SCALE 4-7) 2
TOTAL FM JUL 1 1451 CLOUDY (SCALE 8-10) 0
DPTR FM NORMAL -158
[CDD (BASE 65) ]
TOTAL THIS MO. 0
DPTR FM NORMAL 0 [PRESSURE DATA]
TOTAL FM JAN 1 329 HIGHEST SLP M ON M
DPTR FM NORMAL 168 LOWEST SLP 29.89 ON 23
[REMARKS]
#FINAL-11-21#