000
CXUS54 KSHV 011500
CF6GGG
PRELIMINARY LOCAL CLIMATOLOGICAL DATA (WS FORM: F-6)
STATION: LONGVIEW
MONTH: MARCH
YEAR: 2020
LATITUDE: 32 22 N
LONGITUDE: 94 43 W
TEMPERATURE IN F: :PCPN: SNOW: WIND :SUNSHINE: SKY :PK WND
================================================================================
1 2 3 4 5 6A 6B 7 8 9 10 11 12 13 14 15 16 17 18
12Z AVG MX 2MIN
DY MAX MIN AVG DEP HDD CDD WTR SNW DPTH SPD SPD DIR MIN PSBL S-S WX SPD DR
================================================================================
1 70 56 63 9 2 0 0.00 0.0 0 15.2 30 190 M M 8 36 180
2 73 64 69 15 0 4 0.00 0.0 0 10.2 21 190 M M 8 27 210
3 72 61 67 13 0 2 T 0.0 0 4.5 12 200 M M 5 18 14 210
4 61 51 56 1 9 0 1.73 0.0 0 11.5 23 70 M M 10 138 32 90
5 72 49 61 6 4 0 0.15 0.0 0 8.1 18 340 M M 3 24 340
6 68 41 55 0 10 0 0.00 0.0 0 5.0 16 50 M M 0 21 30
7 62 38 50 -6 15 0 0.00 0.0 0 6.5 16 130 M M 0 20 140
8 71 40 56 0 9 0 0.00 0.0 0 11.0 21 160 M M 1 25 160
9 67 58 63 7 2 0 0.04 0.0 0 12.0 23 190 M M 7 18 31 190
10 80 60 70 14 0 5 0.00 0.0 0 6.0 14 330 M M 5 1 17 240
11 83 63 73 16 0 8 0.00 0.0 0 10.3 21 210 M M 2 26 220
12 82 66 74 17 0 9 0.00 0.0 0 11.5 21 190 M M 4 26 180
13 77 58 68 11 0 3 T 0.0 0 8.7 21 80 M M 8 1 25 80
14 78 58 68 11 0 3 T 0.0 0 7.5 20 200 M M 9 1 23 190
15 67 50 59 1 6 0 0.00 0.0 0 8.4 14 70 M M 10 1 17 70
16 59 50 55 -3 10 0 0.02 0.0 0 3.3 14 90 M M 9 18 17 90
17 74 54 64 6 1 0 0.69 0.0 0 4.7 12 70 M M 9 13 16 110
18 78 67 73 15 0 8 T 0.0 0 8.6 17 180 M M 6 25 150
19 82 66 74 16 0 9 0.02 0.0 0 10.0 23 180 M M 6 138 30 180
20 70 45 58 -1 7 0 0.92 0.0 0 7.5 21 320 M M 7 13 28 260
21 55 44 50 -9 15 0 0.34 0.0 0 6.8 21 120 M M 8 3 26 130
22 60 51 56 -3 9 0 0.40 0.0 0 2.9 24 120 M M 10 123 32 120
23 67 58 63 4 2 0 0.26 0.0 0 5.1 12 100 M M 10 1 15 100
24 84 55 70 10 0 5 0.00 0.0 0 9.5 23 230 M M 5 1 29 220
25 86 50 68 8 0 3 0.00 0.0 0 4.7 14 180 M M 0 19 180
26 89 64 77 17 0 12 0.00 0.0 0 11.8 20 180 M M 1 1 27 190
27 89 66 78 18 0 13 0.00 0.0 0 12.3 25 200 M M 3 34 200
28 78 49 64 4 1 0 0.18 0.0 0 7.1 30 300 M M 5 13 37 300
29 74 44 59 -1 6 0 0.00 0.0 0 2.8 8 70 M M 2 13 10 60
30 65 56 61 0 4 0 0.51 0.0 0 8.7 18 80 M M 10 3 28 70
31 67 49 58 -3 7 0 0.01 0.0 0 7.6 20 330 M M 7 27 340
================================================================================
SM 2260 1681 119 84 5.27 0.0 249.8 M 178
================================================================================
AV 72.9 54.2 8.1 FASTST M M 6 MAX(MPH)
MISC ----> # 30 190 # 37 300
================================================================================
NOTES:
# LAST OF SEVERAL OCCURRENCES
COLUMN 17 PEAK WIND IN M.P.H.
PRELIMINARY LOCAL CLIMATOLOGICAL DATA (WS FORM: F-6) , PAGE 2
STATION: LONGVIEW
MONTH: MARCH
YEAR: 2020
LATITUDE: 32 22 N
LONGITUDE: 94 43 W
[TEMPERATURE DATA] [PRECIPITATION DATA] SYMBOLS USED IN COLUMN 16
AVERAGE MONTHLY: 63.6 TOTAL FOR MONTH: 5.27 1 = FOG OR MIST
DPTR FM NORMAL: 6.0 DPTR FM NORMAL: 0.92 2 = FOG REDUCING VISIBILITY
HIGHEST: 89 ON 27,26 GRTST 24HR 1.73 ON 4- 4 TO 1/4 MILE OR LESS
LOWEST: 38 ON 7 3 = THUNDER
SNOW, ICE PELLETS, HAIL 4 = ICE PELLETS
TOTAL MONTH: 0.0 INCH 5 = HAIL
GRTST 24HR 0.0 6 = FREEZING RAIN OR DRIZZLE
GRTST DEPTH: 0 7 = DUSTSTORM OR SANDSTORM:
VSBY 1/2 MILE OR LESS
8 = SMOKE OR HAZE
[NO. OF DAYS WITH] [WEATHER - DAYS WITH] 9 = BLOWING SNOW
X = TORNADO
MAX 32 OR BELOW: 0 0.01 INCH OR MORE: 13
MAX 90 OR ABOVE: 0 0.10 INCH OR MORE: 9
MIN 32 OR BELOW: 0 0.50 INCH OR MORE: 4
MIN 0 OR BELOW: 0 1.00 INCH OR MORE: 1
[HDD (BASE 65) ]
TOTAL THIS MO. 119 CLEAR (SCALE 0-3) 8
DPTR FM NORMAL -136 PTCLDY (SCALE 4-7) 13
TOTAL FM JUL 1 1935 CLOUDY (SCALE 8-10) 10
DPTR FM NORMAL -224
[CDD (BASE 65) ]
TOTAL THIS MO. 84
DPTR FM NORMAL 57 [PRESSURE DATA]
TOTAL FM JAN 1 93 HIGHEST SLP 30.53 ON 6
DPTR FM NORMAL 54 LOWEST SLP 29.68 ON 27
[REMARKS]
#FINAL-03-20#