000
CXUS53 KGLD 010800
CF6GLD
PRELIMINARY LOCAL CLIMATOLOGICAL DATA (WS FORM: F-6)
STATION: GOODLAND KS
MONTH: JANUARY
YEAR: 2022
LATITUDE: 39 22 N
LONGITUDE: 101 42 W
TEMPERATURE IN F: :PCPN: SNOW: WIND :SUNSHINE: SKY :PK WND
================================================================================
1 2 3 4 5 6A 6B 7 8 9 10 11 12 13 14 15 16 17 18
12Z AVG MX 2MIN
DY MAX MIN AVG DEP HDD CDD WTR SNW DPTH SPD SPD DIR MIN PSBL S-S WX SPD DR
================================================================================
1 7 -3 2 -28 63 0 0.12 1.3 1 15.9 23 340 M M 8 18 31 360
2 42 -4 19 -11 46 0 0.00 0.0 1 10.6 16 310 M M 0 21 240
3 53 24 39 9 26 0 0.00 0.0 1 13.6 18 220 M M 0 26 210
4 58 18 38 8 27 0 0.00 0.0 0 19.8 46 310 M M 1 8 65 310
5 35 1 18 -12 47 0 0.10 1.1 0 14.0 28 80 M M 5 1 35 70
6 8 -2 3 -27 62 0 0.06 0.6 2 12.0 23 350 M M 6 1 31 340
7 30 7 19 -11 46 0 0.00 0.0 2 16.6 24 170 M M 2 32 190
8 45 19 32 2 33 0 0.00 0.0 2 10.6 21 20 M M 2 30 30
9 39 10 25 -5 40 0 0.00 0.0 T 9.5 20 210 M M 0 27 230
10 55 18 37 7 28 0 0.00 0.0 T 11.7 21 220 M M 0 28 220
11 58 22 40 10 25 0 0.00 0.0 T 11.5 26 350 M M 0 36 320
12 58 26 42 12 23 0 0.00 0.0 0 12.1 18 340 M M 0 24 350
13 61 33 47 17 18 0 0.00 0.0 0 10.3 17 200 M M 0 25 200
14 49 19 34 4 31 0 T T 0 23.9 44 350 M M 5 8 57 360
15 38 18 28 -2 37 0 0.00 0.0 0 13.4 29 350 M M 2 37 340
16 57 22 40 10 25 0 0.00 0.0 0 12.8 29 360 M M 0 37 360
17 62 21 42 12 23 0 0.00 0.0 0 11.0 22 230 M M 0 32 230
18 67 29 48 18 17 0 0.00 0.0 0 10.9 23 360 M M 0 31 360
19 31 1 16 -14 49 0 T 0.1 0 13.0 23 30 M M 7 1 32 20
20 30 1 16 -14 49 0 0.00 0.0 T 11.8 18 180 M M 4 25 210
21 46 8 27 -3 38 0 T 0.0 0 9.7 23 340 M M 7 6 31 340
22 49 21 35 5 30 0 0.00 0.0 0 12.3 23 230 M M 3 32 230
23 58 26 42 12 23 0 0.00 0.0 0 12.2 20 280 M M 0 26 300
24 52 22 37 7 28 0 0.00 0.0 0 11.7 22 10 M M 1 29 10
25 27 18 23 -7 42 0 0.52 5.4 T 6.9 17 120 M M 10 12 24 130
26 28 11 20 -10 45 0 0.00 0.0 5 11.9 21 220 M M 3 1 26 220
27 36 14 25 -5 40 0 T T 3 8.6 16 260 M M 5 22 260
28 38 13 26 -4 39 0 0.00 0.0 3 13.4 17 290 M M 0 22 240
29 47 22 35 5 30 0 0.00 0.0 3 12.2 18 250 M M 0 24 250
30 51 16 34 4 31 0 0.00 0.0 3 7.5 13 280 M M 0 15 280
31 52 18 35 5 30 0 0.00 0.0 1 8.9 14 350 M M 0 24 30
================================================================================
SM 1367 469 1091 0 0.80 8.5 380.3 M 71
================================================================================
AV 44.1 15.1 12.3 FASTST M M 2 MAX(MPH)
MISC ----> 46 310 65 310
================================================================================
NOTES:
# LAST OF SEVERAL OCCURRENCES
COLUMN 17 PEAK WIND IN M.P.H.
PRELIMINARY LOCAL CLIMATOLOGICAL DATA (WS FORM: F-6) , PAGE 2
STATION: GOODLAND KS
MONTH: JANUARY
YEAR: 2022
LATITUDE: 39 22 N
LONGITUDE: 101 42 W
[TEMPERATURE DATA] [PRECIPITATION DATA] SYMBOLS USED IN COLUMN 16
AVERAGE MONTHLY: 29.6 TOTAL FOR MONTH: 0.80 1 = FOG OR MIST
DPTR FM NORMAL: -0.6 DPTR FM NORMAL: 0.48 2 = FOG REDUCING VISIBILITY
HIGHEST: 67 ON 18 GRTST 24HR 0.52 ON 25-25 TO 1/4 MILE OR LESS
LOWEST: -4 ON 2 3 = THUNDER
SNOW, ICE PELLETS, HAIL 4 = ICE PELLETS
TOTAL MONTH: 8.8 INCHES 5 = HAIL
GRTST 24HR 5.4 ON 25-25 6 = FREEZING RAIN OR DRIZZLE
GRTST DEPTH: 5 ON 26 7 = DUSTSTORM OR SANDSTORM:
VSBY 1/2 MILE OR LESS
8 = SMOKE OR HAZE
[NO. OF DAYS WITH] [WEATHER - DAYS WITH] 9 = BLOWING SNOW
X = TORNADO
MAX 32 OR BELOW: 7 0.01 INCH OR MORE: 4
MAX 90 OR ABOVE: 0 0.10 INCH OR MORE: 3
MIN 32 OR BELOW: 30 0.50 INCH OR MORE: 1
MIN 0 OR BELOW: 3 1.00 INCH OR MORE: 0
[HDD (BASE 65) ]
TOTAL THIS MO. 1091 CLEAR (SCALE 0-3) 20
DPTR FM NORMAL 11 PTCLDY (SCALE 4-7) 9
TOTAL FM JUL 1 2907 CLOUDY (SCALE 8-10) 2
DPTR FM NORMAL -528
[CDD (BASE 65) ]
TOTAL THIS MO. 0
DPTR FM NORMAL 0 [PRESSURE DATA]
TOTAL FM JAN 1 0 HIGHEST SLP M ON M
DPTR FM NORMAL 0 LOWEST SLP 29.59 ON 8
[REMARKS]
#FINAL-01-22#