000
CXUS53 KGLD 240800
CF6GLD
PRELIMINARY LOCAL CLIMATOLOGICAL DATA (WS FORM: F-6)
STATION: GOODLAND KS
MONTH: APRIL
YEAR: 2024
LATITUDE: 39 22 N
LONGITUDE: 101 42 W
TEMPERATURE IN F: :PCPN: SNOW: WIND :SUNSHINE: SKY :PK WND
================================================================================
1 2 3 4 5 6A 6B 7 8 9 10 11 12 13 14 15 16 17 18
12Z AVG MX 2MIN
DY MAX MIN AVG DEP HDD CDD WTR SNW DPTH SPD SPD DIR MIN PSBL S-S WX SPD DR
================================================================================
1 55 35 45 -1 20 0 0.00 0.0 0 18.1 29 350 M M 6 1 41 10
2 62 33 48 2 17 0 0.00 0.0 0 18.5 33 350 M M 5 48 350
3 68 28 48 1 17 0 0.00 0.0 0 8.6 22 340 M M 1 8 34 320
4 74 28 51 4 14 0 0.00 0.0 0 11.8 24 130 M M 0 33 120
5 83 40 62 15 3 0 0.00 0.0 0 21.6 38 190 M M 0 50 170
6 66 38 52 5 13 0 0.02 0.0 0 21.5 41 290 M M 4 8 52 290
7 63 31 47 0 18 0 0.00 0.0 M 28.5 52 310 M M 5 8 72 310
8 64 27 46 -2 19 0 0.00 0.0 0 9.6 23 290 M M 1 31 320
9 65 25 45 -3 20 0 0.00 0.0 0 7.7 16 240 M M 0 22 240
10 67 34 51 3 14 0 0.00 0.0 0 15.2 31 330 M M 3 39 360
11 64 27 46 -2 19 0 0.00 0.0 0 9.5 18 340 M M 0 25 340
12 78 29 54 6 11 0 0.00 0.0 0 11.3 21 190 M M 0 32 180
13 88 40 64 15 1 0 0.00 0.0 0 10.2 22 340 M M 0 27 330
14 88 44 66 17 0 1 0.00 0.0 0 9.7 18 150 M M 0 26 150
15 88 40 64 15 1 0 0.00 0.0 0 17.7 41 170 M M 0 57 200
16 69 44 57 8 8 0 0.04 0.0 0 22.6 49 320 M M 5 3 64 310
17 81 34 58 9 7 0 0.00 0.0 0 13.1 36 10 M M 0 51 30
18 47 36 42 -8 23 0 0.00 0.0 M 14.5 36 10 M M 10 49 10
19 49 32 41 -9 24 0 0.18 1.4 0 6.5 21 40 M M 10 1 26 30
20 35 30 33 -17 32 0 0.14 0.4 2 6.0 15 90 M M 10 1 20 90
21 61 31 46 -4 19 0 0.00 0.0 0 10.4 18 190 M M 5 25 240
22 82 43 63 12 2 0 0.00 0.0 0 13.4 22 360 M M 0 37 210
23 69 41 55 4 10 0 0.00 0.0 0 9.1 21 10 M M 1 29 20
================================================================================
SM 1566 790 312 1 0.38 1.8 315.1 M 66
================================================================================
AV 68.1 34.3 13.7 FASTST M M 3 MAX(MPH)
MISC ----> 52 310 72 310
================================================================================
NOTES:
# LAST OF SEVERAL OCCURRENCES
COLUMN 17 PEAK WIND IN M.P.H.
PRELIMINARY LOCAL CLIMATOLOGICAL DATA (WS FORM: F-6) , PAGE 2
STATION: GOODLAND KS
MONTH: APRIL
YEAR: 2024
LATITUDE: 39 22 N
LONGITUDE: 101 42 W
[TEMPERATURE DATA] [PRECIPITATION DATA] SYMBOLS USED IN COLUMN 16
AVERAGE MONTHLY: 51.2 TOTAL FOR MONTH: 0.38 1 = FOG OR MIST
DPTR FM NORMAL: 2.8 DPTR FM NORMAL: -0.85 2 = FOG REDUCING VISIBILITY
HIGHEST: 88 ON 15,14 GRTST 24HR 0.32 ON 19-20 TO 1/4 MILE OR LESS
LOWEST: 25 ON 9 3 = THUNDER
SNOW, ICE PELLETS, HAIL 4 = ICE PELLETS
TOTAL MONTH: 1.8 INCHES 5 = HAIL
GRTST 24HR 1.4 ON 19-19 6 = FREEZING RAIN OR DRIZZLE
GRTST DEPTH: 2 ON 20 7 = DUSTSTORM OR SANDSTORM:
VSBY 1/2 MILE OR LESS
8 = SMOKE OR HAZE
[NO. OF DAYS WITH] [WEATHER - DAYS WITH] 9 = BLOWING SNOW
X = TORNADO
MAX 32 OR BELOW: 0 0.01 INCH OR MORE: 4
MAX 90 OR ABOVE: 0 0.10 INCH OR MORE: 2
MIN 32 OR BELOW: 10 0.50 INCH OR MORE: 0
MIN 0 OR BELOW: 0 1.00 INCH OR MORE: 0
[HDD (BASE 65) ]
TOTAL THIS MO. 312 CLEAR (SCALE 0-3) 13
DPTR FM NORMAL -70 PTCLDY (SCALE 4-7) 7
TOTAL FM JUL 1 4993 CLOUDY (SCALE 8-10) 3
DPTR FM NORMAL -466
[CDD (BASE 65) ]
TOTAL THIS MO. 1
DPTR FM NORMAL 1 [PRESSURE DATA]
TOTAL FM JAN 1 1 HIGHEST SLP M ON M
DPTR FM NORMAL 1 LOWEST SLP 29.18 ON 6
[REMARKS]