579
CDUS43 KGLD 220754
CLIGLD

CLIMATE REPORT
NATIONAL WEATHER SERVICE GOODLAND
1250 AM MST MON JAN 22 2018

...................................

...THE GOODLAND KS CLIMATE SUMMARY FOR JANUARY 21 2018...

CLIMATE NORMAL PERIOD 1981 TO 2010
CLIMATE RECORD PERIOD 1895 TO 2018

WEATHER ITEM   OBSERVED TIME   RECORD YEAR NORMAL DEPARTURE LAST
                VALUE   (LST)  VALUE       VALUE  FROM      YEAR
                                                  NORMAL
..................................................................
TEMPERATURE (F)
 YESTERDAY
  MAXIMUM         31    148 PM  73    1950  42    -11       48
  MINIMUM         26   1157 PM -16    1930  17      9       22
  AVERAGE         29                        30     -1       35

PRECIPITATION (IN)
  YESTERDAY        0.52R         0.06 1941   0.01   0.51     0.00
  MONTH TO DATE    0.65                      0.24   0.41     0.91
  SINCE DEC 1      0.74                      0.70   0.04     1.51
  SINCE JAN 1      0.65                      0.24   0.41     0.91

SNOWFALL (IN)
  YESTERDAY        8.2                       0.2    8.0      0.0
  MONTH TO DATE    8.9                       3.8    5.1      3.4
  SINCE DEC 1     10.4                       9.3    1.1      8.4
  SINCE JUL 1     10.5                      16.5   -6.0      9.0
  SNOW DEPTH       0

DEGREE DAYS
 HEATING
  YESTERDAY       36                        35      1       30
  MONTH TO DATE  720                       737    -17      815
  SINCE DEC 1   1794                      1825    -31     2017
  SINCE JUL 1   2945                      3144   -199     2880

 COOLING
  YESTERDAY        0                         0      0        0
  MONTH TO DATE    0                         0      0        0
  SINCE DEC 1      0                         0      0        0
  SINCE JAN 1      0                         0      0        0
..................................................................

WIND (MPH)
  HIGHEST WIND SPEED    40   HIGHEST WIND DIRECTION    NW (330)
  HIGHEST GUST SPEED    53   HIGHEST GUST DIRECTION    NW (330)
  AVERAGE WIND SPEED    21.7


SKY COVER
  AVERAGE SKY COVER 1.0


WEATHER CONDITIONS
 THE FOLLOWING WEATHER WAS RECORDED YESTERDAY.
  LT FREEZING RAIN
  HEAVY SNOW
  LIGHT SNOW
  FOG
  FOG W/VISIBILITY <= 1/4 MILE


RELATIVE HUMIDITY (PERCENT)
 HIGHEST   100
 LOWEST     85
 AVERAGE    93

..........................................................


THE GOODLAND KS CLIMATE NORMALS FOR TODAY
                         NORMAL    RECORD    YEAR
 MAXIMUM TEMPERATURE (F)   42        73      2009
                                             1967
 MINIMUM TEMPERATURE (F)   17       -10      1966
                                             1917


SUNRISE AND SUNSET
JANUARY 22 2018.......SUNRISE   702 AM MST   SUNSET   456 PM MST
JANUARY 23 2018.......SUNRISE   701 AM MST   SUNSET   457 PM MST


-  INDICATES NEGATIVE NUMBERS.
R  INDICATES RECORD WAS SET OR TIED.
MM INDICATES DATA IS MISSING.
T  INDICATES TRACE AMOUNT.

&&

THE AVERAGE SOIL TEMPERATURE AT THE FOUR INCH DEPTH... 32
THE CURRENT DEPTH OF FROST... 9 INCHES

$$
