519
CDUS43 KGLD 110742
CLIGLD

CLIMATE REPORT
NATIONAL WEATHER SERVICE GOODLAND
1239 AM MST THU FEB 11 2016

...................................

...THE GOODLAND KS CLIMATE SUMMARY FOR FEBRUARY 10 2016...

CLIMATE NORMAL PERIOD 1981 TO 2010
CLIMATE RECORD PERIOD 1895 TO 2016

WEATHER ITEM   OBSERVED TIME   RECORD YEAR NORMAL DEPARTURE LAST
                VALUE   (LST)  VALUE       VALUE  FROM      YEAR
                                                  NORMAL
..................................................................
TEMPERATURE (F)
 YESTERDAY
  MAXIMUM         59    320 PM  76    1962  44     15       66
                                      1951
  MINIMUM         33    633 AM -17    1981  18     15       33
  AVERAGE         46                        31     15       50

PRECIPITATION (IN)
  YESTERDAY        0.00          0.50 1993   0.01  -0.01     0.00
  MONTH TO DATE    0.81                      0.15   0.66      T
  SINCE DEC 1      1.01                      0.99   0.02     1.74
  SINCE JAN 1      0.85                      0.53   0.32     0.28

SNOWFALL (IN)
  YESTERDAY        0.0                       0.3   -0.3      0.0
  MONTH TO DATE   13.3                       2.2   11.1       T
  SINCE DEC 1     15.2                      13.6    1.6     12.1
  SINCE JUL 1     23.4                      20.8    2.6     12.3
  SNOW DEPTH       3

DEGREE DAYS
 HEATING
  YESTERDAY       19                        34    -15       15
  MONTH TO DATE  367                       346     21      226
  SINCE DEC 1   2368                      2530   -162     2301
  SINCE JUL 1   3428                      3849   -421     3556

 COOLING
  YESTERDAY        0                         0      0        0
  MONTH TO DATE    0                         0      0        0
  SINCE DEC 1      0                         0      0        0
  SINCE JAN 1      0                         0      0        0
..................................................................

WIND (MPH)
  HIGHEST WIND SPEED    18   HIGHEST WIND DIRECTION     W (270)
  HIGHEST GUST SPEED    23   HIGHEST GUST DIRECTION     W (250)
  AVERAGE WIND SPEED    12.4


SKY COVER
  AVERAGE SKY COVER 0.0


WEATHER CONDITIONS
 THE FOLLOWING WEATHER WAS RECORDED YESTERDAY.
  NO SIGNIFICANT WEATHER WAS OBSERVED.


RELATIVE HUMIDITY (PERCENT)
 HIGHEST    64
 LOWEST     31
 AVERAGE    48

..........................................................


THE GOODLAND KS CLIMATE NORMALS FOR TODAY
                         NORMAL    RECORD    YEAR
 MAXIMUM TEMPERATURE (F)   44        78      1962
 MINIMUM TEMPERATURE (F)   19       -13      1981


SUNRISE AND SUNSET
FEBRUARY 11 2016......SUNRISE   644 AM MST   SUNSET   518 PM MST
FEBRUARY 12 2016......SUNRISE   643 AM MST   SUNSET   520 PM MST


-  INDICATES NEGATIVE NUMBERS.
R  INDICATES RECORD WAS SET OR TIED.
MM INDICATES DATA IS MISSING.
T  INDICATES TRACE AMOUNT.

&&

THE AVERAGE SOIL TEMPERATURE AT THE FOUR INCH DEPTH... 31
THE CURRENT DEPTH OF FROST... 4 INCHES

$$
