000
CDUS43 KGLD 250747
CLIGLD

CLIMATE REPORT
NATIONAL WEATHER SERVICE GOODLAND
1246 AM MST THU DEC 25 2014

...................................

...THE GOODLAND KS CLIMATE SUMMARY FOR DECEMBER 24 2014...

CLIMATE NORMAL PERIOD 1981 TO 2010
CLIMATE RECORD PERIOD 1895 TO 2014

WEATHER ITEM   OBSERVED TIME   RECORD YEAR NORMAL DEPARTURE LAST
                VALUE   (LST)  VALUE       VALUE  FROM      YEAR
                                                  NORMAL
..................................................................
TEMPERATURE (F)
 YESTERDAY
  MAXIMUM         42    303 PM  77    1955  42      0       64
  MINIMUM         13    346 AM -16    1924  17     -4       17
  AVERAGE         28                        29     -1       41

PRECIPITATION (IN)
  YESTERDAY        0.00          0.82 1982   0.02  -0.02      T
  MONTH TO DATE    1.00                      0.37   0.63     0.05
  SINCE DEC 1      1.00                      0.37   0.63     0.05
  SINCE JAN 1     17.41                     19.57  -2.16    16.74

SNOWFALL (IN)
  YESTERDAY        0.0                       0.1   -0.1      0.0
  MONTH TO DATE    2.5                       4.2   -1.7      2.5
  SINCE DEC 1      2.5                       4.2   -1.7      2.5
  SINCE JUL 1      2.7                      11.4   -8.7      6.8
  SNOW DEPTH       1

DEGREE DAYS
 HEATING
  YESTERDAY       37                        36      1       24
  MONTH TO DATE  709                       840   -131      896
  SINCE DEC 1    709                       840   -131      896
  SINCE JUL 1   1964                      2159   -195     2169

 COOLING
  YESTERDAY        0                         0      0        0
  MONTH TO DATE    0                         0      0        0
  SINCE DEC 1      0                         0      0        0
  SINCE JAN 1    920                       941    -21     1181
..................................................................

WIND (MPH)
  HIGHEST WIND SPEED    21   HIGHEST WIND DIRECTION    SW (240)
  HIGHEST GUST SPEED    26   HIGHEST GUST DIRECTION    SW (220)
  AVERAGE WIND SPEED    13.0


SKY COVER
  AVERAGE SKY COVER 0.0


WEATHER CONDITIONS
 THE FOLLOWING WEATHER WAS RECORDED YESTERDAY.
  NO SIGNIFICANT WEATHER WAS OBSERVED.


RELATIVE HUMIDITY (PERCENT)
 HIGHEST    96
 LOWEST     43
 AVERAGE    70

..........................................................


THE GOODLAND KS CLIMATE NORMALS FOR TODAY
                         NORMAL    RECORD    YEAR
 MAXIMUM TEMPERATURE (F)   42        74      1950
 MINIMUM TEMPERATURE (F)   17        -9      2012


SUNRISE AND SUNSET
DECEMBER 25 2014......SUNRISE   705 AM MST   SUNSET   429 PM MST
DECEMBER 26 2014......SUNRISE   705 AM MST   SUNSET   430 PM MST


-  INDICATES NEGATIVE NUMBERS.
R  INDICATES RECORD WAS SET OR TIED.
MM INDICATES DATA IS MISSING.
T  INDICATES TRACE AMOUNT.

&&

THE AVERAGE SOIL TEMPERATURE AT THE FOUR INCH DEPTH... 35
THE CURRENT DEPTH OF FROST... 0 INCHES

$$
