000
CDUS43 KGLD 210740
CLIGLD

CLIMATE REPORT
NATIONAL WEATHER SERVICE GOODLAND
1239 AM MST SAT JAN 21 2017

...................................

...THE GOODLAND KS CLIMATE SUMMARY FOR JANUARY 20 2017...

CLIMATE NORMAL PERIOD 1981 TO 2010
CLIMATE RECORD PERIOD 1895 TO 2017

WEATHER ITEM   OBSERVED TIME   RECORD YEAR NORMAL DEPARTURE LAST
                VALUE   (LST)  VALUE       VALUE  FROM      YEAR
                                                  NORMAL
..................................................................
TEMPERATURE (F)
 YESTERDAY
  MAXIMUM         36    835 PM  77    1896  42     -6       38
  MINIMUM         29    743 AM -13    1935  17     12       20
  AVERAGE         33                        30      3       29

PRECIPITATION (IN)
  YESTERDAY        0.04          0.39 1945   0.01   0.03     0.00
  MONTH TO DATE    0.91                      0.23   0.68     0.03
  SINCE DEC 1      1.51                      0.69   0.82     0.19
  SINCE JAN 1      0.91                      0.23   0.68     0.03

SNOWFALL (IN)
  YESTERDAY        T                         0.2   -0.2      0.0
  MONTH TO DATE    3.4                       3.6   -0.2      0.2
  SINCE DEC 1      8.4                       9.1   -0.7      1.9
  SINCE JUL 1      9.0                      16.3   -7.3     10.1
  SNOW DEPTH       0

DEGREE DAYS
 HEATING
  YESTERDAY       32                        35     -3       36
  MONTH TO DATE  785                       702     83      713
  SINCE DEC 1   1987                      1790    197     1695
  SINCE JUL 1   2850                      3109   -259     2755

 COOLING
  YESTERDAY        0                         0      0        0
  MONTH TO DATE    0                         0      0        0
  SINCE DEC 1      0                         0      0        0
  SINCE JAN 1      0                         0      0        0
..................................................................

WIND (MPH)
  HIGHEST WIND SPEED    17   HIGHEST WIND DIRECTION     W (260)
  HIGHEST GUST SPEED    22   HIGHEST GUST DIRECTION     W (260)
  AVERAGE WIND SPEED     7.2


SKY COVER
  AVERAGE SKY COVER 0.8


WEATHER CONDITIONS
 THE FOLLOWING WEATHER WAS RECORDED YESTERDAY.
  LIGHT RAIN
  LIGHT SNOW
  FOG
  FOG W/VISIBILITY <= 1/4 MILE


RELATIVE HUMIDITY (PERCENT)
 HIGHEST   100
 LOWEST     89
 AVERAGE    95

..........................................................


THE GOODLAND KS CLIMATE NORMALS FOR TODAY
                         NORMAL    RECORD    YEAR
 MAXIMUM TEMPERATURE (F)   42        73      1950
 MINIMUM TEMPERATURE (F)   17       -16      1930


SUNRISE AND SUNSET
JANUARY 21 2017.......SUNRISE   702 AM MST   SUNSET   455 PM MST
JANUARY 22 2017.......SUNRISE   701 AM MST   SUNSET   456 PM MST


-  INDICATES NEGATIVE NUMBERS.
R  INDICATES RECORD WAS SET OR TIED.
MM INDICATES DATA IS MISSING.
T  INDICATES TRACE AMOUNT.

&&

THE AVERAGE SOIL TEMPERATURE AT THE FOUR INCH DEPTH... 31
THE CURRENT DEPTH OF FROST... 6 INCHES

$$
