000
CDUS43 KGLD 090744
CLIGLD

CLIMATE REPORT
NATIONAL WEATHER SERVICE GOODLAND
1236 AM MST TUE FEB 9 2016

...................................

...THE GOODLAND KS CLIMATE SUMMARY FOR FEBRUARY 8 2016...

CLIMATE NORMAL PERIOD 1981 TO 2010
CLIMATE RECORD PERIOD 1895 TO 2016

WEATHER ITEM   OBSERVED TIME   RECORD YEAR NORMAL DEPARTURE LAST
                VALUE   (LST)  VALUE       VALUE  FROM      YEAR
                                                  NORMAL
..................................................................
TEMPERATURE (F)
 YESTERDAY
  MAXIMUM         38    241 PM  76    1943  44     -6       69
  MINIMUM         20    646 AM -22    1936  18      2       34
  AVERAGE         29                        31     -2       52

PRECIPITATION (IN)
  YESTERDAY        0.00          0.34 2011   0.01  -0.01     0.00
  MONTH TO DATE    0.81                      0.12   0.69      T
  SINCE DEC 1      1.01                      0.96   0.05     1.74
  SINCE JAN 1      0.85                      0.50   0.35     0.28

SNOWFALL (IN)
  YESTERDAY        0.0                       0.2   -0.2      0.0
  MONTH TO DATE   13.3                       1.7   11.6       T
  SINCE DEC 1     15.2                      13.1    2.1     12.1
  SINCE JUL 1     23.4                      20.3    3.1     12.3
  SNOW DEPTH       6

DEGREE DAYS
 HEATING
  YESTERDAY       36                        34      2       13
  MONTH TO DATE  317                       278     39      195
  SINCE DEC 1   2318                      2462   -144     2270
  SINCE JUL 1   3378                      3781   -403     3525

 COOLING
  YESTERDAY        0                         0      0        0
  MONTH TO DATE    0                         0      0        0
  SINCE DEC 1      0                         0      0        0
  SINCE JAN 1      0                         0      0        0
..................................................................

WIND (MPH)
  HIGHEST WIND SPEED    30   HIGHEST WIND DIRECTION     N (340)
  HIGHEST GUST SPEED    36   HIGHEST GUST DIRECTION     N (340)
  AVERAGE WIND SPEED    16.3


SKY COVER
  AVERAGE SKY COVER 0.1


WEATHER CONDITIONS
 THE FOLLOWING WEATHER WAS RECORDED YESTERDAY.
  NO SIGNIFICANT WEATHER WAS OBSERVED.


RELATIVE HUMIDITY (PERCENT)
 HIGHEST    88
 LOWEST     40
 AVERAGE    64

..........................................................


THE GOODLAND KS CLIMATE NORMALS FOR TODAY
                         NORMAL    RECORD    YEAR
 MAXIMUM TEMPERATURE (F)   44        78      1976
 MINIMUM TEMPERATURE (F)   18       -22      1933


SUNRISE AND SUNSET
FEBRUARY  9 2016......SUNRISE   646 AM MST   SUNSET   516 PM MST
FEBRUARY 10 2016......SUNRISE   645 AM MST   SUNSET   517 PM MST


-  INDICATES NEGATIVE NUMBERS.
R  INDICATES RECORD WAS SET OR TIED.
MM INDICATES DATA IS MISSING.
T  INDICATES TRACE AMOUNT.

&&

THE AVERAGE SOIL TEMPERATURE AT THE FOUR INCH DEPTH... 32
THE CURRENT DEPTH OF FROST... 4 INCHES

$$
