000
CDUS43 KGLD 270739
CLIGLD

CLIMATE REPORT
NATIONAL WEATHER SERVICE GOODLAND
1236 AM MST TUE JAN 27 2015

...................................

...THE GOODLAND KS CLIMATE SUMMARY FOR JANUARY 26 2015...

CLIMATE NORMAL PERIOD 1981 TO 2010
CLIMATE RECORD PERIOD 1895 TO 2015

WEATHER ITEM   OBSERVED TIME   RECORD YEAR NORMAL DEPARTURE LAST
                VALUE   (LST)  VALUE       VALUE  FROM      YEAR
                                                  NORMAL
..................................................................
TEMPERATURE (F)
 YESTERDAY
  MAXIMUM         68    259 PM  79    1951  42     26       59
  MINIMUM         37    438 AM -14    1963  17     20       16
  AVERAGE         53                        30     23       38

PRECIPITATION (IN)
  YESTERDAY        0.00          1.02 1944   0.01  -0.01     0.00
  MONTH TO DATE    0.21                      0.31  -0.10     0.20
  SINCE DEC 1      1.67                      0.77   0.90     0.25
  SINCE JAN 1      0.21                      0.31  -0.10     0.20

SNOWFALL (IN)
  YESTERDAY        0.0                       0.2   -0.2      0.0
  MONTH TO DATE    2.0                       4.8   -2.8      4.5
  SINCE DEC 1     11.7                      10.3    1.4      7.0
  SINCE JUL 1     11.9                      17.5   -5.6     11.3
  SNOW DEPTH       0

DEGREE DAYS
 HEATING
  YESTERDAY       12                        35    -23       27
  MONTH TO DATE  902                       912    -10      863
  SINCE DEC 1   1961                      2000    -39     1956
  SINCE JUL 1   3216                      3319   -103     3229

 COOLING
  YESTERDAY        0                         0      0        0
  MONTH TO DATE    0                         0      0        0
  SINCE DEC 1      0                         0      0        0
  SINCE JAN 1      0                         0      0        0
..................................................................

WIND (MPH)
  HIGHEST WIND SPEED    23   HIGHEST WIND DIRECTION     N (340)
  HIGHEST GUST SPEED    27   HIGHEST GUST DIRECTION    NW (320)
  AVERAGE WIND SPEED    13.9


SKY COVER
  AVERAGE SKY COVER 0.0


WEATHER CONDITIONS
 THE FOLLOWING WEATHER WAS RECORDED YESTERDAY.
  NO SIGNIFICANT WEATHER WAS OBSERVED.


RELATIVE HUMIDITY (PERCENT)
 HIGHEST    76
 LOWEST     24
 AVERAGE    50

..........................................................


THE GOODLAND KS CLIMATE NORMALS FOR TODAY
                         NORMAL    RECORD    YEAR
 MAXIMUM TEMPERATURE (F)   42        73      1970
 MINIMUM TEMPERATURE (F)   17       -16      1948
                                             1897


SUNRISE AND SUNSET
JANUARY 27 2015.......SUNRISE   658 AM MST   SUNSET   501 PM MST
JANUARY 28 2015.......SUNRISE   658 AM MST   SUNSET   502 PM MST


-  INDICATES NEGATIVE NUMBERS.
R  INDICATES RECORD WAS SET OR TIED.
MM INDICATES DATA IS MISSING.
T  INDICATES TRACE AMOUNT.

&&

THE AVERAGE SOIL TEMPERATURE AT THE FOUR INCH DEPTH... NOT AVAILABLE
THE CURRENT DEPTH OF FROST... 0 INCHES

$$
