000
CDUS43 KGLD 270741
CLIGLD

CLIMATE REPORT
NATIONAL WEATHER SERVICE GOODLAND
139 AM MDT SAT SEP 27 2014

...................................

...THE GOODLAND KS CLIMATE SUMMARY FOR SEPTEMBER 26 2014...

CLIMATE NORMAL PERIOD 1981 TO 2010
CLIMATE RECORD PERIOD 1895 TO 2014

WEATHER ITEM   OBSERVED TIME   RECORD YEAR NORMAL DEPARTURE LAST
                VALUE   (LST)  VALUE       VALUE  FROM      YEAR
                                                  NORMAL
..................................................................
TEMPERATURE (F)
 YESTERDAY
  MAXIMUM         85    239 PM  90    2008  74     11       83
                                      1974
                                      1938
  MINIMUM         52    501 AM  22    1942  45      7       49
  AVERAGE         69                        60      9       66

PRECIPITATION (IN)
  YESTERDAY        0.00          1.15 1973   0.04  -0.04     0.00
  MONTH TO DATE    1.69                      1.06   0.63     6.27
  SINCE SEP 1      1.69                      1.06   0.63     6.27
  SINCE JAN 1     15.59                     16.96  -1.37    15.06

SNOWFALL (IN)
  YESTERDAY        0.0                       0.0    0.0      0.0
  MONTH TO DATE    T                         0.3   -0.3      0.0
  SINCE SEP 1      T                         0.3   -0.3      0.0
  SINCE JUL 1      T                         0.3   -0.3      0.0
  SNOW DEPTH       0

DEGREE DAYS
 HEATING
  YESTERDAY        0                         7     -7        0
  MONTH TO DATE   95                        83     12       29
  SINCE SEP 1     95                        83     12       29
  SINCE JUL 1    108                        95     13       36

 COOLING
  YESTERDAY        4                         1      3        1
  MONTH TO DATE  104                        97      7      183
  SINCE SEP 1    104                        97      7      183
  SINCE JAN 1    906                       930    -24     1181
..................................................................

WIND (MPH)
  HIGHEST WIND SPEED    23   HIGHEST WIND DIRECTION     S (160)
  HIGHEST GUST SPEED    30   HIGHEST GUST DIRECTION    SE (150)
  AVERAGE WIND SPEED    12.7


SKY COVER
  AVERAGE SKY COVER 0.0


WEATHER CONDITIONS
THE FOLLOWING WEATHER WAS RECORDED YESTERDAY.
  NO SIGNIFICANT WEATHER WAS OBSERVED.


RELATIVE HUMIDITY (PERCENT)
 HIGHEST   100
 LOWEST     32
 AVERAGE    66

..........................................................


THE GOODLAND KS CLIMATE NORMALS FOR TODAY
                         NORMAL    RECORD    YEAR
 MAXIMUM TEMPERATURE (F)   74        99      2013
 MINIMUM TEMPERATURE (F)   45        24      1908


SUNRISE AND SUNSET
SEPTEMBER 27 2014.....SUNRISE   639 AM MDT   SUNSET   636 PM MDT
SEPTEMBER 28 2014.....SUNRISE   640 AM MDT   SUNSET   634 PM MDT


-  INDICATES NEGATIVE NUMBERS.
R  INDICATES RECORD WAS SET OR TIED.
MM INDICATES DATA IS MISSING.
T  INDICATES TRACE AMOUNT.

&&

THE AVERAGE SOIL TEMPERATURE AT THE FOUR INCH DEPTH... 68

$$
