874
CDUS43 KGLD 160756
CLIGLD

WRKCLIGLD 000
TTAA00 KGLD 160755

CLIMATE REPORT
NATIONAL WEATHER SERVICE GOODLAND
153 AM MDT SAT MAY 16 2015

...................................

...THE GOODLAND KS CLIMATE SUMMARY FOR MAY 15 2015...

CLIMATE NORMAL PERIOD 1981 TO 2010
CLIMATE RECORD PERIOD 1895 TO 2015

WEATHER ITEM   OBSERVED TIME   RECORD YEAR NORMAL DEPARTURE LAST
                VALUE   (LST)  VALUE       VALUE  FROM      YEAR
                                                  NORMAL
..................................................................
TEMPERATURE (F)
 YESTERDAY
  MAXIMUM         80    422 PM  94    1936  73      7       64
  MINIMUM         55    450 AM  24    1907  46      9       32
  AVERAGE         68                        59      9       48

PRECIPITATION (IN)
  YESTERDAY        T             1.53 1969   0.10  -0.10     0.00
  MONTH TO DATE    2.35                      1.23   1.12     0.16
  SINCE MAR 1      7.30                      3.89   3.41     1.01
  SINCE JAN 1      8.38                      4.76   3.62     1.95

SNOWFALL (IN)
  YESTERDAY        0.0                       0.1   -0.1      0.0
  MONTH TO DATE    0.0                       0.5   -0.5       T
  SINCE MAR 1      2.6                      11.5   -8.9      3.9
  SINCE JUL 1     24.7                      35.5  -10.8     29.1
  SNOW DEPTH       0

DEGREE DAYS
 HEATING
  YESTERDAY        0                         7     -7       17
  MONTH TO DATE  120                       134    -14      175
  SINCE MAR 1   1081                      1372   -291     1380
  SINCE JUL 1   5296                      5789   -493     5924

 COOLING
  YESTERDAY        3                         1      2        0
  MONTH TO DATE    5                        13     -8        0
  SINCE MAR 1      5                        17    -12        5
  SINCE JAN 1      5                        17    -12        5
..................................................................

WIND (MPH)
  HIGHEST WIND SPEED    46   HIGHEST WIND DIRECTION    SW (230)
  HIGHEST GUST SPEED    60   HIGHEST GUST DIRECTION    SW (230)
  AVERAGE WIND SPEED    18.7


SKY COVER
  AVERAGE SKY COVER 0.1


WEATHER CONDITIONS
 THE FOLLOWING WEATHER WAS RECORDED YESTERDAY.
  NO SIGNIFICANT WEATHER WAS OBSERVED.


RELATIVE HUMIDITY (PERCENT)
 HIGHEST    93
 LOWEST     28
 AVERAGE    61

..........................................................


THE GOODLAND KS CLIMATE NORMALS FOR TODAY
                         NORMAL    RECORD    YEAR
 MAXIMUM TEMPERATURE (F)   73        94      1996
 MINIMUM TEMPERATURE (F)   46        27      1945


SUNRISE AND SUNSET
MAY 16 2015...........SUNRISE   532 AM MDT   SUNSET   754 PM MDT
MAY 17 2015...........SUNRISE   532 AM MDT   SUNSET   755 PM MDT


-  INDICATES NEGATIVE NUMBERS.
R  INDICATES RECORD WAS SET OR TIED.
MM INDICATES DATA IS MISSING.
T  INDICATES TRACE AMOUNT.

&&

THE AVERAGE SOIL TEMPERATURE AT THE FOUR INCH DEPTH... 59

$$
