000
CDUS43 KGLD 280744
CLIGLD

CLIMATE REPORT
NATIONAL WEATHER SERVICE GOODLAND
1237 AM MST SAT FEB 28 2015

...................................

...THE GOODLAND KS CLIMATE SUMMARY FOR FEBRUARY 27 2015...

CLIMATE NORMAL PERIOD 1981 TO 2010
CLIMATE RECORD PERIOD 1895 TO 2015

WEATHER ITEM   OBSERVED TIME   RECORD YEAR NORMAL DEPARTURE LAST
                VALUE   (LST)  VALUE       VALUE  FROM      YEAR
                                                  NORMAL
..................................................................
TEMPERATURE (F)
 YESTERDAY
  MAXIMUM         18    229 PM  74    2006  49    -31       56
  MINIMUM         10    754 AM  -9    1962  22    -12       15
  AVERAGE         14                        36    -22       36

PRECIPITATION (IN)
  YESTERDAY        0.06          0.97 1939   0.02   0.04     0.00
  MONTH TO DATE    0.80                      0.47   0.33     0.37
  SINCE DEC 1      2.54                      1.31   1.23     0.99
  SINCE JAN 1      1.08                      0.85   0.23     0.94

SNOWFALL (IN)
  YESTERDAY        0.8                       0.1    0.7      0.0
  MONTH TO DATE    9.5                       5.2    4.3      8.8
  SINCE DEC 1     21.6                      16.6    5.0     20.9
  SINCE JUL 1     21.8                      23.8   -2.0     25.2
  SNOW DEPTH       T

DEGREE DAYS
 HEATING
  YESTERDAY       51                        29     22       29
  MONTH TO DATE  834                       886    -52     1075
  SINCE DEC 1   2909                      3070   -161     3245
  SINCE JUL 1   4164                      4389   -225     4518

 COOLING
  YESTERDAY        0                         0      0        0
  MONTH TO DATE    0                         0      0        0
  SINCE DEC 1      0                         0      0        0
  SINCE JAN 1      0                         0      0        0
..................................................................

WIND (MPH)
  HIGHEST WIND SPEED    26   HIGHEST WIND DIRECTION     S (180)
  HIGHEST GUST SPEED    31   HIGHEST GUST DIRECTION     S (180)
  AVERAGE WIND SPEED    17.2


SKY COVER
  AVERAGE SKY COVER 1.0


WEATHER CONDITIONS
 THE FOLLOWING WEATHER WAS RECORDED YESTERDAY.
  LIGHT SNOW
  FOG
  HAZE


RELATIVE HUMIDITY (PERCENT)
 HIGHEST    84
 LOWEST     61
 AVERAGE    73

..........................................................


THE GOODLAND KS CLIMATE NORMALS FOR TODAY
                         NORMAL    RECORD    YEAR
 MAXIMUM TEMPERATURE (F)   49        81      2006
 MINIMUM TEMPERATURE (F)   23       -16      1960


SUNRISE AND SUNSET
FEBRUARY 28 2015......SUNRISE   621 AM MST   SUNSET   538 PM MST
MARCH  1 2015.........SUNRISE   620 AM MST   SUNSET   539 PM MST


-  INDICATES NEGATIVE NUMBERS.
R  INDICATES RECORD WAS SET OR TIED.
MM INDICATES DATA IS MISSING.
T  INDICATES TRACE AMOUNT.

&&

THE AVERAGE SOIL TEMPERATURE AT THE FOUR INCH DEPTH... 32
THE CURRENT DEPTH OF FROST... 3 INCHES

$$
