000
CDUS43 KGLD 250751
CLIGLD

CLIMATE REPORT
NATIONAL WEATHER SERVICE GOODLAND
1241 AM MST TUE NOV 25 2014

...................................

...THE GOODLAND KS CLIMATE SUMMARY FOR NOVEMBER 24 2014...

CLIMATE NORMAL PERIOD 1981 TO 2010
CLIMATE RECORD PERIOD 1895 TO 2014

WEATHER ITEM   OBSERVED TIME   RECORD YEAR NORMAL DEPARTURE LAST
                VALUE   (LST)  VALUE       VALUE  FROM      YEAR
                                                  NORMAL
..................................................................
TEMPERATURE (F)
 YESTERDAY
  MAXIMUM         48    132 PM  82    1910  48      0       38
  MINIMUM         22   1159 PM  -1    1993  22      0       20
  AVERAGE         35                        35      0       29

PRECIPITATION (IN)
  YESTERDAY        T             0.26 1944   0.02  -0.02     0.00
  MONTH TO DATE    T                         0.60  -0.60     0.17
  SINCE SEP 1      2.49                      3.19  -0.70     7.90
  SINCE JAN 1     16.39                     19.09  -2.70    16.69

SNOWFALL (IN)
  YESTERDAY        T                         0.2   -0.2      0.0
  MONTH TO DATE    0.2                       3.5   -3.3      0.3
  SINCE SEP 1      0.2                       6.1   -5.9      4.3
  SINCE JUL 1      0.2                       6.1   -5.9      4.3
  SNOW DEPTH       0

DEGREE DAYS
 HEATING
  YESTERDAY       30                        30      0       36
  MONTH TO DATE  683                       590     93      586
  SINCE SEP 1   1098                      1118    -20     1090
  SINCE JUL 1   1111                      1130    -19     1097

 COOLING
  YESTERDAY        0                         0      0        0
  MONTH TO DATE    0                         0      0        0
  SINCE SEP 1    118                       108     10      183
  SINCE JAN 1    920                       941    -21     1181
..................................................................

WIND (MPH)
  HIGHEST WIND SPEED    32   HIGHEST WIND DIRECTION    NW (330)
  HIGHEST GUST SPEED    42   HIGHEST GUST DIRECTION     N (340)
  AVERAGE WIND SPEED    17.4


SKY COVER
  AVERAGE SKY COVER 0.3


WEATHER CONDITIONS
 THE FOLLOWING WEATHER WAS RECORDED YESTERDAY.
  NO SIGNIFICANT WEATHER WAS OBSERVED.


RELATIVE HUMIDITY (PERCENT)
 HIGHEST    78
 LOWEST     26
 AVERAGE    52

..........................................................


THE GOODLAND KS CLIMATE NORMALS FOR TODAY
                         NORMAL    RECORD    YEAR
 MAXIMUM TEMPERATURE (F)   48        77      1960
 MINIMUM TEMPERATURE (F)   22        -1      1993
                                             1975


SUNRISE AND SUNSET
NOVEMBER 25 2014......SUNRISE   641 AM MST   SUNSET   426 PM MST
NOVEMBER 26 2014......SUNRISE   643 AM MST   SUNSET   425 PM MST


-  INDICATES NEGATIVE NUMBERS.
R  INDICATES RECORD WAS SET OR TIED.
MM INDICATES DATA IS MISSING.
T  INDICATES TRACE AMOUNT.

&&

THE AVERAGE SOIL TEMPERATURE AT THE FOUR INCH DEPTH... 39
THE CURRENT DEPTH OF FROST... 0 INCHES

$$
