971
CDUS43 KGLD 250104
CLIGLD

CLIMATE REPORT
NATIONAL WEATHER SERVICE GOODLAND
659 PM MDT MON APR 24 2017

...................................

...THE GOODLAND KS CLIMATE SUMMARY FOR APRIL 24 2017...
VALID TODAY AS OF 0600 PM LOCAL TIME.

CLIMATE NORMAL PERIOD 1981 TO 2010
CLIMATE RECORD PERIOD 1895 TO 2017

WEATHER ITEM   OBSERVED TIME   RECORD YEAR NORMAL DEPARTURE LAST
                VALUE   (LST)  VALUE       VALUE  FROM      YEAR
                                                  NORMAL
..................................................................
TEMPERATURE (F)
 TODAY
  MAXIMUM         74    333 PM  93    2012  66      8       76
  MINIMUM         48    435 AM  19    2013  38     10       42
  AVERAGE         61                        52      9       59

PRECIPITATION (IN)
  TODAY            0.00          1.92 1932   0.07  -0.07     0.00
  MONTH TO DATE    1.15                      1.22  -0.07     2.75
  SINCE MAR 1      2.83                      2.29   0.54     3.30
  SINCE JAN 1      3.76                      3.16   0.60     4.16

SNOWFALL (IN)
  TODAY            0.0                       0.1   -0.1      0.0
  MONTH TO DATE    0.0                       3.8   -3.8      0.0
  SINCE MAR 1      T                        10.6  -10.6      4.4
  SINCE JUL 1      9.4                      34.6  -25.2     27.8
  SNOW DEPTH       0

DEGREE DAYS
 HEATING
  TODAY            4                        13     -9        6
  MONTH TO DATE  281                       406   -125      319
  SINCE MAR 1    876                      1164   -288      924
  SINCE JUL 1   4761                      5581   -820     4770

 COOLING
  TODAY            0                         0      0        0
  MONTH TO DATE    7                         0      7        0
  SINCE MAR 1      7                         0      7        0
  SINCE JAN 1      7                         0      7        0
..................................................................

WIND (MPH)
  HIGHEST WIND SPEED    28   HIGHEST WIND DIRECTION     N (340)
  HIGHEST GUST SPEED    34   HIGHEST GUST DIRECTION     S (190)
  AVERAGE WIND SPEED    16.4


SKY COVER
  AVERAGE SKY COVER 0.0


WEATHER CONDITIONS
 THE FOLLOWING WEATHER WAS RECORDED TODAY.
  NO SIGNIFICANT WEATHER WAS OBSERVED.


RELATIVE HUMIDITY (PERCENT)
 HIGHEST    66           300 AM
 LOWEST     29           200 PM
 AVERAGE    48

..........................................................


THE GOODLAND KS CLIMATE NORMALS FOR TOMORROW
                         NORMAL    RECORD    YEAR
 MAXIMUM TEMPERATURE (F)   67        88      1981
 MINIMUM TEMPERATURE (F)   38        22      2002


SUNRISE AND SUNSET
APRIL 24 2017.........SUNRISE   557 AM MDT   SUNSET   734 PM MDT
APRIL 25 2017.........SUNRISE   555 AM MDT   SUNSET   735 PM MDT


-  INDICATES NEGATIVE NUMBERS.
R  INDICATES RECORD WAS SET OR TIED.
MM INDICATES DATA IS MISSING.
T  INDICATES TRACE AMOUNT.

&&

THE AVERAGE SOIL TEMPERATURE AT THE FOUR INCH DEPTH... M

$$
