000
CDUS43 KGLD 160743
CLIGLD

CLIMATE REPORT
NATIONAL WEATHER SERVICE GOODLAND
1239 AM MST TUE DEC 16 2014

...................................

...THE GOODLAND KS CLIMATE SUMMARY FOR DECEMBER 15 2014...

CLIMATE NORMAL PERIOD 1981 TO 2010
CLIMATE RECORD PERIOD 1895 TO 2014

WEATHER ITEM   OBSERVED TIME   RECORD YEAR NORMAL DEPARTURE LAST
                VALUE   (LST)  VALUE       VALUE  FROM      YEAR
                                                  NORMAL
..................................................................
TEMPERATURE (F)
 YESTERDAY
  MAXIMUM         32   1109 AM  68    2002  42    -10       60
  MINIMUM         22   1159 PM -10    2008  17      5       25
  AVERAGE         27                        29     -2       43

PRECIPITATION (IN)
  YESTERDAY        T             0.16 2003   0.01  -0.01     0.00
  MONTH TO DATE    0.87                      0.23   0.64     0.05
  SINCE DEC 1      0.87                      0.23   0.64     0.05
  SINCE JAN 1     17.28                     19.43  -2.15    16.74

SNOWFALL (IN)
  YESTERDAY        T                         0.2   -0.2      0.0
  MONTH TO DATE    T                         2.6   -2.6      2.5
  SINCE DEC 1      T                         2.6   -2.6      2.5
  SINCE JUL 1      0.2                       9.8   -9.6      6.8
  SNOW DEPTH       T

DEGREE DAYS
 HEATING
  YESTERDAY       38                        36      2       22
  MONTH TO DATE  412                       516   -104      610
  SINCE DEC 1    412                       516   -104      610
  SINCE JUL 1   1667                      1835   -168     1883

 COOLING
  YESTERDAY        0                         0      0        0
  MONTH TO DATE    0                         0      0        0
  SINCE DEC 1      0                         0      0        0
  SINCE JAN 1    920                       941    -21     1181
..................................................................

WIND (MPH)
  HIGHEST WIND SPEED    36   HIGHEST WIND DIRECTION     N (340)
  HIGHEST GUST SPEED    46   HIGHEST GUST DIRECTION    NW (330)
  AVERAGE WIND SPEED    23.3


SKY COVER
  AVERAGE SKY COVER 0.8


WEATHER CONDITIONS
 THE FOLLOWING WEATHER WAS RECORDED YESTERDAY.
  LIGHT SNOW
  FOG


RELATIVE HUMIDITY (PERCENT)
 HIGHEST    92
 LOWEST     72
 AVERAGE    82

..........................................................


THE GOODLAND KS CLIMATE NORMALS FOR TODAY
                         NORMAL    RECORD    YEAR
 MAXIMUM TEMPERATURE (F)   42        74      1962
 MINIMUM TEMPERATURE (F)   17        -4      1964
                                             1914


SUNRISE AND SUNSET
DECEMBER 16 2014......SUNRISE   700 AM MST   SUNSET   425 PM MST
DECEMBER 17 2014......SUNRISE   701 AM MST   SUNSET   425 PM MST


-  INDICATES NEGATIVE NUMBERS.
R  INDICATES RECORD WAS SET OR TIED.
MM INDICATES DATA IS MISSING.
T  INDICATES TRACE AMOUNT.

&&

THE AVERAGE SOIL TEMPERATURE AT THE FOUR INCH DEPTH... 41
THE CURRENT DEPTH OF FROST... 0 INCHES

$$
