084
CDUS43 KGLD 200753
CLIGLD

CLIMATE REPORT
NATIONAL WEATHER SERVICE GOODLAND
151 AM MDT WED JUL 20 2016

...................................

...THE GOODLAND KS CLIMATE SUMMARY FOR JULY 19 2016...

CLIMATE NORMAL PERIOD 1981 TO 2010
CLIMATE RECORD PERIOD 1895 TO 2016

WEATHER ITEM   OBSERVED TIME   RECORD YEAR NORMAL DEPARTURE LAST
                VALUE   (LST)  VALUE       VALUE  FROM      YEAR
                                                  NORMAL
..................................................................
TEMPERATURE (F)
 YESTERDAY
  MAXIMUM         99    239 PM 106    1934  90      9       85
  MINIMUM         65    527 AM  45    1897  62      3       65
  AVERAGE         82                        76      6       75

PRECIPITATION (IN)
  YESTERDAY        0.03          2.08 1985   0.11  -0.08     0.21
  MONTH TO DATE    1.22                      2.11  -0.89     1.12
  SINCE JUN 1      2.84                      5.36  -2.52     3.43
  SINCE JAN 1     10.20                     11.84  -1.64    15.22

SNOWFALL (IN)
  YESTERDAY        0.0                       0.0    0.0      0.0
  MONTH TO DATE    0.0                       0.0    0.0      0.0
  SINCE JUN 1      0.0                       0.0    0.0      0.0
  SINCE JUL 1      0.0                       0.0    0.0      0.0
  SNOW DEPTH       0

DEGREE DAYS
 HEATING
  YESTERDAY        0                         0      0        0
  MONTH TO DATE    0                         0      0        1
  SINCE JUN 1      2                        37    -35        6
  SINCE JUL 1      0                         0      0        1

 COOLING
  YESTERDAY       17                        11      6       10
  MONTH TO DATE  234                       202     32      207
  SINCE JUN 1    523                       381    142      449
  SINCE JAN 1    547                       422    125      455
..................................................................

WIND (MPH)
  HIGHEST WIND SPEED    26   HIGHEST WIND DIRECTION     S (160)
  HIGHEST GUST SPEED    32   HIGHEST GUST DIRECTION     S (160)
  AVERAGE WIND SPEED    16.3


SKY COVER
  AVERAGE SKY COVER 0.1


WEATHER CONDITIONS
 THE FOLLOWING WEATHER WAS RECORDED YESTERDAY.
  THUNDERSTORM
  LIGHT RAIN


RELATIVE HUMIDITY (PERCENT)
 HIGHEST    93
 LOWEST     20
 AVERAGE    57

..........................................................


THE GOODLAND KS CLIMATE NORMALS FOR TODAY
                         NORMAL    RECORD    YEAR
 MAXIMUM TEMPERATURE (F)   90       109      2005
                                             1939
 MINIMUM TEMPERATURE (F)   62        50      1897


SUNRISE AND SUNSET
JULY 20 2016..........SUNRISE   537 AM MDT   SUNSET   809 PM MDT
JULY 21 2016..........SUNRISE   538 AM MDT   SUNSET   808 PM MDT


-  INDICATES NEGATIVE NUMBERS.
R  INDICATES RECORD WAS SET OR TIED.
MM INDICATES DATA IS MISSING.
T  INDICATES TRACE AMOUNT.

&&

THE AVERAGE SOIL TEMPERATURE AT THE FOUR INCH DEPTH... 81

$$
