000
CDUS43 KGLD 230740
CLIGLD

CLIMATE REPORT
NATIONAL WEATHER SERVICE GOODLAND
137 AM MDT TUE AUG 23 2016

...................................

...THE GOODLAND KS CLIMATE SUMMARY FOR AUGUST 22 2016...

CLIMATE NORMAL PERIOD 1981 TO 2010
CLIMATE RECORD PERIOD 1895 TO 2016

WEATHER ITEM   OBSERVED TIME   RECORD YEAR NORMAL DEPARTURE LAST
                VALUE   (LST)  VALUE       VALUE  FROM      YEAR
                                                  NORMAL
..................................................................
TEMPERATURE (F)
 YESTERDAY
  MAXIMUM         89    225 PM 102    1938  87      2       98
  MINIMUM         59    514 AM  45    1945  59      0       58
  AVERAGE         74                        73      1       78

PRECIPITATION (IN)
  YESTERDAY        0.51          0.61 2014   0.07   0.44      T
  MONTH TO DATE    1.30                      2.09  -0.79     0.33
  SINCE JUN 1      5.67                      8.81  -3.14     4.92
  SINCE JAN 1     13.03                     15.29  -2.26    16.71

SNOWFALL (IN)
  YESTERDAY        0.0                       0.0    0.0      0.0
  MONTH TO DATE    0.0                       0.0    0.0      0.0
  SINCE JUN 1      0.0                       0.0    0.0      0.0
  SINCE JUL 1      0.0                       0.0    0.0      0.0
  SNOW DEPTH       0

DEGREE DAYS
 HEATING
  YESTERDAY        0                         0      0        0
  MONTH TO DATE    2                         0      2        2
  SINCE JUN 1      4                        41    -37        8
  SINCE JUL 1      2                         4     -2        3

 COOLING
  YESTERDAY        9                         8      1       13
  MONTH TO DATE  203                       211     -8      236
  SINCE JUN 1    894                       724    170      821
  SINCE JAN 1    918                       765    153      827
..................................................................

WIND (MPH)
  HIGHEST WIND SPEED    36   HIGHEST WIND DIRECTION     S (170)
  HIGHEST GUST SPEED    46   HIGHEST GUST DIRECTION     S (170)
  AVERAGE WIND SPEED    18.8


SKY COVER
  AVERAGE SKY COVER 0.2


WEATHER CONDITIONS
 THE FOLLOWING WEATHER WAS RECORDED YESTERDAY.
  THUNDERSTORM
  HEAVY RAIN
  RAIN
  LIGHT RAIN
  HAIL
  FOG


RELATIVE HUMIDITY (PERCENT)
 HIGHEST    84
 LOWEST     34
 AVERAGE    59

..........................................................


THE GOODLAND KS CLIMATE NORMALS FOR TODAY
                         NORMAL    RECORD    YEAR
 MAXIMUM TEMPERATURE (F)   87       107      1943
 MINIMUM TEMPERATURE (F)   59        38      1964


SUNRISE AND SUNSET
AUGUST 23 2016........SUNRISE   607 AM MDT   SUNSET   730 PM MDT
AUGUST 24 2016........SUNRISE   608 AM MDT   SUNSET   729 PM MDT


-  INDICATES NEGATIVE NUMBERS.
R  INDICATES RECORD WAS SET OR TIED.
MM INDICATES DATA IS MISSING.
T  INDICATES TRACE AMOUNT.

&&

THE AVERAGE SOIL TEMPERATURE AT THE FOUR INCH DEPTH... 74

$$
