000
CDUS43 KGLD 180738
CLIGLD

CLIMATE REPORT
NATIONAL WEATHER SERVICE GOODLAND
136 AM MDT FRI JUL 18 2014

...................................

...THE GOODLAND KS CLIMATE SUMMARY FOR JULY 17 2014...

CLIMATE NORMAL PERIOD 1981 TO 2010
CLIMATE RECORD PERIOD 1895 TO 2014

WEATHER ITEM   OBSERVED TIME   RECORD YEAR NORMAL DEPARTURE LAST
                VALUE   (LST)  VALUE       VALUE  FROM      YEAR
                                                  NORMAL
..................................................................
TEMPERATURE (F)
 YESTERDAY
  MAXIMUM         66    445 PM 106    1936  90    -24       86
  MINIMUM         55   1009 PM  50    1917  62     -7       60
  AVERAGE         61                        76    -15       73

PRECIPITATION (IN)
  YESTERDAY        0.02          2.16 1993   0.11  -0.09     0.00
  MONTH TO DATE    1.44                      1.89  -0.45     0.02
  SINCE JUN 1      6.97                      5.14   1.83     3.06
  SINCE JAN 1     10.51                     11.62  -1.11     7.42

SNOWFALL (IN)
  YESTERDAY        0.0                       0.0    0.0      0.0
  MONTH TO DATE    0.0                       0.0    0.0      0.0
  SINCE JUN 1      0.0                       0.0    0.0      0.0
  SINCE JUL 1      0.0                       0.0    0.0      0.0
  SNOW DEPTH       0

DEGREE DAYS
 HEATING
  YESTERDAY        4                         0      4        0
  MONTH TO DATE   13                         0     13        0
  SINCE JUN 1     51                        37     14       31
  SINCE JUL 1     13                         0     13        0

 COOLING
  YESTERDAY        0                        11    -11        8
  MONTH TO DATE  140                       180    -40      197
  SINCE JUN 1    289                       359    -70      454
  SINCE JAN 1    335                       400    -65      543
..................................................................

WIND (MPH)
  HIGHEST WIND SPEED    17   HIGHEST WIND DIRECTION     S (190)
  HIGHEST GUST SPEED    21   HIGHEST GUST DIRECTION     S (190)
  AVERAGE WIND SPEED     7.5

SKY COVER
  AVERAGE SKY COVER 0.8

WEATHER CONDITIONS
THE FOLLOWING WEATHER WAS RECORDED YESTERDAY.
  LIGHT RAIN
  FOG

RELATIVE HUMIDITY (PERCENT)
 HIGHEST   100
 LOWEST     73
 AVERAGE    87

..........................................................

THE GOODLAND KS CLIMATE NORMALS FOR TODAY
                         NORMAL    RECORD    YEAR
 MAXIMUM TEMPERATURE (F)   90       106      1936
 MINIMUM TEMPERATURE (F)   62        50      1972

SUNRISE AND SUNSET
JULY 18 2014..........SUNRISE   535 AM MDT   SUNSET   811 PM MDT
JULY 19 2014..........SUNRISE   536 AM MDT   SUNSET   810 PM MDT

-  INDICATES NEGATIVE NUMBERS.
R  INDICATES RECORD WAS SET OR TIED.
MM INDICATES DATA IS MISSING.
T  INDICATES TRACE AMOUNT.

&&

THE AVERAGE SOIL TEMPERATURE AT THE FOUR INCH DEPTH... 68

$$
