000
CDUS43 KGLD 250737
CLIGLD

CLIMATE REPORT
NATIONAL WEATHER SERVICE GOODLAND
135 AM MDT MON APR 25 2016

...................................

...THE GOODLAND KS CLIMATE SUMMARY FOR APRIL 24 2016...

CLIMATE NORMAL PERIOD 1981 TO 2010
CLIMATE RECORD PERIOD 1895 TO 2016

WEATHER ITEM   OBSERVED TIME   RECORD YEAR NORMAL DEPARTURE LAST
                VALUE   (LST)  VALUE       VALUE  FROM      YEAR
                                                  NORMAL
..................................................................
TEMPERATURE (F)
 YESTERDAY
  MAXIMUM         76   1245 PM  93    2012  66     10       72
  MINIMUM         42   1130 PM  19    2013  38      4       49
  AVERAGE         59                        52      7       61

PRECIPITATION (IN)
  YESTERDAY        0.00          1.92 1932   0.07  -0.07      T
  MONTH TO DATE    2.75                      1.22   1.53     4.77
  SINCE MAR 1      3.30                      2.29   1.01     4.88
  SINCE JAN 1      4.16                      3.16   0.00     5.96

SNOWFALL (IN)
  YESTERDAY        0.0                       0.1   -0.1      0.0
  MONTH TO DATE    0.0                       3.8   -3.8      2.0
  SINCE MAR 1      4.4                      10.6   -6.2      2.6
  SINCE JUL 1     27.8                      34.6   -6.8     24.7
  SNOW DEPTH       0

DEGREE DAYS
 HEATING
  YESTERDAY        6                        13     -7        4
  MONTH TO DATE  319                       406    -87      327
  SINCE MAR 1    924                      1164   -240      892
  SINCE JUL 1   4770                      5581   -811     5107

 COOLING
  YESTERDAY        0                         0      0        0
  MONTH TO DATE    0                         0      0        0
  SINCE MAR 1      0                         0      0        0
  SINCE JAN 1      0                         0      0        0
..................................................................

WIND (MPH)
  HIGHEST WIND SPEED    26   HIGHEST WIND DIRECTION     W (260)
  HIGHEST GUST SPEED    32   HIGHEST GUST DIRECTION     W (250)
  AVERAGE WIND SPEED     9.8


SKY COVER
  AVERAGE SKY COVER 0.1


WEATHER CONDITIONS
 THE FOLLOWING WEATHER WAS RECORDED YESTERDAY.
  NO SIGNIFICANT WEATHER WAS OBSERVED.


RELATIVE HUMIDITY (PERCENT)
 HIGHEST    89
 LOWEST     13
 AVERAGE    51

..........................................................


THE GOODLAND KS CLIMATE NORMALS FOR TODAY
                         NORMAL    RECORD    YEAR
 MAXIMUM TEMPERATURE (F)   67        88      1981
 MINIMUM TEMPERATURE (F)   38        22      2002


SUNRISE AND SUNSET
APRIL 25 2016.........SUNRISE   555 AM MDT   SUNSET   735 PM MDT
APRIL 26 2016.........SUNRISE   554 AM MDT   SUNSET   736 PM MDT


-  INDICATES NEGATIVE NUMBERS.
R  INDICATES RECORD WAS SET OR TIED.
MM INDICATES DATA IS MISSING.
T  INDICATES TRACE AMOUNT.

&&

THE AVERAGE SOIL TEMPERATURE AT THE FOUR INCH DEPTH... 56

$$
