000
CDUS43 KGLD 190805
CLIGLD

CLIMATE REPORT
NATIONAL WEATHER SERVICE GOODLAND
203 AM MDT FRI MAY 19 2017
...................................

...THE GOODLAND KS CLIMATE SUMMARY FOR MAY 18 2017...

CLIMATE NORMAL PERIOD 1981 TO 2010
CLIMATE RECORD PERIOD 1895 TO 2017

WEATHER ITEM   OBSERVED TIME   RECORD YEAR NORMAL DEPARTURE LAST
                VALUE   (LST)  VALUE       VALUE  FROM      YEAR
                                                  NORMAL
..................................................................
TEMPERATURE (F)
 YESTERDAY
  MAXIMUM         52    316 PM  98    1996  74    -22       62
  MINIMUM         45    629 AM  29    1930  47     -2       34
  AVERAGE         49                        60    -11       48

PRECIPITATION (IN)
  YESTERDAY        0.16          1.10 1981   0.10   0.06     0.00
  MONTH TO DATE    4.06                      1.53   2.53     1.05
  SINCE MAR 1      7.86                      4.19   3.67     5.59
  SINCE JAN 1      8.79                      5.06   3.73     6.45

SNOWFALL (IN)
  YESTERDAY        0.0                       0.0    0.0      0.0
  MONTH TO DATE    0.0                       0.5   -0.5       T
  SINCE MAR 1      4.8                      11.5   -6.7      6.7
  SINCE JUL 1     14.2                      35.5  -21.3     30.1
  SNOW DEPTH       0

DEGREE DAYS
 HEATING
  YESTERDAY       16                         6     10       17
  MONTH TO DATE  119                       153    -34      204
  SINCE MAR 1   1130                      1391   -261     1244
  SINCE JUL 1   5015                      5808   -793     5090

 COOLING
  YESTERDAY        0                         1     -1        0
  MONTH TO DATE   25                        16      9        6
  SINCE MAR 1     32                        20     12        6
  SINCE JAN 1     32                        20     12        6
..................................................................

WIND (MPH)
  HIGHEST WIND SPEED    29   HIGHEST WIND DIRECTION    NE (40)
  HIGHEST GUST SPEED    34   HIGHEST GUST DIRECTION     E (70)
  AVERAGE WIND SPEED    16.9


SKY COVER
  AVERAGE SKY COVER 1.0


WEATHER CONDITIONS
 THE FOLLOWING WEATHER WAS RECORDED YESTERDAY.
  THUNDERSTORM
  RAIN
  LIGHT RAIN
  FOG


RELATIVE HUMIDITY (PERCENT)
 HIGHEST   100
 LOWEST     89
 AVERAGE    95

..........................................................


THE GOODLAND KS CLIMATE NORMALS FOR TODAY
                         NORMAL    RECORD    YEAR
 MAXIMUM TEMPERATURE (F)   74        95      2006
                                             1934
                                             1908
 MINIMUM TEMPERATURE (F)   47        30      1915


SUNRISE AND SUNSET
MAY 19 2017...........SUNRISE   530 AM MDT   SUNSET   758 PM MDT
MAY 20 2017...........SUNRISE   529 AM MDT   SUNSET   758 PM MDT


-  INDICATES NEGATIVE NUMBERS.
R  INDICATES RECORD WAS SET OR TIED.
MM INDICATES DATA IS MISSING.
T  INDICATES TRACE AMOUNT.

&&

THE AVERAGE SOIL TEMPERATURE AT THE FOUR INCH DEPTH... 59

$$
