000
CDUS43 KGLD 270738
CLIGLD

CLIMATE REPORT
NATIONAL WEATHER SERVICE GOODLAND
136 AM MDT SUN JUL 27 2014

...................................

...THE GOODLAND KS CLIMATE SUMMARY FOR JULY 26 2014...

CLIMATE NORMAL PERIOD 1981 TO 2010
CLIMATE RECORD PERIOD 1895 TO 2014

WEATHER ITEM   OBSERVED TIME   RECORD YEAR NORMAL DEPARTURE LAST
                VALUE   (LST)  VALUE       VALUE  FROM      YEAR
                                                  NORMAL
..................................................................
TEMPERATURE (F)
 YESTERDAY
  MAXIMUM         97    323 PM 106    1936  90      7       85
  MINIMUM         66    512 AM  50    1946  62      4       58
  AVERAGE         82                        76      6       72

PRECIPITATION (IN)
  YESTERDAY        0.00          3.16 1920   0.11  -0.11     0.00
  MONTH TO DATE    1.81                      2.91  -1.10     0.21
  SINCE JUN 1      7.34                      6.16   1.18     3.25
  SINCE JAN 1     10.88                     12.64  -1.76     7.61

SNOWFALL (IN)
  YESTERDAY        0.0                       0.0    0.0      0.0
  MONTH TO DATE    0.0                       0.0    0.0      0.0
  SINCE JUN 1      0.0                       0.0    0.0      0.0
  SINCE JUL 1      0.0                       0.0    0.0      0.0
  SNOW DEPTH       0

DEGREE DAYS
 HEATING
  YESTERDAY        0                         0      0        0
  MONTH TO DATE   13                         0     13        0
  SINCE JUN 1     51                        37     14       31
  SINCE JUL 1     13                         0     13        0

 COOLING
  YESTERDAY       17                        11      6        7
  MONTH TO DATE  275                       279     -4      294
  SINCE JUN 1    424                       458    -34      551
  SINCE JAN 1    470                       499    -29      640
..................................................................

WIND (MPH)
  HIGHEST WIND SPEED    20   HIGHEST WIND DIRECTION     N (20)
  HIGHEST GUST SPEED    26   HIGHEST GUST DIRECTION     N (340)
  AVERAGE WIND SPEED    10.3

SKY COVER
  AVERAGE SKY COVER 0.0

WEATHER CONDITIONS
 THE FOLLOWING WEATHER WAS RECORDED YESTERDAY.
  NO SIGNIFICANT WEATHER WAS OBSERVED.

RELATIVE HUMIDITY (PERCENT)
 HIGHEST    93
 LOWEST     18
 AVERAGE    56

..........................................................

THE GOODLAND KS CLIMATE NORMALS FOR TODAY
                         NORMAL    RECORD    YEAR
 MAXIMUM TEMPERATURE (F)   90       105      1910
 MINIMUM TEMPERATURE (F)   62        50      2005
                                             1994

SUNRISE AND SUNSET
JULY 27 2014..........SUNRISE   542 AM MDT   SUNSET   804 PM MDT
JULY 28 2014..........SUNRISE   543 AM MDT   SUNSET   803 PM MDT

-  INDICATES NEGATIVE NUMBERS.
R  INDICATES RECORD WAS SET OR TIED.
MM INDICATES DATA IS MISSING.
T  INDICATES TRACE AMOUNT.

&&

THE AVERAGE SOIL TEMPERATURE AT THE FOUR INCH DEPTH... 76

$$
