000
CDUS43 KGLD 170803
CLIGLD

WRKCLIGLD 000
TTAA00 KGLD 170746

CLIMATE REPORT
NATIONAL WEATHER SERVICE GOODLAND
136 AM MDT SUN MAY 17 2015

...................................

...THE GOODLAND KS CLIMATE SUMMARY FOR MAY 16 2015...

CLIMATE NORMAL PERIOD 1981 TO 2010
CLIMATE RECORD PERIOD 1895 TO 2015

WEATHER ITEM   OBSERVED TIME   RECORD YEAR NORMAL DEPARTURE LAST
                VALUE   (LST)  VALUE       VALUE  FROM      YEAR
                                                  NORMAL
..................................................................
TEMPERATURE (F)
 YESTERDAY
  MAXIMUM         74    208 PM  94    1996  73      1       69
  MINIMUM         50    248 AM  27    1945  46      4       40
  AVERAGE         62                        59      3       55

PRECIPITATION (IN)
  YESTERDAY        0.16          1.64 1947   0.10   0.06      T
  MONTH TO DATE    2.51                      1.33   1.18     0.16
  SINCE MAR 1      7.46                      3.99   3.47     1.01
  SINCE JAN 1      8.54                      4.86   3.68     1.95

SNOWFALL (IN)
  YESTERDAY        0.0                       0.0    0.0      0.0
  MONTH TO DATE    0.0                       0.5   -0.5       T
  SINCE MAR 1      2.6                      11.5   -8.9      3.9
  SINCE JUL 1     24.7                      35.5  -10.8     29.1
  SNOW DEPTH       0

DEGREE DAYS
 HEATING
  YESTERDAY        3                         7     -4       10
  MONTH TO DATE  123                       141    -18      185
  SINCE MAR 1   1084                      1379   -295     1390
  SINCE JUL 1   5299                      5796   -497     5934

 COOLING
  YESTERDAY        0                         1     -1        0
  MONTH TO DATE    5                        14     -9        0
  SINCE MAR 1      5                        18    -13        5
  SINCE JAN 1      5                        18    -13        5
..................................................................

WIND (MPH)
  HIGHEST WIND SPEED    29   HIGHEST WIND DIRECTION    SW (220)
  HIGHEST GUST SPEED    39   HIGHEST GUST DIRECTION    SW (220)
  AVERAGE WIND SPEED    14.5


SKY COVER
  AVERAGE SKY COVER 0.3


WEATHER CONDITIONS
 THE FOLLOWING WEATHER WAS RECORDED YESTERDAY.
  THUNDERSTORM
  LIGHT RAIN
  FOG


RELATIVE HUMIDITY (PERCENT)
 HIGHEST    96
 LOWEST     25
 AVERAGE    61

..........................................................


THE GOODLAND KS CLIMATE NORMALS FOR TODAY
                         NORMAL    RECORD    YEAR
 MAXIMUM TEMPERATURE (F)   73        99      1927
 MINIMUM TEMPERATURE (F)   46        31      1976


SUNRISE AND SUNSET
MAY 17 2015...........SUNRISE   532 AM MDT   SUNSET   755 PM MDT
MAY 18 2015...........SUNRISE   531 AM MDT   SUNSET   756 PM MDT


-  INDICATES NEGATIVE NUMBERS.
R  INDICATES RECORD WAS SET OR TIED.
MM INDICATES DATA IS MISSING.
T  INDICATES TRACE AMOUNT.

&&

THE AVERAGE SOIL TEMPERATURE AT THE FOUR INCH DEPTH... 61

$$
