000
CDUS43 KGLD 270745
CLIGLD

CLIMATE REPORT
NATIONAL WEATHER SERVICE GOODLAND
143 AM MDT SAT AUG 27 2016

...................................

...THE GOODLAND KS CLIMATE SUMMARY FOR AUGUST 26 2016...

CLIMATE NORMAL PERIOD 1981 TO 2010
CLIMATE RECORD PERIOD 1895 TO 2016

WEATHER ITEM   OBSERVED TIME   RECORD YEAR NORMAL DEPARTURE LAST
                VALUE   (LST)  VALUE       VALUE  FROM      YEAR
                                                  NORMAL
..................................................................
TEMPERATURE (F)
 YESTERDAY
  MAXIMUM         73   1203 PM 106    1926  86    -13       99
  MINIMUM         50   1055 PM  42    1906  58     -8       58
  AVERAGE         62                        72    -10       79

PRECIPITATION (IN)
  YESTERDAY        0.13          1.22 1933   0.07   0.06     0.00
  MONTH TO DATE    1.47                      2.37  -0.90     0.33
  SINCE JUN 1      5.84                      9.09  -3.25     4.92
  SINCE JAN 1     13.20                     15.57  -2.37    16.71

SNOWFALL (IN)
  YESTERDAY        0.0                       0.0    0.0      0.0
  MONTH TO DATE    0.0                       0.0    0.0      0.0
  SINCE JUN 1      0.0                       0.0    0.0      0.0
  SINCE JUL 1      0.0                       0.0    0.0      0.0
  SNOW DEPTH       0

DEGREE DAYS
 HEATING
  YESTERDAY        3                         0      3        0
  MONTH TO DATE    7                         0      7        5
  SINCE JUN 1      9                        41    -32       11
  SINCE JUL 1      7                         4      3        6

 COOLING
  YESTERDAY        0                         8     -8       14
  MONTH TO DATE  216                       243    -27      261
  SINCE JUN 1    907                       756    151      846
  SINCE JAN 1    931                       797    134      852
..................................................................

WIND (MPH)
  HIGHEST WIND SPEED    28   HIGHEST WIND DIRECTION     N (10)
  HIGHEST GUST SPEED    34   HIGHEST GUST DIRECTION     N (10)
  AVERAGE WIND SPEED     6.5


SKY COVER
  AVERAGE SKY COVER 0.6


WEATHER CONDITIONS
 THE FOLLOWING WEATHER WAS RECORDED YESTERDAY.
  THUNDERSTORM
  HEAVY RAIN
  LIGHT RAIN
  FOG


RELATIVE HUMIDITY (PERCENT)
 HIGHEST    93
 LOWEST     57
 AVERAGE    75

..........................................................


THE GOODLAND KS CLIMATE NORMALS FOR TODAY
                         NORMAL    RECORD    YEAR
 MAXIMUM TEMPERATURE (F)   86       102      1960
 MINIMUM TEMPERATURE (F)   58        44      1911
                                             1906


SUNRISE AND SUNSET
AUGUST 27 2016........SUNRISE   611 AM MDT   SUNSET   724 PM MDT
AUGUST 28 2016........SUNRISE   612 AM MDT   SUNSET   723 PM MDT


-  INDICATES NEGATIVE NUMBERS.
R  INDICATES RECORD WAS SET OR TIED.
MM INDICATES DATA IS MISSING.
T  INDICATES TRACE AMOUNT.

&&

THE AVERAGE SOIL TEMPERATURE AT THE FOUR INCH DEPTH... 66

$$
