000
CDUS43 KGLD 080744
CLIGLD

CLIMATE REPORT
NATIONAL WEATHER SERVICE GOODLAND
142 AM MDT TUE APR 8 2014

...................................

...THE GOODLAND KS CLIMATE SUMMARY FOR APRIL 7 2014...

CLIMATE NORMAL PERIOD 1981 TO 2010
CLIMATE RECORD PERIOD 1895 TO 2014

WEATHER ITEM   OBSERVED TIME   RECORD YEAR NORMAL DEPARTURE LAST
                VALUE   (LST)  VALUE       VALUE  FROM      YEAR
                                                  NORMAL
..................................................................
TEMPERATURE (F)
 YESTERDAY
  MAXIMUM         56   1151 AM  87    1978  61     -5       71
  MINIMUM         26   1125 PM  12    1997  32     -6       39
  AVERAGE         41                        46     -5       55

PRECIPITATION (IN)
  YESTERDAY        0.01          1.53 1915   0.05  -0.04      T
  MONTH TO DATE    0.16                      0.30  -0.14     0.01
  SINCE MAR 1      0.58                      1.37  -0.79     1.46
  SINCE JAN 1      1.52                      2.24  -0.72     2.31

SNOWFALL (IN)
  YESTERDAY        T                         0.2   -0.2      0.0
  MONTH TO DATE    T                         1.5   -1.5       T
  SINCE MAR 1      3.5                       8.3   -4.8     19.8
  SINCE JUL 1     28.7                      32.3   -3.6     43.0
  SNOW DEPTH       0

DEGREE DAYS
 HEATING
  YESTERDAY       24                        19      5       10
  MONTH TO DATE  161                       136     25      124
  SINCE MAR 1    929                       894     35      967
  SINCE JUL 1   5473                      5311    162     5254

 COOLING
  YESTERDAY        0                         0      0        0
  MONTH TO DATE    0                         0      0        0
  SINCE MAR 1      0                         0      0        0
  SINCE JAN 1      0                         0      0        0
..................................................................

WIND (MPH)
  HIGHEST WIND SPEED    40   HIGHEST WIND DIRECTION     N (360)
  HIGHEST GUST SPEED    52   HIGHEST GUST DIRECTION     N (10)
  AVERAGE WIND SPEED    17.8

SKY COVER
  AVERAGE SKY COVER 0.3

WEATHER CONDITIONS
 THE FOLLOWING WEATHER WAS RECORDED YESTERDAY.
  NO SIGNIFICANT WEATHER WAS OBSERVED.

RELATIVE HUMIDITY (PERCENT)
 HIGHEST    89
 LOWEST     32
 AVERAGE    61

..........................................................

THE GOODLAND KS CLIMATE NORMALS FOR TODAY
                         NORMAL    RECORD    YEAR
 MAXIMUM TEMPERATURE (F)   61        82      2011
                                             1930
 MINIMUM TEMPERATURE (F)   32        12      1973
                                             1957
                                             1914

SUNRISE AND SUNSET
APRIL  8 2014.........SUNRISE   620 AM MDT   SUNSET   718 PM MDT
APRIL  9 2014.........SUNRISE   619 AM MDT   SUNSET   719 PM MDT

-  INDICATES NEGATIVE NUMBERS.
R  INDICATES RECORD WAS SET OR TIED.
MM INDICATES DATA IS MISSING.
T  INDICATES TRACE AMOUNT.

&&

THE AVERAGE SOIL TEMPERATURE AT THE FOUR INCH DEPTH... 45

$$
