000
CDUS43 KGLD 010747
CLIGLD

CLIMATE REPORT
NATIONAL WEATHER SERVICE GOODLAND
144 AM MDT SUN MAY 1 2016

...................................

...THE GOODLAND KS CLIMATE SUMMARY FOR APRIL 30 2016...

CLIMATE NORMAL PERIOD 1981 TO 2010
CLIMATE RECORD PERIOD 1895 TO 2016

WEATHER ITEM   OBSERVED TIME   RECORD YEAR NORMAL DEPARTURE LAST
                VALUE   (LST)  VALUE       VALUE  FROM      YEAR
                                                  NORMAL
..................................................................
TEMPERATURE (F)
 YESTERDAY
  MAXIMUM         41    156 PM  96    1992  68    -27       80
  MINIMUM         32    633 AM  14    1907  40     -8       46
  AVERAGE         37                        54    -17       63

PRECIPITATION (IN)
  YESTERDAY        0.01          0.81 1978   0.06  -0.05      T
  MONTH TO DATE    3.99                      1.59   2.40     4.84
  SINCE MAR 1      4.54                      2.66   1.88     4.95
  SINCE JAN 1      5.40                      3.53   1.87     6.03

SNOWFALL (IN)
  YESTERDAY        0.0                       0.0    0.0      0.0
  MONTH TO DATE    2.3                       4.2   -1.9      2.0
  SINCE MAR 1      6.7                      11.0   -4.3      2.6
  SINCE JUL 1     30.1                      35.0   -4.9     24.7
  SNOW DEPTH       0

DEGREE DAYS
 HEATING
  YESTERDAY       28                        11     17        2
  MONTH TO DATE  435                       479    -44      396
  SINCE MAR 1   1040                      1238   -198      961
  SINCE JUL 1   4886                      5655   -769     5176

 COOLING
  YESTERDAY        0                         0      0        0
  MONTH TO DATE    0                         4     -4        0
  SINCE MAR 1      0                         4     -4        0
  SINCE JAN 1      0                         4     -4        0
..................................................................

WIND (MPH)
  HIGHEST WIND SPEED    28   HIGHEST WIND DIRECTION     N (340)
  HIGHEST GUST SPEED    34   HIGHEST GUST DIRECTION     N (340)
  AVERAGE WIND SPEED    18.9


SKY COVER
  AVERAGE SKY COVER 1.0


WEATHER CONDITIONS
 THE FOLLOWING WEATHER WAS RECORDED YESTERDAY.
  LIGHT RAIN
  LIGHT SNOW
  FOG


RELATIVE HUMIDITY (PERCENT)
 HIGHEST   100
 LOWEST     73
 AVERAGE    87

..........................................................


THE GOODLAND KS CLIMATE NORMALS FOR TODAY
                         NORMAL    RECORD    YEAR
 MAXIMUM TEMPERATURE (F)   68        94      1959
                                             1928
 MINIMUM TEMPERATURE (F)   40        21      1967


SUNRISE AND SUNSET
MAY  1 2016...........SUNRISE   547 AM MDT   SUNSET   741 PM MDT
MAY  2 2016...........SUNRISE   546 AM MDT   SUNSET   742 PM MDT


-  INDICATES NEGATIVE NUMBERS.
R  INDICATES RECORD WAS SET OR TIED.
MM INDICATES DATA IS MISSING.
T  INDICATES TRACE AMOUNT.

&&

THE AVERAGE SOIL TEMPERATURE AT THE FOUR INCH DEPTH... 45

$$
