000
CDUS43 KGLD 060041
CLIGLD

CLIMATE REPORT
NATIONAL WEATHER SERVICE GOODLAND
636 PM MDT SAT JUL 5 2014

...................................

...THE GOODLAND KS CLIMATE SUMMARY FOR JULY 5 2014...
VALID TODAY AS OF 0600 PM LOCAL TIME.

CLIMATE NORMAL PERIOD 1981 TO 2010
CLIMATE RECORD PERIOD 1895 TO 2014

WEATHER ITEM   OBSERVED TIME   RECORD YEAR NORMAL DEPARTURE LAST
                VALUE   (LST)  VALUE       VALUE  FROM      YEAR
                                                  NORMAL
..................................................................
TEMPERATURE (F)
 TODAY
  MAXIMUM         94    343 PM 106    1964  90      4      100
  MINIMUM         60    440 AM  44    1931  60      0       63
  AVERAGE         77                        75      2       82

PRECIPITATION (IN)
  TODAY            0.00          1.66 1933   0.11  -0.11     0.00
  MONTH TO DATE    0.33                      0.53  -0.20      T
  SINCE JUN 1      5.86                      3.78   2.08     3.04
  SINCE JAN 1      9.40                     10.26  -0.86     7.40

SNOWFALL (IN)
  TODAY            0.0                       0.0    0.0      0.0
  MONTH TO DATE    0.0                       0.0    0.0      0.0
  SINCE JUN 1      0.0                       0.0    0.0      0.0
  SINCE JUL 1      0.0                       0.0    0.0      0.0
  SNOW DEPTH       0

DEGREE DAYS
 HEATING
  TODAY            0                         0      0        0
  MONTH TO DATE    0                         0      0        0
  SINCE JUN 1     38                        37      1       31
  SINCE JUL 1      0                         0      0        0

 COOLING
  TODAY           12                        10      2       17
  MONTH TO DATE   38                        50    -12       34
  SINCE JUN 1    187                       229    -42      291
  SINCE JAN 1    233                       270    -37      380
..................................................................

WIND (MPH)
  HIGHEST WIND SPEED    14   HIGHEST WIND DIRECTION    SE (150)
  HIGHEST GUST SPEED    17   HIGHEST GUST DIRECTION     N (340)
  AVERAGE WIND SPEED     7.7


SKY COVER
  AVERAGE SKY COVER 0.0


WEATHER CONDITIONS
 THE FOLLOWING WEATHER WAS RECORDED TODAY.
  NO SIGNIFICANT WEATHER WAS OBSERVED.


RELATIVE HUMIDITY (PERCENT)
 HIGHEST    97           300 AM
 LOWEST     26          1200 PM
 AVERAGE    62

..........................................................


THE GOODLAND KS CLIMATE NORMALS FOR TOMORROW
                         NORMAL    RECORD    YEAR
 MAXIMUM TEMPERATURE (F)   90       106      1973
 MINIMUM TEMPERATURE (F)   61        48      1924


SUNRISE AND SUNSET
JULY  5 2014..........SUNRISE   526 AM MDT   SUNSET   817 PM MDT
JULY  6 2014..........SUNRISE   526 AM MDT   SUNSET   816 PM MDT


-  INDICATES NEGATIVE NUMBERS.
R  INDICATES RECORD WAS SET OR TIED.
MM INDICATES DATA IS MISSING.
T  INDICATES TRACE AMOUNT.

&&

THE AVERAGE SOIL TEMPERATURE AT THE FOUR INCH DEPTH... 73

$$
