000
CDUS43 KGLD 120044
CLIGLD

CLIMATE REPORT
NATIONAL WEATHER SERVICE GOODLAND
541 PM MST SUN FEB 11 2018

...................................

...THE GOODLAND KS CLIMATE SUMMARY FOR FEBRUARY 11 2018...
VALID TODAY AS OF 0500 PM LOCAL TIME.

CLIMATE NORMAL PERIOD 1981 TO 2010
CLIMATE RECORD PERIOD 1895 TO 2018

WEATHER ITEM   OBSERVED TIME   RECORD YEAR NORMAL DEPARTURE LAST
                VALUE   (LST)  VALUE       VALUE  FROM      YEAR
                                                  NORMAL
..................................................................
TEMPERATURE (F)
 TODAY
  MAXIMUM         36    420 PM  78    1962  44     -8       65
  MINIMUM          7    721 AM -13    1981  19    -12       33
  AVERAGE         22                        31     -9       49

PRECIPITATION (IN)
  TODAY            0.00          1.03 1950   0.02  -0.02     0.00
  MONTH TO DATE    0.56                      0.17   0.39      T
  SINCE DEC 1      1.33                      1.01   0.32     1.52
  SINCE JAN 1      1.24                      0.55   0.69     0.92

SNOWFALL (IN)
  TODAY            0.0                       0.2   -0.2      0.0
  MONTH TO DATE    8.7                       2.4    6.3       T
  SINCE DEC 1     19.2                      13.8    5.4      8.8
  SINCE JUL 1     19.3                      21.0   -1.7      9.4
  SNOW DEPTH       3

DEGREE DAYS
 HEATING
  TODAY           43                        34      9       16
  MONTH TO DATE  419                       380     39      293
  SINCE DEC 1   2521                      2564    -43     2611
  SINCE JUL 1   3672                      3883   -211     3474

 COOLING
  TODAY            0                         0      0        0
  MONTH TO DATE    0                         0      0        0
  SINCE DEC 1      0                         0      0        0
  SINCE JAN 1      0                         0      0        0
..................................................................

WIND (MPH)
  HIGHEST WIND SPEED    22   HIGHEST WIND DIRECTION    NW (300)
  HIGHEST GUST SPEED    27   HIGHEST GUST DIRECTION    NW (300)
  AVERAGE WIND SPEED    13.0


SKY COVER
  AVERAGE SKY COVER 0.0


WEATHER CONDITIONS
 THE FOLLOWING WEATHER WAS RECORDED TODAY.
  NO SIGNIFICANT WEATHER WAS OBSERVED.


RELATIVE HUMIDITY (PERCENT)
 HIGHEST    80           400 AM
 LOWEST     41           100 PM
 AVERAGE    61

..........................................................


THE GOODLAND KS CLIMATE NORMALS FOR TOMORROW
                         NORMAL    RECORD    YEAR
 MAXIMUM TEMPERATURE (F)   44        78      1962
 MINIMUM TEMPERATURE (F)   19       -11      1948


SUNRISE AND SUNSET
FEBRUARY 11 2018......SUNRISE   643 AM MST   SUNSET   519 PM MST
FEBRUARY 12 2018......SUNRISE   642 AM MST   SUNSET   520 PM MST


-  INDICATES NEGATIVE NUMBERS.
R  INDICATES RECORD WAS SET OR TIED.
MM INDICATES DATA IS MISSING.
T  INDICATES TRACE AMOUNT.

&&

THE AVERAGE SOIL TEMPERATURE AT THE FOUR INCH DEPTH... 31
THE CURRENT DEPTH OF FROST... 3 INCHES

$$
