000
CDUS43 KGLD 130851
CLIGLD

CLIMATE REPORT
NATIONAL WEATHER SERVICE GOODLAND
1238 AM MST MON NOV 13 2017

...................................

...THE GOODLAND KS CLIMATE SUMMARY FOR NOVEMBER 12 2017...

CLIMATE NORMAL PERIOD 1981 TO 2010
CLIMATE RECORD PERIOD 1895 TO 2017

WEATHER ITEM   OBSERVED TIME   RECORD YEAR NORMAL DEPARTURE LAST
                VALUE   (LST)  VALUE       VALUE  FROM      YEAR
                                                  NORMAL
..................................................................
TEMPERATURE (F)
 YESTERDAY
  MAXIMUM         49    203 PM  78    1989  54     -5       63
  MINIMUM         27    703 AM  -2    1911  27      0       26
  AVERAGE         38                        41     -3       45

PRECIPITATION (IN)
  YESTERDAY        0.00          0.45 1912   0.02  -0.02     0.00
  MONTH TO DATE    0.00                      0.34  -0.34      T
  SINCE SEP 1      4.29                      2.93   1.36     2.53
  SINCE JAN 1     26.25                     18.83   7.42    16.57

SNOWFALL (IN)
  YESTERDAY        0.0                       0.1   -0.1      0.0
  MONTH TO DATE    0.0                       1.5   -1.5      0.0
  SINCE SEP 1      0.1                       4.1   -4.0       T
  SINCE JUL 1      0.1                       4.1   -4.0       T
  SNOW DEPTH       0

DEGREE DAYS
 HEATING
  YESTERDAY       27                        24      3       20
  MONTH TO DATE  320                       260     60      161
  SINCE SEP 1    831                       788     43      439
  SINCE JUL 1    831                       800     31      446

 COOLING
  YESTERDAY        0                         0      0        0
  MONTH TO DATE    0                         0      0        0
  SINCE SEP 1    140                       108     32      154
  SINCE JAN 1    959                       941     18     1103
..................................................................

WIND (MPH)
  HIGHEST WIND SPEED    21   HIGHEST WIND DIRECTION     S (170)
  HIGHEST GUST SPEED    31   HIGHEST GUST DIRECTION     S (170)
  AVERAGE WIND SPEED     9.2


SKY COVER
  AVERAGE SKY COVER 0.2


WEATHER CONDITIONS
 THE FOLLOWING WEATHER WAS RECORDED YESTERDAY.
  FOG
  FOG W/VISIBILITY <= 1/4 MILE


RELATIVE HUMIDITY (PERCENT)
 HIGHEST   100
 LOWEST     65
 AVERAGE    83

..........................................................


THE GOODLAND KS CLIMATE NORMALS FOR TODAY
                         NORMAL    RECORD    YEAR
 MAXIMUM TEMPERATURE (F)   54        80      2007
 MINIMUM TEMPERATURE (F)   27        -6      2014


SUNRISE AND SUNSET
NOVEMBER 13 2017......SUNRISE   629 AM MST   SUNSET   433 PM MST
NOVEMBER 14 2017......SUNRISE   630 AM MST   SUNSET   432 PM MST


-  INDICATES NEGATIVE NUMBERS.
R  INDICATES RECORD WAS SET OR TIED.
MM INDICATES DATA IS MISSING.
T  INDICATES TRACE AMOUNT.

&&

THE AVERAGE SOIL TEMPERATURE AT THE FOUR INCH DEPTH... 41
THE CURRENT DEPTH OF FROST... 0 INCHES

$$
