000
CDUS43 KGLD 310741
CLIGLD

CLIMATE REPORT
NATIONAL WEATHER SERVICE GOODLAND
138 AM MDT FRI JUL 31 2015

...................................

...THE BURLINGTON CO CLIMATE SUMMARY FOR JULY 30 2015...

CLIMATE NORMAL PERIOD 1981 TO 2010
CLIMATE RECORD PERIOD 1896 TO 2015


WEATHER ITEM   OBSERVED TIME   RECORD YEAR NORMAL DEPARTURE LAST
                VALUE   (LST)  VALUE       VALUE  FROM      YEAR
                                                  NORMAL
..................................................................
TEMPERATURE (F)
 YESTERDAY
  MAXIMUM         88    157 PM 101    2005  88      0       69
  MINIMUM         59    322 AM  51    1971  61     -2       59
  AVERAGE         74                        75     -1       64

PRECIPITATION (IN)
  YESTERDAY        0.03                      0.07  -0.04      T
  MONTH TO DATE    4.65                      3.05   1.60     2.68
  SINCE JUN 1      7.56                      5.93   1.63     5.04
  SINCE JAN 1     18.58                     11.66   6.92     7.96

..................................................................


THE BURLINGTON CO CLIMATE NORMALS FOR TODAY
                         NORMAL    RECORD    YEAR
 MAXIMUM TEMPERATURE (F)   88       102      2002
 MINIMUM TEMPERATURE (F)   61        44      1925



-  INDICATES NEGATIVE NUMBERS.
R  INDICATES RECORD WAS SET OR TIED.
MM INDICATES DATA IS MISSING.
T  INDICATES TRACE AMOUNT.

$$
