000
CDUS43 KGLD 050744
CLIGLD

CLIMATE REPORT
NATIONAL WEATHER SERVICE GOODLAND
142 AM MDT SAT APR 5 2014

...................................

...THE GOODLAND KS CLIMATE SUMMARY FOR APRIL 4 2014...

CLIMATE NORMAL PERIOD 1981 TO 2010
CLIMATE RECORD PERIOD 1895 TO 2014

WEATHER ITEM   OBSERVED TIME   RECORD YEAR NORMAL DEPARTURE LAST
                VALUE   (LST)  VALUE       VALUE  FROM      YEAR
                                                  NORMAL
..................................................................
TEMPERATURE (F)
 YESTERDAY
  MAXIMUM         57    319 PM  86    1942  60     -3       69
                                      1929
  MINIMUM         22    532 AM   8    1920  31     -9       24
  AVERAGE         40                        46     -6       47

PRECIPITATION (IN)
  YESTERDAY        0.00          0.54 1964   0.04  -0.04     0.00
  MONTH TO DATE    0.15                      0.16  -0.01     0.01
  SINCE MAR 1      0.57                      1.23  -0.66     1.46
  SINCE JAN 1      1.51                      2.10  -0.59     2.31

SNOWFALL (IN)
  YESTERDAY        0.0                       0.2   -0.2      0.0
  MONTH TO DATE    T                         0.9   -0.9       T
  SINCE MAR 1      3.5                       7.7   -4.2     19.8
  SINCE JUL 1     28.7                      31.7   -3.0     43.0
  SNOW DEPTH       0

DEGREE DAYS
 HEATING
  YESTERDAY       25                        19      6       18
  MONTH TO DATE  104                        79     25      100
  SINCE MAR 1    872                       837     35      943
  SINCE JUL 1   5416                      5254    162     5230

 COOLING
  YESTERDAY        0                         0      0        0
  MONTH TO DATE    0                         0      0        0
  SINCE MAR 1      0                         0      0        0
  SINCE JAN 1      0                         0      0        0
..................................................................

WIND (MPH)
  HIGHEST WIND SPEED    20   HIGHEST WIND DIRECTION     S (160)
  HIGHEST GUST SPEED    23   HIGHEST GUST DIRECTION     S (160)
  AVERAGE WIND SPEED    10.7

SKY COVER
  AVERAGE SKY COVER 0.2

WEATHER CONDITIONS
 THE FOLLOWING WEATHER WAS RECORDED YESTERDAY.
  NO SIGNIFICANT WEATHER WAS OBSERVED.

RELATIVE HUMIDITY (PERCENT)
 HIGHEST    88
 LOWEST     30
 AVERAGE    59

..........................................................

THE GOODLAND KS CLIMATE NORMALS FOR TODAY
                         NORMAL    RECORD    YEAR
 MAXIMUM TEMPERATURE (F)   60        86      1932
 MINIMUM TEMPERATURE (F)   31        18      1945

SUNRISE AND SUNSET
APRIL  5 2014.........SUNRISE   625 AM MDT   SUNSET   715 PM MDT
APRIL  6 2014.........SUNRISE   623 AM MDT   SUNSET   716 PM MDT

-  INDICATES NEGATIVE NUMBERS.
R  INDICATES RECORD WAS SET OR TIED.
MM INDICATES DATA IS MISSING.
T  INDICATES TRACE AMOUNT.

&&

THE AVERAGE SOIL TEMPERATURE AT THE FOUR INCH DEPTH... 41

$$
