656
CDUS43 KGLD 100742
CLIGLD

CLIMATE REPORT
NATIONAL WEATHER SERVICE GOODLAND
140 AM MDT SUN MAY 10 2015

...................................

...THE GOODLAND KS CLIMATE SUMMARY FOR MAY 9 2015...

CLIMATE NORMAL PERIOD 1981 TO 2010
CLIMATE RECORD PERIOD 1895 TO 2015

WEATHER ITEM   OBSERVED TIME   RECORD YEAR NORMAL DEPARTURE LAST
                VALUE   (LST)  VALUE       VALUE  FROM      YEAR
                                                  NORMAL
..................................................................
TEMPERATURE (F)
 YESTERDAY
  MAXIMUM         66    244 PM  97    1916  71     -5       74
  MINIMUM         37   1159 PM  27    2002  43     -6       33
  AVERAGE         52                        57     -5       54

PRECIPITATION (IN)
  YESTERDAY        1.09R         0.93 1957   0.08   1.01     0.00
  MONTH TO DATE    1.98                      0.69   1.29     0.00
  SINCE MAR 1      6.93                      3.35   3.58     0.85
  SINCE JAN 1      8.01                      4.22   3.79     1.79

SNOWFALL (IN)
  YESTERDAY        0.0                       0.0    0.0      0.0
  MONTH TO DATE    0.0                       0.3   -0.3      0.0
  SINCE MAR 1      2.6                      11.3   -8.7      3.9
  SINCE JUL 1     24.7                      35.3  -10.6     29.1
  SNOW DEPTH       0

DEGREE DAYS
 HEATING
  YESTERDAY       13                         9      4       11
  MONTH TO DATE   54                        89    -35       73
  SINCE MAR 1   1015                      1327   -312     1278
  SINCE JUL 1   5230                      5744   -514     5822

 COOLING
  YESTERDAY        0                         1     -1        0
  MONTH TO DATE    2                         7     -5        0
  SINCE MAR 1      2                        11     -9        5
  SINCE JAN 1      2                        11     -9        5
..................................................................

WIND (MPH)
  HIGHEST WIND SPEED    33   HIGHEST WIND DIRECTION     W (270)
  HIGHEST GUST SPEED    43   HIGHEST GUST DIRECTION     W (270)
  AVERAGE WIND SPEED    18.8


SKY COVER
  AVERAGE SKY COVER 0.9


WEATHER CONDITIONS
 THE FOLLOWING WEATHER WAS RECORDED YESTERDAY.
  THUNDERSTORM
  HEAVY RAIN
  RAIN
  LIGHT RAIN
  FOG


RELATIVE HUMIDITY (PERCENT)
 HIGHEST   100
 LOWEST     67
 AVERAGE    84

..........................................................


THE GOODLAND KS CLIMATE NORMALS FOR TODAY
                         NORMAL    RECORD    YEAR
 MAXIMUM TEMPERATURE (F)   71        94      1962
 MINIMUM TEMPERATURE (F)   44        25      1918


SUNRISE AND SUNSET
MAY 10 2015...........SUNRISE   538 AM MDT   SUNSET   749 PM MDT
MAY 11 2015...........SUNRISE   537 AM MDT   SUNSET   750 PM MDT


-  INDICATES NEGATIVE NUMBERS.
R  INDICATES RECORD WAS SET OR TIED.
MM INDICATES DATA IS MISSING.
T  INDICATES TRACE AMOUNT.

&&

THE AVERAGE SOIL TEMPERATURE AT THE FOUR INCH DEPTH... 59

$$
