000
CDUS43 KGLD 110737
CLIGLD

WRKCLIGLD 000
TTAA00 KGLD 110736

CLIMATE REPORT
NATIONAL WEATHER SERVICE GOODLAND
135 AM MDT FRI APR 11 2014

...................................

...THE GOODLAND KS CLIMATE SUMMARY FOR APRIL 10 2014...

CLIMATE NORMAL PERIOD 1981 TO 2010
CLIMATE RECORD PERIOD 1895 TO 2014

WEATHER ITEM   OBSERVED TIME   RECORD YEAR NORMAL DEPARTURE LAST
                VALUE   (LST)  VALUE       VALUE  FROM      YEAR
                                                  NORMAL
..................................................................
TEMPERATURE (F)
 YESTERDAY
  MAXIMUM         65    355 PM  90    1907  62      3       30
  MINIMUM         43    556 AM   4    1989  33     10       13
  AVERAGE         54                        47      7       22

PRECIPITATION (IN)
  YESTERDAY        0.00          1.24 1944   0.05  -0.05      T
  MONTH TO DATE    0.16                      0.44  -0.28     0.04
  SINCE MAR 1      0.58                      1.51  -0.93     1.49
  SINCE JAN 1      1.52                      2.38  -0.86     2.34

SNOWFALL (IN)
  YESTERDAY        0.0                       0.1   -0.1      0.1
  MONTH TO DATE    T                         2.0   -2.0      0.8
  SINCE MAR 1      3.5                       8.8   -5.3     20.6
  SINCE JUL 1     28.7                      32.8   -4.1     43.8
  SNOW DEPTH       0

DEGREE DAYS
 HEATING
  YESTERDAY       11                        18     -7       43
  MONTH TO DATE  191                       190      1      217
  SINCE MAR 1    959                       948     11     1060
  SINCE JUL 1   5503                      5365    138     5347

 COOLING
  YESTERDAY        0                         0      0        0
  MONTH TO DATE    0                         0      0        0
  SINCE MAR 1      0                         0      0        0
  SINCE JAN 1      0                         0      0        0
..................................................................

WIND (MPH)
  HIGHEST WIND SPEED    26   HIGHEST WIND DIRECTION    NW (330)
  HIGHEST GUST SPEED    32   HIGHEST GUST DIRECTION    NW (330)
  AVERAGE WIND SPEED    11.7


SKY COVER
  AVERAGE SKY COVER 0.0


WEATHER CONDITIONS
 THE FOLLOWING WEATHER WAS RECORDED YESTERDAY.
  NO SIGNIFICANT WEATHER WAS OBSERVED.


RELATIVE HUMIDITY (PERCENT)
 HIGHEST    70
 LOWEST     24
 AVERAGE    47

..........................................................


THE GOODLAND KS CLIMATE NORMALS FOR TODAY
                         NORMAL    RECORD    YEAR
 MAXIMUM TEMPERATURE (F)   62        87      1916
 MINIMUM TEMPERATURE (F)   33        11      1997


SUNRISE AND SUNSET
APRIL 11 2014.........SUNRISE   616 AM MDT   SUNSET   721 PM MDT
APRIL 12 2014.........SUNRISE   614 AM MDT   SUNSET   722 PM MDT


-  INDICATES NEGATIVE NUMBERS.
R  INDICATES RECORD WAS SET OR TIED.
MM INDICATES DATA IS MISSING.
T  INDICATES TRACE AMOUNT.

&&

THE AVERAGE SOIL TEMPERATURE AT THE FOUR INCH DEPTH... 49

$$
