000
CDUS43 KGLD 170037
CLIGLD

CLIMATE REPORT
NATIONAL WEATHER SERVICE GOODLAND
635 PM MDT SAT SEP 16 2017

...................................

...THE GOODLAND KS CLIMATE SUMMARY FOR SEPTEMBER 16 2017...
VALID TODAY AS OF 0600 PM LOCAL TIME.

CLIMATE NORMAL PERIOD 1981 TO 2010
CLIMATE RECORD PERIOD 1895 TO 2017

WEATHER ITEM   OBSERVED TIME   RECORD YEAR NORMAL DEPARTURE LAST
                VALUE   (LST)  VALUE       VALUE  FROM      YEAR
                                                  NORMAL
..................................................................
TEMPERATURE (F)
 TODAY
  MAXIMUM         70    358 PM  98    1955  79     -9       78
  MINIMUM         53    556 AM  34    1965  50      3       45
                                      1951
  AVERAGE         62                        64     -2       62

PRECIPITATION (IN)
  TODAY            0.00          1.12 1958   0.04  -0.04     0.00
  MONTH TO DATE    0.42                      0.68  -0.26     2.30
  SINCE SEP 1      0.42                      0.68  -0.26     2.30
  SINCE JAN 1     22.38                     16.58   5.80    16.34

SNOWFALL (IN)
  TODAY            0.0                       0.0    0.0      0.0
  MONTH TO DATE    0.0                       0.1   -0.1       T
  SINCE SEP 1      0.0                       0.1   -0.1       T
  SINCE JUL 1      T                         0.1   -0.1       T
  SNOW DEPTH       0

DEGREE DAYS
 HEATING
  TODAY            3                         4     -1        3
  MONTH TO DATE   14                        31    -17       26
  SINCE SEP 1     14                        31    -17       26
  SINCE JUL 1     14                        43    -29       33

 COOLING
  TODAY            0                         3     -3        0
  MONTH TO DATE  107                        75     32       71
  SINCE SEP 1    107                        75     32       71
  SINCE JAN 1    926                       908     18     1020
..................................................................

WIND (MPH)
  HIGHEST WIND SPEED    28   HIGHEST WIND DIRECTION     N (340)
  HIGHEST GUST SPEED    37   HIGHEST GUST DIRECTION     N (340)
  AVERAGE WIND SPEED    14.0


SKY COVER
  AVERAGE SKY COVER 0.2


WEATHER CONDITIONS
 THE FOLLOWING WEATHER WAS RECORDED TODAY.
  NO SIGNIFICANT WEATHER WAS OBSERVED.


RELATIVE HUMIDITY (PERCENT)
 HIGHEST    97           200 AM
 LOWEST     40           100 AM
 AVERAGE    69

..........................................................


THE GOODLAND KS CLIMATE NORMALS FOR TOMORROW
                         NORMAL    RECORD    YEAR
 MAXIMUM TEMPERATURE (F)   79        99      1947
 MINIMUM TEMPERATURE (F)   50        32      1981


SUNRISE AND SUNSET
SEPTEMBER 16 2017.....SUNRISE   629 AM MDT   SUNSET   653 PM MDT
SEPTEMBER 17 2017.....SUNRISE   630 AM MDT   SUNSET   651 PM MDT


-  INDICATES NEGATIVE NUMBERS.
R  INDICATES RECORD WAS SET OR TIED.
MM INDICATES DATA IS MISSING.
T  INDICATES TRACE AMOUNT.

&&

THE AVERAGE SOIL TEMPERATURE AT THE FOUR INCH DEPTH... 72

$$
