000
CDUS43 KGLD 090040
CLIGLD

CLIMATE REPORT
NATIONAL WEATHER SERVICE GOODLAND
637 PM MDT FRI SEP 8 2017

...................................

...THE GOODLAND KS CLIMATE SUMMARY FOR SEPTEMBER 8 2017...
VALID TODAY AS OF 0600 PM LOCAL TIME.

CLIMATE NORMAL PERIOD 1981 TO 2010
CLIMATE RECORD PERIOD 1895 TO 2017

WEATHER ITEM   OBSERVED TIME   RECORD YEAR NORMAL DEPARTURE LAST
                VALUE   (LST)  VALUE       VALUE  FROM      YEAR
                                                  NORMAL
..................................................................
TEMPERATURE (F)
 TODAY
  MAXIMUM         87    255 PM 100    1931  83      4       82
                                      1908
  MINIMUM         52    557 AM  38    1962  54     -2       59
  AVERAGE         70                        68      2       71

PRECIPITATION (IN)
  TODAY            0.00          1.90 1980   0.04  -0.04     0.00
  MONTH TO DATE    0.00                      0.37  -0.37     1.67
  SINCE SEP 1      0.00                      0.37  -0.37     1.67
  SINCE JAN 1     21.96                     16.27   5.69    15.71

SNOWFALL (IN)
  TODAY            0.0                       0.0    0.0      0.0
  MONTH TO DATE    0.0                       0.0    0.0       T
  SINCE SEP 1      0.0                       0.0    0.0       T
  SINCE JUL 1      T                         0.0    0.0       T
  SNOW DEPTH       0

DEGREE DAYS
 HEATING
  TODAY            0                         2     -2        0
  MONTH TO DATE   11                        10      1        0
  SINCE SEP 1     11                        10      1        0
  SINCE JUL 1     11                        22    -11        7

 COOLING
  TODAY            5                         5      0        6
  MONTH TO DATE   37                        45     -8       64
  SINCE SEP 1     37                        45     -8       64
  SINCE JAN 1    856                       878    -22     1013
..................................................................

WIND (MPH)
  HIGHEST WIND SPEED    14   HIGHEST WIND DIRECTION    SE (120)
  HIGHEST GUST SPEED    19   HIGHEST GUST DIRECTION    SE (130)
  AVERAGE WIND SPEED     7.1


SKY COVER
  AVERAGE SKY COVER 0.0


WEATHER CONDITIONS
 THE FOLLOWING WEATHER WAS RECORDED TODAY.
  NO SIGNIFICANT WEATHER WAS OBSERVED.


RELATIVE HUMIDITY (PERCENT)
 HIGHEST    89           600 AM
 LOWEST     31           300 PM
 AVERAGE    60

..........................................................


THE GOODLAND KS CLIMATE NORMALS FOR TOMORROW
                         NORMAL    RECORD    YEAR
 MAXIMUM TEMPERATURE (F)   82       102      1931
 MINIMUM TEMPERATURE (F)   53        34      1941


SUNRISE AND SUNSET
SEPTEMBER  8 2017.....SUNRISE   622 AM MDT   SUNSET   706 PM MDT
SEPTEMBER  9 2017.....SUNRISE   623 AM MDT   SUNSET   704 PM MDT


-  INDICATES NEGATIVE NUMBERS.
R  INDICATES RECORD WAS SET OR TIED.
MM INDICATES DATA IS MISSING.
T  INDICATES TRACE AMOUNT.

&&

THE AVERAGE SOIL TEMPERATURE AT THE FOUR INCH DEPTH... 67

$$
