000
CDUS43 KGLD 140746
CLIGLD

CLIMATE REPORT
NATIONAL WEATHER SERVICE GOODLAND
145 AM MDT SUN MAY 14 2017

...................................

...THE GOODLAND KS CLIMATE SUMMARY FOR MAY 13 2017...

CLIMATE NORMAL PERIOD 1981 TO 2010
CLIMATE RECORD PERIOD 1895 TO 2017

WEATHER ITEM   OBSERVED TIME   RECORD YEAR NORMAL DEPARTURE LAST
                VALUE   (LST)  VALUE       VALUE  FROM      YEAR
                                                  NORMAL
..................................................................
TEMPERATURE (F)
 YESTERDAY
  MAXIMUM         82    350 PM  97    1941  72     10       72
  MINIMUM         45    308 AM  25    1953  45      0       37
  AVERAGE         64                        58      6       55

PRECIPITATION (IN)
  YESTERDAY        0.00          2.38 1985   0.09  -0.09     0.00
  MONTH TO DATE    2.79                      1.04   1.75     0.48
  SINCE MAR 1      6.59                      3.70   2.89     5.02
  SINCE JAN 1      7.52                      4.57   2.95     5.88

SNOWFALL (IN)
  YESTERDAY        0.0                       0.0    0.0      0.0
  MONTH TO DATE    0.0                       0.4   -0.4       T
  SINCE MAR 1      4.8                      11.4   -6.6      6.7
  SINCE JUL 1     14.2                      35.4  -21.2     30.1
  SNOW DEPTH       0

DEGREE DAYS
 HEATING
  YESTERDAY        1                         7     -6       10
  MONTH TO DATE   98                       120    -22      114
  SINCE MAR 1   1109                      1358   -249     1154
  SINCE JUL 1   4994                      5775   -781     5000

 COOLING
  YESTERDAY        0                         1     -1        0
  MONTH TO DATE   12                        11      1        6
  SINCE MAR 1     19                        15      4        6
  SINCE JAN 1     19                        15      4        6
..................................................................

WIND (MPH)
  HIGHEST WIND SPEED    31   HIGHEST WIND DIRECTION     S (180)
  HIGHEST GUST SPEED    37   HIGHEST GUST DIRECTION     S (180)
  AVERAGE WIND SPEED    20.2


SKY COVER
  AVERAGE SKY COVER 0.0


WEATHER CONDITIONS
 THE FOLLOWING WEATHER WAS RECORDED YESTERDAY.
  NO SIGNIFICANT WEATHER WAS OBSERVED.


RELATIVE HUMIDITY (PERCENT)
 HIGHEST    82
 LOWEST     36
 AVERAGE    59

..........................................................


THE GOODLAND KS CLIMATE NORMALS FOR TODAY
                         NORMAL    RECORD    YEAR
 MAXIMUM TEMPERATURE (F)   72        95      1915
 MINIMUM TEMPERATURE (F)   45        27      2004
                                             1953


SUNRISE AND SUNSET
MAY 14 2017...........SUNRISE   534 AM MDT   SUNSET   753 PM MDT
MAY 15 2017...........SUNRISE   533 AM MDT   SUNSET   754 PM MDT


-  INDICATES NEGATIVE NUMBERS.
R  INDICATES RECORD WAS SET OR TIED.
MM INDICATES DATA IS MISSING.
T  INDICATES TRACE AMOUNT.

&&

THE AVERAGE SOIL TEMPERATURE AT THE FOUR INCH DEPTH... 57

$$
