000
CDUS43 KGLD 190753
CLIGLD

CLIMATE REPORT
NATIONAL WEATHER SERVICE GOODLAND
150 AM MDT TUE APR 19 2016

...................................

...THE GOODLAND KS CLIMATE SUMMARY FOR APRIL 18 2016...

CLIMATE NORMAL PERIOD 1981 TO 2010
CLIMATE RECORD PERIOD 1895 TO 2016

WEATHER ITEM   OBSERVED TIME   RECORD YEAR NORMAL DEPARTURE LAST
                VALUE   (LST)  VALUE       VALUE  FROM      YEAR
                                                  NORMAL
..................................................................
TEMPERATURE (F)
 YESTERDAY
  MAXIMUM         53    359 PM  91    1987  64    -11       62
  MINIMUM         32    513 AM  14    1944  35     -3       37
  AVERAGE         43                        50     -7       50

PRECIPITATION (IN)
  YESTERDAY        0.00          2.95 1942   0.05  -0.05     0.18
  MONTH TO DATE    2.65                      0.84   1.81     3.87
  SINCE MAR 1      3.20                      1.91   1.29     3.98
  SINCE JAN 1      4.06                      2.78   1.28     5.06

SNOWFALL (IN)
  YESTERDAY        0.0                       0.1   -0.1      0.0
  MONTH TO DATE    0.0                       3.1   -3.1      2.0
  SINCE MAR 1      4.4                       9.9   -5.5      2.6
  SINCE JUL 1     27.8                      33.9   -6.1     24.7
  SNOW DEPTH       0

DEGREE DAYS
 HEATING
  YESTERDAY       22                        15      7       15
  MONTH TO DATE  253                       321    -68      239
  SINCE MAR 1    858                      1079   -221      804
  SINCE JUL 1   4704                      5496   -792     5019

 COOLING
  YESTERDAY        0                         0      0        0
  MONTH TO DATE    0                         0      0        0
  SINCE MAR 1      0                         0      0        0
  SINCE JAN 1      0                         0      0        0
..................................................................

WIND (MPH)
  HIGHEST WIND SPEED    22   HIGHEST WIND DIRECTION     N (340)
  HIGHEST GUST SPEED    27   HIGHEST GUST DIRECTION     N (340)
  AVERAGE WIND SPEED    11.5


SKY COVER
  AVERAGE SKY COVER 0.7


WEATHER CONDITIONS
 THE FOLLOWING WEATHER WAS RECORDED YESTERDAY.
  NO SIGNIFICANT WEATHER WAS OBSERVED.


RELATIVE HUMIDITY (PERCENT)
 HIGHEST    92
 LOWEST     50
 AVERAGE    71

..........................................................


THE GOODLAND KS CLIMATE NORMALS FOR TODAY
                         NORMAL    RECORD    YEAR
 MAXIMUM TEMPERATURE (F)   65        87      2001
                                             1987
                                             1961
 MINIMUM TEMPERATURE (F)   36        18      1953


SUNRISE AND SUNSET
APRIL 19 2016.........SUNRISE   603 AM MDT   SUNSET   729 PM MDT
APRIL 20 2016.........SUNRISE   602 AM MDT   SUNSET   730 PM MDT


-  INDICATES NEGATIVE NUMBERS.
R  INDICATES RECORD WAS SET OR TIED.
MM INDICATES DATA IS MISSING.
T  INDICATES TRACE AMOUNT.

&&

THE AVERAGE SOIL TEMPERATURE AT THE FOUR INCH DEPTH... 44

$$
