000
CDUS43 KGLD 060739
CLIGLD

CLIMATE REPORT
NATIONAL WEATHER SERVICE GOODLAND
1238 AM MST MON FEB 6 2017

...................................

...THE GOODLAND KS CLIMATE SUMMARY FOR FEBRUARY 5 2017...

CLIMATE NORMAL PERIOD 1981 TO 2010
CLIMATE RECORD PERIOD 1895 TO 2017

WEATHER ITEM   OBSERVED TIME   RECORD YEAR NORMAL DEPARTURE LAST
                VALUE   (LST)  VALUE       VALUE  FROM      YEAR
                                                  NORMAL
..................................................................
TEMPERATURE (F)
 YESTERDAY
  MAXIMUM         61    247 PM  74    1963  43     18       36
  MINIMUM         24    304 AM -22    1982  18      6       15
  AVERAGE         43                        30     13       26

PRECIPITATION (IN)
  YESTERDAY        0.00          0.30 2008   0.01  -0.01      T
  MONTH TO DATE    T                         0.07  -0.07     0.81
  SINCE DEC 1      1.52                      0.91   0.61     1.01
  SINCE JAN 1      0.92                      0.45   0.47     0.85

SNOWFALL (IN)
  YESTERDAY        0.0                       0.3   -0.3       T
  MONTH TO DATE    T                         1.1   -1.1     13.3
  SINCE DEC 1      8.8                      12.5   -3.7     15.2
  SINCE JUL 1      9.4                      19.7  -10.3     23.4
  SNOW DEPTH       0

DEGREE DAYS
 HEATING
  YESTERDAY       22                        35    -13       39
  MONTH TO DATE  174                       175     -1      210
  SINCE DEC 1   2492                      2359    133     2211
  SINCE JUL 1   3355                      3678   -323     3271

 COOLING
  YESTERDAY        0                         0      0        0
  MONTH TO DATE    0                         0      0        0
  SINCE DEC 1      0                         0      0        0
  SINCE JAN 1      0                         0      0        0
..................................................................

WIND (MPH)
  HIGHEST WIND SPEED    23   HIGHEST WIND DIRECTION     S (160)
  HIGHEST GUST SPEED    30   HIGHEST GUST DIRECTION     S (180)
  AVERAGE WIND SPEED    10.2


SKY COVER
  AVERAGE SKY COVER 0.0


WEATHER CONDITIONS
 THE FOLLOWING WEATHER WAS RECORDED YESTERDAY.
  NO SIGNIFICANT WEATHER WAS OBSERVED.


RELATIVE HUMIDITY (PERCENT)
 HIGHEST    78
 LOWEST     20
 AVERAGE    49

..........................................................


THE GOODLAND KS CLIMATE NORMALS FOR TODAY
                         NORMAL    RECORD    YEAR
 MAXIMUM TEMPERATURE (F)   43        77      2015
 MINIMUM TEMPERATURE (F)   18       -13      1914


SUNRISE AND SUNSET
FEBRUARY  6 2017......SUNRISE   649 AM MST   SUNSET   514 PM MST
FEBRUARY  7 2017......SUNRISE   648 AM MST   SUNSET   515 PM MST


-  INDICATES NEGATIVE NUMBERS.
R  INDICATES RECORD WAS SET OR TIED.
MM INDICATES DATA IS MISSING.
T  INDICATES TRACE AMOUNT.

&&

THE AVERAGE SOIL TEMPERATURE AT THE FOUR INCH DEPTH... 29
THE CURRENT DEPTH OF FROST... 8 INCHES

$$
