000
CDUS43 KGLD 200745
CLIGLD

CLIMATE REPORT
NATIONAL WEATHER SERVICE GOODLAND
140 AM MDT THU AUG 20 2015

...................................

...THE GOODLAND KS CLIMATE SUMMARY FOR AUGUST 19 2015...

CLIMATE NORMAL PERIOD 1981 TO 2010
CLIMATE RECORD PERIOD 1895 TO 2015

WEATHER ITEM   OBSERVED TIME   RECORD YEAR NORMAL DEPARTURE LAST
                VALUE   (LST)  VALUE       VALUE  FROM      YEAR
                                                  NORMAL
..................................................................
TEMPERATURE (F)
 YESTERDAY
  MAXIMUM         74    310 PM 101    1952  87    -13       96
  MINIMUM         52    841 PM  44    2012  60     -8       62
                                      1960
                                      1927
  AVERAGE         63                        74    -11       79

PRECIPITATION (IN)
  YESTERDAY        T             0.90 1922   0.08  -0.08     0.00
  MONTH TO DATE    0.33                      1.87  -1.54     1.20
  SINCE JUN 1      4.92                      8.59  -3.67     8.80
  SINCE JAN 1     16.71                     15.07   1.64    12.34

SNOWFALL (IN)
  YESTERDAY        0.0                       0.0    0.0      0.0
  MONTH TO DATE    0.0                       0.0    0.0      0.0
  SINCE JUN 1      0.0                       0.0    0.0      0.0
  SINCE JUL 1      0.0                       0.0    0.0      0.0
  SNOW DEPTH       0

DEGREE DAYS
 HEATING
  YESTERDAY        2                         0      2        0
  MONTH TO DATE    2                         0      2        0
  SINCE JUN 1      8                        41    -33       51
  SINCE JUL 1      3                         4     -1       13

 COOLING
  YESTERDAY        0                         9     -9       14
  MONTH TO DATE  207                       186     21      210
  SINCE JUN 1    792                       699     93      662
  SINCE JAN 1    798                       740     58      708
..................................................................

WIND (MPH)
  HIGHEST WIND SPEED    15   HIGHEST WIND DIRECTION     N (360)
  HIGHEST GUST SPEED    22   HIGHEST GUST DIRECTION     N (340)
  AVERAGE WIND SPEED     7.5


SKY COVER
  AVERAGE SKY COVER 0.5


WEATHER CONDITIONS
 THE FOLLOWING WEATHER WAS RECORDED YESTERDAY.
  LIGHT RAIN


RELATIVE HUMIDITY (PERCENT)
 HIGHEST    93
 LOWEST     31
 AVERAGE    62

..........................................................


THE GOODLAND KS CLIMATE NORMALS FOR TODAY
                         NORMAL    RECORD    YEAR
 MAXIMUM TEMPERATURE (F)   87       104      1987
 MINIMUM TEMPERATURE (F)   60        46      2004


SUNRISE AND SUNSET
AUGUST 20 2015........SUNRISE   604 AM MDT   SUNSET   736 PM MDT
AUGUST 21 2015........SUNRISE   605 AM MDT   SUNSET   734 PM MDT


-  INDICATES NEGATIVE NUMBERS.
R  INDICATES RECORD WAS SET OR TIED.
MM INDICATES DATA IS MISSING.
T  INDICATES TRACE AMOUNT.

&&

THE AVERAGE SOIL TEMPERATURE AT THE FOUR INCH DEPTH... 73

$$
