000
CDUS43 KGLD 170745
CLIGLD

CLIMATE REPORT
NATIONAL WEATHER SERVICE GOODLAND
143 AM MDT TUE MAY 17 2016

...................................

...THE GOODLAND KS CLIMATE SUMMARY FOR MAY 16 2016...

CLIMATE NORMAL PERIOD 1981 TO 2010
CLIMATE RECORD PERIOD 1895 TO 2016

WEATHER ITEM   OBSERVED TIME   RECORD YEAR NORMAL DEPARTURE LAST
                VALUE   (LST)  VALUE       VALUE  FROM      YEAR
                                                  NORMAL
..................................................................
TEMPERATURE (F)
 YESTERDAY
  MAXIMUM         46    331 PM  94    1996  73    -27       74
  MINIMUM         43   1159 PM  27    1945  46     -3       50
  AVERAGE         45                        59    -14       62

PRECIPITATION (IN)
  YESTERDAY        0.29          1.64 1947   0.10   0.19     0.16
  MONTH TO DATE    0.94                      1.33  -0.39     2.51
  SINCE MAR 1      5.48                      3.99   1.49     7.46
  SINCE JAN 1      6.34                      4.86   1.48     8.54

SNOWFALL (IN)
  YESTERDAY        0.0                       0.0    0.0      0.0
  MONTH TO DATE    T                         0.5   -0.5      0.0
  SINCE MAR 1      6.7                      11.5   -4.8      2.6
  SINCE JUL 1     30.1                      35.5   -5.4     24.7
  SNOW DEPTH       0

DEGREE DAYS
 HEATING
  YESTERDAY       20                         7     13        3
  MONTH TO DATE  171                       141     30      123
  SINCE MAR 1   1211                      1379   -168     1084
  SINCE JUL 1   5057                      5796   -739     5299

 COOLING
  YESTERDAY        0                         1     -1        0
  MONTH TO DATE    6                        14     -8        5
  SINCE MAR 1      6                        18    -12        5
  SINCE JAN 1      6                        18    -12        5
..................................................................

WIND (MPH)
  HIGHEST WIND SPEED    20   HIGHEST WIND DIRECTION    NE (60)
  HIGHEST GUST SPEED    25   HIGHEST GUST DIRECTION     E (70)
  AVERAGE WIND SPEED    12.7


SKY COVER
  AVERAGE SKY COVER 1.0


WEATHER CONDITIONS
 THE FOLLOWING WEATHER WAS RECORDED YESTERDAY.
  LIGHT RAIN
  FOG


RELATIVE HUMIDITY (PERCENT)
 HIGHEST   100
 LOWEST     92
 AVERAGE    96

..........................................................


THE GOODLAND KS CLIMATE NORMALS FOR TODAY
                         NORMAL    RECORD    YEAR
 MAXIMUM TEMPERATURE (F)   73        99      1927
 MINIMUM TEMPERATURE (F)   46        31      1976


SUNRISE AND SUNSET
MAY 17 2016...........SUNRISE   531 AM MDT   SUNSET   756 PM MDT
MAY 18 2016...........SUNRISE   530 AM MDT   SUNSET   757 PM MDT


-  INDICATES NEGATIVE NUMBERS.
R  INDICATES RECORD WAS SET OR TIED.
MM INDICATES DATA IS MISSING.
T  INDICATES TRACE AMOUNT.

&&

THE AVERAGE SOIL TEMPERATURE AT THE FOUR INCH DEPTH... 54

$$
