000
CDUS43 KGLD 210739
CLIGLD

CLIMATE REPORT
NATIONAL WEATHER SERVICE GOODLAND
139 AM MDT SAT MAR 21 2015

...................................

...THE GOODLAND KS CLIMATE SUMMARY FOR MARCH 20 2015...

CLIMATE NORMAL PERIOD 1981 TO 2010
CLIMATE RECORD PERIOD 1895 TO 2015

WEATHER ITEM   OBSERVED TIME   RECORD YEAR NORMAL DEPARTURE LAST
                VALUE   (LST)  VALUE       VALUE  FROM      YEAR
                                                  NORMAL
..................................................................
TEMPERATURE (F)
 YESTERDAY
  MAXIMUM         68    254 PM  90    1907  56     12       68
  MINIMUM         33    353 AM -17    1965  28      5       27
  AVERAGE         51                        42      9       48

PRECIPITATION (IN)
  YESTERDAY        0.00          1.73 2006   0.04  -0.04     0.00
  MONTH TO DATE    0.05                      0.63  -0.58     0.31
  SINCE MAR 1      0.05                      0.63  -0.58     0.31
  SINCE JAN 1      1.13                      1.50  -0.37     1.25

SNOWFALL (IN)
  YESTERDAY        0.0                       0.3   -0.3      0.0
  MONTH TO DATE    0.6                       4.1   -3.5      3.1
  SINCE MAR 1      0.6                       4.1   -3.5      3.1
  SINCE JUL 1     22.7                      28.1   -5.4     28.3
  SNOW DEPTH       0

DEGREE DAYS
 HEATING
  YESTERDAY       14                        23     -9       17
  MONTH TO DATE  416                       519   -103      506
  SINCE MAR 1    416                       519   -103      506
  SINCE JUL 1   4631                      4936   -305     5050

 COOLING
  YESTERDAY        0                         0      0        0
  MONTH TO DATE    0                         0      0        0
  SINCE MAR 1      0                         0      0        0
  SINCE JAN 1      0                         0      0        0
..................................................................

WIND (MPH)
  HIGHEST WIND SPEED    17   HIGHEST WIND DIRECTION    SW (240)
  HIGHEST GUST SPEED    23   HIGHEST GUST DIRECTION    SW (230)
  AVERAGE WIND SPEED    10.1


SKY COVER
  AVERAGE SKY COVER 0.0


WEATHER CONDITIONS
 THE FOLLOWING WEATHER WAS RECORDED YESTERDAY.
  NO SIGNIFICANT WEATHER WAS OBSERVED.


RELATIVE HUMIDITY (PERCENT)
 HIGHEST    92
 LOWEST     19
 AVERAGE    56

..........................................................


THE GOODLAND KS CLIMATE NORMALS FOR TODAY
                         NORMAL    RECORD    YEAR
 MAXIMUM TEMPERATURE (F)   56        84      2011
                                             1907
 MINIMUM TEMPERATURE (F)   28         0      1913


SUNRISE AND SUNSET
MARCH 21 2015.........SUNRISE   649 AM MDT   SUNSET   700 PM MDT
MARCH 22 2015.........SUNRISE   647 AM MDT   SUNSET   701 PM MDT


-  INDICATES NEGATIVE NUMBERS.
R  INDICATES RECORD WAS SET OR TIED.
MM INDICATES DATA IS MISSING.
T  INDICATES TRACE AMOUNT.

&&

THE AVERAGE SOIL TEMPERATURE AT THE FOUR INCH DEPTH... 46
THE CURRENT DEPTH OF FROST... 0 INCHES

$$
