938
CDUS43 KGLD 170758
CLIGLD

CLIMATE REPORT
NATIONAL WEATHER SERVICE GOODLAND
158 AM MDT FRI MAR 17 2017

...................................

...THE GOODLAND KS CLIMATE SUMMARY FOR MARCH 16 2017...

CLIMATE NORMAL PERIOD 1981 TO 2010
CLIMATE RECORD PERIOD 1895 TO 2017

WEATHER ITEM   OBSERVED TIME   RECORD YEAR NORMAL DEPARTURE LAST
                VALUE   (LST)  VALUE       VALUE  FROM      YEAR
                                                  NORMAL
..................................................................
TEMPERATURE (F)
 YESTERDAY
  MAXIMUM         84    255 PM  89    2015  55     29       55
  MINIMUM         35    145 AM   7    1928  27      8       27
  AVERAGE         60                        41     19       41

PRECIPITATION (IN)
  YESTERDAY        0.00          0.58 1983   0.04  -0.04     0.00
  MONTH TO DATE    0.02                      0.48  -0.46     0.01
  SINCE MAR 1      0.02                      0.48  -0.46     0.01
  SINCE JAN 1      0.95                      1.35  -0.40     0.87

SNOWFALL (IN)
  YESTERDAY        0.0                       0.3   -0.3      0.0
  MONTH TO DATE    T                         3.2   -3.2      0.0
  SINCE MAR 1      T                         3.2   -3.2      0.0
  SINCE JUL 1      9.4                      27.2  -17.8     23.4
  SNOW DEPTH       0

DEGREE DAYS
 HEATING
  YESTERDAY        5                        24    -19       24
  MONTH TO DATE  357                       424    -67      263
  SINCE MAR 1    357                       424    -67      263
  SINCE JUL 1   4242                      4841   -599     4109

 COOLING
  YESTERDAY        0                         0      0        0
  MONTH TO DATE    0                         0      0        0
  SINCE MAR 1      0                         0      0        0
  SINCE JAN 1      0                         0      0        0
..................................................................

WIND (MPH)
  HIGHEST WIND SPEED    22   HIGHEST WIND DIRECTION    NW (320)
  HIGHEST GUST SPEED    31   HIGHEST GUST DIRECTION    NW (310)
  AVERAGE WIND SPEED     8.3


SKY COVER
  AVERAGE SKY COVER 0.0


WEATHER CONDITIONS
 THE FOLLOWING WEATHER WAS RECORDED YESTERDAY.
  NO SIGNIFICANT WEATHER WAS OBSERVED.


RELATIVE HUMIDITY (PERCENT)
 HIGHEST    59
 LOWEST      7
 AVERAGE    33

..........................................................


THE GOODLAND KS CLIMATE NORMALS FOR TODAY
                         NORMAL    RECORD    YEAR
 MAXIMUM TEMPERATURE (F)   55        85      2012
 MINIMUM TEMPERATURE (F)   27        -1      1896


SUNRISE AND SUNSET
MARCH 17 2017.........SUNRISE   655 AM MDT   SUNSET   656 PM MDT
MARCH 18 2017.........SUNRISE   653 AM MDT   SUNSET   657 PM MDT


-  INDICATES NEGATIVE NUMBERS.
R  INDICATES RECORD WAS SET OR TIED.
MM INDICATES DATA IS MISSING.
T  INDICATES TRACE AMOUNT.

&&

THE AVERAGE SOIL TEMPERATURE AT THE FOUR INCH DEPTH...46
THE CURRENT DEPTH OF FROST... 0 INCHES

$$
