000
CDUS43 KGLD 200741
CLIGLD

CLIMATE REPORT
NATIONAL WEATHER SERVICE GOODLAND
136 AM MDT FRI OCT 20 2017

...................................

...THE GOODLAND KS CLIMATE SUMMARY FOR OCTOBER 19 2017...

CLIMATE NORMAL PERIOD 1981 TO 2010
CLIMATE RECORD PERIOD 1895 TO 2017

WEATHER ITEM   OBSERVED TIME   RECORD YEAR NORMAL DEPARTURE LAST
                VALUE   (LST)  VALUE       VALUE  FROM      YEAR
                                                  NORMAL
..................................................................
TEMPERATURE (F)
 YESTERDAY
  MAXIMUM         80    149 PM  92    2003  65     15       65
  MINIMUM         34    554 AM  19    1976  36     -2       35
                                      1925
  AVERAGE         57                        51      6       50

PRECIPITATION (IN)
  YESTERDAY        0.00          3.22 1908   0.05  -0.05     0.00
  MONTH TO DATE    0.44                      0.89  -0.45     0.04
  SINCE SEP 1      4.29                      2.11   2.18     2.53
  SINCE JAN 1     26.25                     18.01   8.24    16.57

SNOWFALL (IN)
  YESTERDAY        0.0                       0.1   -0.1      0.0
  MONTH TO DATE    T                         1.0   -1.0      0.0
  SINCE SEP 1      T                         1.4   -1.4       T
  SINCE JUL 1      T                         1.4   -1.4       T
  SNOW DEPTH       0

DEGREE DAYS
 HEATING
  YESTERDAY        8                        14     -6       15
  MONTH TO DATE  185                       214    -29      146
  SINCE SEP 1    293                       326    -33      204
  SINCE JUL 1    293                       338    -45      211

 COOLING
  YESTERDAY        0                         0      0        0
  MONTH TO DATE    0                         5     -5       22
  SINCE SEP 1    139                       105     34      144
  SINCE JAN 1    958                       938     20     1093
..................................................................

WIND (MPH)
  HIGHEST WIND SPEED    24   HIGHEST WIND DIRECTION     S (160)
  HIGHEST GUST SPEED    33   HIGHEST GUST DIRECTION     S (160)
  AVERAGE WIND SPEED    12.2


SKY COVER
  AVERAGE SKY COVER 0.0


WEATHER CONDITIONS
 THE FOLLOWING WEATHER WAS RECORDED YESTERDAY.
  HAZE


RELATIVE HUMIDITY (PERCENT)
 HIGHEST    96
 LOWEST     28
 AVERAGE    62

..........................................................


THE GOODLAND KS CLIMATE NORMALS FOR TODAY
                         NORMAL    RECORD    YEAR
 MAXIMUM TEMPERATURE (F)   65        89      2007
                                             1947
 MINIMUM TEMPERATURE (F)   36        16      1916


SUNRISE AND SUNSET
OCTOBER 20 2017.......SUNRISE   702 AM MDT   SUNSET   600 PM MDT
OCTOBER 21 2017.......SUNRISE   703 AM MDT   SUNSET   559 PM MDT


-  INDICATES NEGATIVE NUMBERS.
R  INDICATES RECORD WAS SET OR TIED.
MM INDICATES DATA IS MISSING.
T  INDICATES TRACE AMOUNT.

&&

THE AVERAGE SOIL TEMPERATURE AT THE FOUR INCH DEPTH... 59

$$
