000
CDUS43 KGLD 210741
CLIGLD

CLIMATE REPORT
NATIONAL WEATHER SERVICE GOODLAND
1237 AM MST TUE FEB 21 2017

...................................

...THE GOODLAND KS CLIMATE SUMMARY FOR FEBRUARY 20 2017...

CLIMATE NORMAL PERIOD 1981 TO 2010
CLIMATE RECORD PERIOD 1895 TO 2017

WEATHER ITEM   OBSERVED TIME   RECORD YEAR NORMAL DEPARTURE LAST
                VALUE   (LST)  VALUE       VALUE  FROM      YEAR
                                                  NORMAL
..................................................................
TEMPERATURE (F)
 YESTERDAY
  MAXIMUM         64    318 PM  73    1972  47     17       67
                                      1930
  MINIMUM         32    804 PM  -1    1953  20     12       30
  AVERAGE         48                        34     14       49

PRECIPITATION (IN)
  YESTERDAY        0.00          0.42 1953   0.02  -0.02     0.00
  MONTH TO DATE    T                         0.32  -0.32     0.82
  SINCE DEC 1      1.52                      1.16   0.36     1.02
  SINCE JAN 1      0.92                      0.70   0.22     0.86

SNOWFALL (IN)
  YESTERDAY        0.0                       0.2   -0.2      0.0
  MONTH TO DATE    T                         4.1   -4.1     13.3
  SINCE DEC 1      8.8                      15.5   -6.7     15.2
  SINCE JUL 1      9.4                      22.7  -13.3     23.4
  SNOW DEPTH       0

DEGREE DAYS
 HEATING
  YESTERDAY       17                        32    -15       16
  MONTH TO DATE  471                       674   -203      575
  SINCE DEC 1   2789                      2858    -69     2576
  SINCE JUL 1   3652                      4177   -525     3636

 COOLING
  YESTERDAY        0                         0      0        0
  MONTH TO DATE    0                         0      0        0
  SINCE DEC 1      0                         0      0        0
  SINCE JAN 1      0                         0      0        0
..................................................................

WIND (MPH)
  HIGHEST WIND SPEED    38   HIGHEST WIND DIRECTION     N (340)
  HIGHEST GUST SPEED    47   HIGHEST GUST DIRECTION     N (340)
  AVERAGE WIND SPEED    18.6


SKY COVER
  AVERAGE SKY COVER 0.0


WEATHER CONDITIONS
 THE FOLLOWING WEATHER WAS RECORDED YESTERDAY.
  NO SIGNIFICANT WEATHER WAS OBSERVED.


RELATIVE HUMIDITY (PERCENT)
 HIGHEST    60
 LOWEST     14
 AVERAGE    37

..........................................................


THE GOODLAND KS CLIMATE NORMALS FOR TODAY
                         NORMAL    RECORD    YEAR
 MAXIMUM TEMPERATURE (F)   47        73      1995
                                             1935
 MINIMUM TEMPERATURE (F)   21        -5      1953


SUNRISE AND SUNSET
FEBRUARY 21 2017......SUNRISE   630 AM MST   SUNSET   531 PM MST
FEBRUARY 22 2017......SUNRISE   629 AM MST   SUNSET   532 PM MST


-  INDICATES NEGATIVE NUMBERS.
R  INDICATES RECORD WAS SET OR TIED.
MM INDICATES DATA IS MISSING.
T  INDICATES TRACE AMOUNT.

&&

THE AVERAGE SOIL TEMPERATURE AT THE FOUR INCH DEPTH... 47
THE CURRENT DEPTH OF FROST... 0 INCHES

$$
