000
CDUS43 KGLD 120753
CLIGLD

CLIMATE REPORT
NATIONAL WEATHER SERVICE GOODLAND
149 AM MDT TUE SEP 12 2017

...................................

...THE GOODLAND KS CLIMATE SUMMARY FOR SEPTEMBER 11 2017...

CLIMATE NORMAL PERIOD 1981 TO 2010
CLIMATE RECORD PERIOD 1895 TO 2017

WEATHER ITEM   OBSERVED TIME   RECORD YEAR NORMAL DEPARTURE LAST
                VALUE   (LST)  VALUE       VALUE  FROM      YEAR
                                                  NORMAL
..................................................................
TEMPERATURE (F)
 YESTERDAY
  MAXIMUM         93    250 PM  99    1895  81     12       90
  MINIMUM         56    546 AM  37    1989  52      4       49
  AVERAGE         75                        67      8       70

PRECIPITATION (IN)
  YESTERDAY        0.00          1.85 1933   0.04  -0.04     0.00
  MONTH TO DATE    0.00                      0.49  -0.49     1.67
  SINCE SEP 1      0.00                      0.49  -0.49     1.67
  SINCE JAN 1     21.96                     16.39   5.57    15.71

SNOWFALL (IN)
  YESTERDAY        0.0                       0.0    0.0      0.0
  MONTH TO DATE    0.0                       0.0    0.0       T
  SINCE SEP 1      0.0                       0.0    0.0       T
  SINCE JUL 1      T                         0.0    0.0       T
  SNOW DEPTH       0

DEGREE DAYS
 HEATING
  YESTERDAY        0                         2     -2        0
  MONTH TO DATE   11                        16     -5        8
  SINCE SEP 1     11                        16     -5        8
  SINCE JUL 1     11                        28    -17       15

 COOLING
  YESTERDAY       10                         4      6        5
  MONTH TO DATE   66                        58      8       69
  SINCE SEP 1     66                        58      8       69
  SINCE JAN 1    885                       891     -6     1018
..................................................................

WIND (MPH)
  HIGHEST WIND SPEED    16   HIGHEST WIND DIRECTION     S (160)
  HIGHEST GUST SPEED    21   HIGHEST GUST DIRECTION    SE (150)
  AVERAGE WIND SPEED     8.1


SKY COVER
  AVERAGE SKY COVER 0.0


WEATHER CONDITIONS
 THE FOLLOWING WEATHER WAS RECORDED YESTERDAY.
  NO SIGNIFICANT WEATHER WAS OBSERVED.


RELATIVE HUMIDITY (PERCENT)
 HIGHEST    80
 LOWEST     23
 AVERAGE    52

..........................................................


THE GOODLAND KS CLIMATE NORMALS FOR TODAY
                         NORMAL    RECORD    YEAR
 MAXIMUM TEMPERATURE (F)   81       100      1931
 MINIMUM TEMPERATURE (F)   52        34      2014


SUNRISE AND SUNSET
SEPTEMBER 12 2017.....SUNRISE   626 AM MDT   SUNSET   700 PM MDT
SEPTEMBER 13 2017.....SUNRISE   626 AM MDT   SUNSET   658 PM MDT


-  INDICATES NEGATIVE NUMBERS.
R  INDICATES RECORD WAS SET OR TIED.
MM INDICATES DATA IS MISSING.
T  INDICATES TRACE AMOUNT.

&&

THE AVERAGE SOIL TEMPERATURE AT THE FOUR INCH DEPTH... 74

$$
