000
CDUS43 KGLD 160738
CLIGLD

CLIMATE REPORT
NATIONAL WEATHER SERVICE GOODLAND
138 AM MDT THU MAR 16 2017

...................................

...THE GOODLAND KS CLIMATE SUMMARY FOR MARCH 15 2017...

CLIMATE NORMAL PERIOD 1981 TO 2010
CLIMATE RECORD PERIOD 1895 TO 2017

WEATHER ITEM   OBSERVED TIME   RECORD YEAR NORMAL DEPARTURE LAST
                VALUE   (LST)  VALUE       VALUE  FROM      YEAR
                                                  NORMAL
..................................................................
TEMPERATURE (F)
 YESTERDAY
  MAXIMUM         78    208 PM  82    1935  55     23       53
  MINIMUM         26    614 AM   2    1912  26      0       23
  AVERAGE         52                        40     12       38

PRECIPITATION (IN)
  YESTERDAY        0.00          1.62 1946   0.03  -0.03     0.00
  MONTH TO DATE    0.02                      0.44  -0.42     0.01
  SINCE MAR 1      0.02                      0.44  -0.42     0.01
  SINCE JAN 1      0.95                      1.31  -0.36     0.87

SNOWFALL (IN)
  YESTERDAY        0.0                       0.2   -0.2      0.0
  MONTH TO DATE    T                         2.9   -2.9      0.0
  SINCE MAR 1      T                         2.9   -2.9      0.0
  SINCE JUL 1      9.4                      26.9  -17.5     23.4
  SNOW DEPTH       0

DEGREE DAYS
 HEATING
  YESTERDAY       13                        25    -12       27
  MONTH TO DATE  352                       400    -48      239
  SINCE MAR 1    352                       400    -48      239
  SINCE JUL 1   4237                      4817   -580     4085

 COOLING
  YESTERDAY        0                         0      0        0
  MONTH TO DATE    0                         0      0        0
  SINCE MAR 1      0                         0      0        0
  SINCE JAN 1      0                         0      0        0
..................................................................

WIND (MPH)
  HIGHEST WIND SPEED    25   HIGHEST WIND DIRECTION     S (200)
  HIGHEST GUST SPEED    32   HIGHEST GUST DIRECTION     S (190)
  AVERAGE WIND SPEED    11.9


SKY COVER
  AVERAGE SKY COVER 0.0


WEATHER CONDITIONS
 THE FOLLOWING WEATHER WAS RECORDED YESTERDAY.
  NO SIGNIFICANT WEATHER WAS OBSERVED.


RELATIVE HUMIDITY (PERCENT)
 HIGHEST    81
 LOWEST     13
 AVERAGE    47

..........................................................


THE GOODLAND KS CLIMATE NORMALS FOR TODAY
                         NORMAL    RECORD    YEAR
 MAXIMUM TEMPERATURE (F)   55        89      2015
 MINIMUM TEMPERATURE (F)   27         7      1928


SUNRISE AND SUNSET
MARCH 16 2017.........SUNRISE   656 AM MDT   SUNSET   655 PM MDT
MARCH 17 2017.........SUNRISE   655 AM MDT   SUNSET   656 PM MDT


-  INDICATES NEGATIVE NUMBERS.
R  INDICATES RECORD WAS SET OR TIED.
MM INDICATES DATA IS MISSING.
T  INDICATES TRACE AMOUNT.

&&

THE AVERAGE SOIL TEMPERATURE AT THE FOUR INCH DEPTH... 42
THE CURRENT DEPTH OF FROST... 0 INCHES

$$
