673
CDUS43 KGLD 160044
CLIGLD

CLIMATE REPORT
NATIONAL WEATHER SERVICE GOODLAND
536 PM MST THU FEB 15 2018

...................................

...THE GOODLAND KS CLIMATE SUMMARY FOR FEBRUARY 15 2018...
VALID TODAY AS OF 0500 PM LOCAL TIME.

CLIMATE NORMAL PERIOD 1981 TO 2010
CLIMATE RECORD PERIOD 1895 TO 2018

WEATHER ITEM   OBSERVED TIME   RECORD YEAR NORMAL DEPARTURE LAST
                VALUE   (LST)  VALUE       VALUE  FROM      YEAR
                                                  NORMAL
..................................................................
TEMPERATURE (F)
 TODAY
  MAXIMUM         55    138 PM  68    2011  45     10       63
                                      1947
  MINIMUM         33    349 AM -13    2007  19     14       23
  AVERAGE         44                        32     12       43

PRECIPITATION (IN)
  TODAY            0.00          0.50 1984   0.01  -0.01     0.00
  MONTH TO DATE    0.56                      0.23   0.33      T
  SINCE DEC 1      1.33                      1.07   0.26     1.52
  SINCE JAN 1      1.24                      0.61   0.63     0.92

SNOWFALL (IN)
  TODAY            0.0                       0.2   -0.2      0.0
  MONTH TO DATE    8.7                       3.2    5.5       T
  SINCE DEC 1     19.2                      14.6    4.6      8.8
  SINCE JUL 1     19.3                      21.8   -2.5      9.4
  SNOW DEPTH       0

DEGREE DAYS
 HEATING
  TODAY           21                        33    -12       22
  MONTH TO DATE  531                       513     18      398
  SINCE DEC 1   2633                      2697    -64     2716
  SINCE JUL 1   3784                      4016   -232     3579

 COOLING
  TODAY            0                         0      0        0
  MONTH TO DATE    0                         0      0        0
  SINCE DEC 1      0                         0      0        0
  SINCE JAN 1      0                         0      0        0
..................................................................

WIND (MPH)
  HIGHEST WIND SPEED    28   HIGHEST WIND DIRECTION     N (350)
  HIGHEST GUST SPEED    37   HIGHEST GUST DIRECTION     N (360)
  AVERAGE WIND SPEED    14.7


SKY COVER
  AVERAGE SKY COVER 0.0


WEATHER CONDITIONS
 THE FOLLOWING WEATHER WAS RECORDED TODAY.
  NO SIGNIFICANT WEATHER WAS OBSERVED.


RELATIVE HUMIDITY (PERCENT)
 HIGHEST    75           700 AM
 LOWEST     32           100 PM
 AVERAGE    54

..........................................................


THE GOODLAND KS CLIMATE NORMALS FOR TOMORROW
                         NORMAL    RECORD    YEAR
 MAXIMUM TEMPERATURE (F)   45        75      2017
                                             2011
 MINIMUM TEMPERATURE (F)   19       -17      1993


SUNRISE AND SUNSET
FEBRUARY 15 2018......SUNRISE   639 AM MST   SUNSET   524 PM MST
FEBRUARY 16 2018......SUNRISE   637 AM MST   SUNSET   525 PM MST


-  INDICATES NEGATIVE NUMBERS.
R  INDICATES RECORD WAS SET OR TIED.
MM INDICATES DATA IS MISSING.
T  INDICATES TRACE AMOUNT.

&&

THE AVERAGE SOIL TEMPERATURE AT THE FOUR INCH DEPTH... 31
THE CURRENT DEPTH OF FROST... 6 INCHES

$$
