000
CDUS43 KGLD 220041
CLIGLD

CLIMATE REPORT
NATIONAL WEATHER SERVICE GOODLAND
639 PM MDT SUN SEP 21 2014

...................................

...THE GOODLAND KS CLIMATE SUMMARY FOR SEPTEMBER 21 2014...
VALID TODAY AS OF 0600 PM LOCAL TIME.

CLIMATE NORMAL PERIOD 1981 TO 2010
CLIMATE RECORD PERIOD 1895 TO 2014

WEATHER ITEM   OBSERVED TIME   RECORD YEAR NORMAL DEPARTURE LAST
                VALUE   (LST)  VALUE       VALUE  FROM      YEAR
                                                  NORMAL
..................................................................
TEMPERATURE (F)
 TODAY
  MAXIMUM         75    325 PM  97    2005  77     -2       83
  MINIMUM         48    521 AM  26    1983  48      0       50
  AVERAGE         62                        62      0       67

PRECIPITATION (IN)
  TODAY            0.00          0.93 1941   0.04  -0.04     0.00
  MONTH TO DATE    1.08                      0.87   0.21     6.27
  SINCE SEP 1      1.08                      0.87   0.21     6.27
  SINCE JAN 1     14.98                     16.77  -1.79    15.06

SNOWFALL (IN)
  TODAY            0.0                       0.0    0.0      0.0
  MONTH TO DATE    T                         0.2   -0.2      0.0
  SINCE SEP 1      T                         0.2   -0.2      0.0
  SINCE JUL 1      T                         0.2   -0.2      0.0
  SNOW DEPTH       0

DEGREE DAYS
 HEATING
  TODAY            3                         5     -2        0
  MONTH TO DATE   93                        53     40       22
  SINCE SEP 1     93                        53     40       22
  SINCE JUL 1    106                        65     41       29

 COOLING
  TODAY            0                         2     -2        2
  MONTH TO DATE   83                        88     -5      173
  SINCE SEP 1     83                        88     -5      173
  SINCE JAN 1    885                       921    -36     1171
..................................................................

WIND (MPH)
  HIGHEST WIND SPEED    14   HIGHEST WIND DIRECTION     E (70)
  HIGHEST GUST SPEED    18   HIGHEST GUST DIRECTION     E (70)
  AVERAGE WIND SPEED     6.4

SKY COVER
  AVERAGE SKY COVER 0.2

WEATHER CONDITIONS
 THE FOLLOWING WEATHER WAS RECORDED TODAY.
  NO SIGNIFICANT WEATHER WAS OBSERVED.

RELATIVE HUMIDITY (PERCENT)
 HIGHEST    86           500 AM
 LOWEST     27          1200 PM
 AVERAGE    57

..........................................................

THE GOODLAND KS CLIMATE NORMALS FOR TOMORROW
                         NORMAL    RECORD    YEAR
 MAXIMUM TEMPERATURE (F)   76        96      1939
                                             1937
 MINIMUM TEMPERATURE (F)   47        30      1995
                                             1983

SUNRISE AND SUNSET
SEPTEMBER 21 2014.....SUNRISE   634 AM MDT   SUNSET   645 PM MDT
SEPTEMBER 22 2014.....SUNRISE   634 AM MDT   SUNSET   644 PM MDT

-  INDICATES NEGATIVE NUMBERS.
R  INDICATES RECORD WAS SET OR TIED.
MM INDICATES DATA IS MISSING.
T  INDICATES TRACE AMOUNT.

&&

THE AVERAGE SOIL TEMPERATURE AT THE FOUR INCH DEPTH... 67

$$
