189
CDUS43 KGLD 090747
CLIGLD

CLIMATE REPORT
NATIONAL WEATHER SERVICE GOODLAND
1242 AM MST SAT DEC 9 2017

...................................

...THE GOODLAND KS CLIMATE SUMMARY FOR DECEMBER 8 2017...

CLIMATE NORMAL PERIOD 1981 TO 2010
CLIMATE RECORD PERIOD 1895 TO 2017

WEATHER ITEM   OBSERVED TIME   RECORD YEAR NORMAL DEPARTURE LAST
                VALUE   (LST)  VALUE       VALUE  FROM      YEAR
                                                  NORMAL
..................................................................
TEMPERATURE (F)
 YESTERDAY
  MAXIMUM         50    153 PM  70    1970  43      7       19
  MINIMUM         27    715 AM -11    2005  18      9       -6
                                      1978
  AVERAGE         39                        30      9        7

PRECIPITATION (IN)
  YESTERDAY        0.00          0.33 2003   0.02  -0.02     0.00
  MONTH TO DATE    T                         0.13  -0.13     0.07
  SINCE DEC 1      T                         0.13  -0.13     0.07
  SINCE JAN 1     26.28                     19.33   6.95    16.85

SNOWFALL (IN)
  YESTERDAY        0.0                       0.2   -0.2      0.0
  MONTH TO DATE    T                         1.4   -1.4      1.7
  SINCE DEC 1      T                         1.4   -1.4      1.7
  SINCE JUL 1      0.1                       8.6   -8.5      2.3
  SNOW DEPTH       0

DEGREE DAYS
 HEATING
  YESTERDAY       26                        35     -9       58
  MONTH TO DATE  232                       270    -38      316
  SINCE DEC 1    232                       270    -38      316
  SINCE JUL 1   1383                      1589   -206     1179

 COOLING
  YESTERDAY        0                         0      0        0
  MONTH TO DATE    0                         0      0        0
  SINCE DEC 1      0                         0      0        0
  SINCE JAN 1    959                       941     18     1103
..................................................................

WIND (MPH)
  HIGHEST WIND SPEED    31   HIGHEST WIND DIRECTION     N (350)
  HIGHEST GUST SPEED    43   HIGHEST GUST DIRECTION     N (360)
  AVERAGE WIND SPEED    15.1


SKY COVER
  AVERAGE SKY COVER 0.4


WEATHER CONDITIONS
 THE FOLLOWING WEATHER WAS RECORDED YESTERDAY.
  NO SIGNIFICANT WEATHER WAS OBSERVED.


RELATIVE HUMIDITY (PERCENT)
 HIGHEST    63
 LOWEST     24
 AVERAGE    44

..........................................................


THE GOODLAND KS CLIMATE NORMALS FOR TODAY
                         NORMAL    RECORD    YEAR
 MAXIMUM TEMPERATURE (F)   43        76      1939
 MINIMUM TEMPERATURE (F)   18       -23      1919


SUNRISE AND SUNSET
DECEMBER  9 2017......SUNRISE   655 AM MST   SUNSET   423 PM MST
DECEMBER 10 2017......SUNRISE   656 AM MST   SUNSET   423 PM MST


-  INDICATES NEGATIVE NUMBERS.
R  INDICATES RECORD WAS SET OR TIED.
MM INDICATES DATA IS MISSING.
T  INDICATES TRACE AMOUNT.

&&

THE AVERAGE SOIL TEMPERATURE AT THE FOUR INCH DEPTH... 33
THE CURRENT DEPTH OF FROST... 3 INCHES

$$
