000
CDUS43 KGLD 210747 RRA
CLIGLD

CLIMATE REPORT
NATIONAL WEATHER SERVICE GOODLAND
1243 AM MST SAT FEB 21 2015

...................................

...THE GOODLAND KS CLIMATE SUMMARY FOR FEBRUARY 20 2015...

CLIMATE NORMAL PERIOD 1981 TO 2010
CLIMATE RECORD PERIOD 1895 TO 2015

WEATHER ITEM   OBSERVED TIME   RECORD YEAR NORMAL DEPARTURE LAST
                VALUE   (LST)  VALUE       VALUE  FROM      YEAR
                                                  NORMAL
..................................................................
TEMPERATURE (F)
 YESTERDAY
  MAXIMUM         52    219 PM  73    1972  47      5       39
                                      1930
  MINIMUM         24    701 AM  -1    1953  20      4       24
  AVERAGE         38                        34      4       32

PRECIPITATION (IN)
  YESTERDAY        0.00          0.42 1953   0.02  -0.02     0.08
  MONTH TO DATE    0.13                      0.32  -0.19     0.30
  SINCE DEC 1      1.87                      1.16   0.71     0.92
  SINCE JAN 1      0.41                      0.70  -0.29     0.87

SNOWFALL (IN)
  YESTERDAY        0.0                       0.2   -0.2      1.5
  MONTH TO DATE    0.9                       4.1   -3.2      7.3
  SINCE DEC 1     13.0                      15.5   -2.5     19.4
  SINCE JUL 1     13.2                      22.7   -9.5     23.7
  SNOW DEPTH       0

DEGREE DAYS
 HEATING
  YESTERDAY       27                        32     -5       33
  MONTH TO DATE  522                       674   -152      814
  SINCE DEC 1   2597                      2858   -261     2984
  SINCE JUL 1   3852                      4177   -325     4257

 COOLING
  YESTERDAY        0                         0      0        0
  MONTH TO DATE    0                         0      0        0
  SINCE DEC 1      0                         0      0        0
  SINCE JAN 1      0                         0      0        0
..................................................................

WIND (MPH)
  HIGHEST WIND SPEED    20   HIGHEST WIND DIRECTION    NE (60)
  HIGHEST GUST SPEED    25   HIGHEST GUST DIRECTION     S (200)
  AVERAGE WIND SPEED     9.5


SKY COVER
  AVERAGE SKY COVER 0.3


WEATHER CONDITIONS
 THE FOLLOWING WEATHER WAS RECORDED YESTERDAY.
  NO SIGNIFICANT WEATHER WAS OBSERVED.


RELATIVE HUMIDITY (PERCENT)
 HIGHEST    88
 LOWEST     41
 AVERAGE    65

..........................................................


THE GOODLAND KS CLIMATE NORMALS FOR TODAY
                         NORMAL    RECORD    YEAR
 MAXIMUM TEMPERATURE (F)   47        73      1995
                                             1935
 MINIMUM TEMPERATURE (F)   21        -5      1953


SUNRISE AND SUNSET
FEBRUARY 21 2015......SUNRISE   631 AM MST   SUNSET   530 PM MST
FEBRUARY 22 2015......SUNRISE   630 AM MST   SUNSET   531 PM MST


-  INDICATES NEGATIVE NUMBERS.
R  INDICATES RECORD WAS SET OR TIED.
MM INDICATES DATA IS MISSING.
T  INDICATES TRACE AMOUNT.

&&

THE AVERAGE SOIL TEMPERATURE AT THE FOUR INCH DEPTH... 35
THE CURRENT DEPTH OF FROST... 2 INCHES

$$
