000
CDUS43 KGLD 150759
CLIGLD

WRKCLIGLD 000
TTAA00 KGLD 150758

CLIMATE REPORT
NATIONAL WEATHER SERVICE GOODLAND
155 AM MDT FRI MAY 15 2015

...................................

...THE GOODLAND KS CLIMATE SUMMARY FOR MAY 14 2015...

CLIMATE NORMAL PERIOD 1981 TO 2010
CLIMATE RECORD PERIOD 1895 TO 2015

WEATHER ITEM   OBSERVED TIME   RECORD YEAR NORMAL DEPARTURE LAST
                VALUE   (LST)  VALUE       VALUE  FROM      YEAR
                                                  NORMAL
..................................................................
TEMPERATURE (F)
 YESTERDAY
  MAXIMUM         77    414 PM  95    1915  72      5       65
  MINIMUM         49    447 AM  27    2004  45      4       32
                                      1953
  AVERAGE         63                        59      4       49

PRECIPITATION (IN)
  YESTERDAY        T             1.27 1928   0.09  -0.09      T
  MONTH TO DATE    2.35                      1.13   1.22     0.16
  SINCE MAR 1      7.30                      3.79   3.51     1.01
  SINCE JAN 1      8.38                      4.66   3.72     1.95

SNOWFALL (IN)
  YESTERDAY        0.0                       0.0    0.0      0.0
  MONTH TO DATE    0.0                       0.4   -0.4       T
  SINCE MAR 1      2.6                      11.4   -8.8      3.9
  SINCE JUL 1     24.7                      35.4  -10.7     29.1
  SNOW DEPTH       0

DEGREE DAYS
 HEATING
  YESTERDAY        2                         7     -5       16
  MONTH TO DATE  120                       127     -7      158
  SINCE MAR 1   1081                      1365   -284     1363
  SINCE JUL 1   5296                      5782   -486     5907

 COOLING
  YESTERDAY        0                         1     -1        0
  MONTH TO DATE    2                        12    -10        0
  SINCE MAR 1      2                        16    -14        5
  SINCE JAN 1      2                        16    -14        5
..................................................................

WIND (MPH)
  HIGHEST WIND SPEED    17   HIGHEST WIND DIRECTION    SE (140)
  HIGHEST GUST SPEED    25   HIGHEST GUST DIRECTION    SE (150)
  AVERAGE WIND SPEED     9.4


SKY COVER
  AVERAGE SKY COVER 0.2


WEATHER CONDITIONS
 THE FOLLOWING WEATHER WAS RECORDED YESTERDAY.
  FOG


RELATIVE HUMIDITY (PERCENT)
 HIGHEST   100
 LOWEST     40
 AVERAGE    70

..........................................................


THE GOODLAND KS CLIMATE NORMALS FOR TODAY
                         NORMAL    RECORD    YEAR
 MAXIMUM TEMPERATURE (F)   73        94      1936
 MINIMUM TEMPERATURE (F)   46        24      1907


SUNRISE AND SUNSET
MAY 15 2015...........SUNRISE   533 AM MDT   SUNSET   753 PM MDT
MAY 16 2015...........SUNRISE   532 AM MDT   SUNSET   754 PM MDT


-  INDICATES NEGATIVE NUMBERS.
R  INDICATES RECORD WAS SET OR TIED.
MM INDICATES DATA IS MISSING.
T  INDICATES TRACE AMOUNT.

&&

THE AVERAGE SOIL TEMPERATURE AT THE FOUR INCH DEPTH... 55

$$
