000
CDUS43 KGLD 180806
CLIGLD

CLIMATE REPORT
NATIONAL WEATHER SERVICE GOODLAND
204 AM MDT SAT JUL 18 2015

...................................

...THE GOODLAND KS CLIMATE SUMMARY FOR JULY 17 2015...

CLIMATE NORMAL PERIOD 1981 TO 2010
CLIMATE RECORD PERIOD 1895 TO 2015

WEATHER ITEM   OBSERVED TIME   RECORD YEAR NORMAL DEPARTURE LAST
                VALUE   (LST)  VALUE       VALUE  FROM      YEAR
                                                  NORMAL
..................................................................
TEMPERATURE (F)
 YESTERDAY
  MAXIMUM         99    156 PM 106    1936  90      9       66
  MINIMUM         66    440 AM  50    1917  62      4       55
  AVERAGE         83                        76      7       61

PRECIPITATION (IN)
  YESTERDAY        0.00          2.16 1993   0.11  -0.11     0.02
  MONTH TO DATE    0.64                      1.89  -1.25     1.44
  SINCE JUN 1      2.95                      5.14  -2.19     6.97
  SINCE JAN 1     14.74                     11.62   3.12    10.51

SNOWFALL (IN)
  YESTERDAY        0.0                       0.0    0.0      0.0
  MONTH TO DATE    0.0                       0.0    0.0      0.0
  SINCE JUN 1      0.0                       0.0    0.0      0.0
  SINCE JUL 1      0.0                       0.0    0.0      0.0
  SNOW DEPTH       0

DEGREE DAYS
 HEATING
  YESTERDAY        0                         0      0        4
  MONTH TO DATE    1                         0      1       13
  SINCE JUN 1      6                        37    -31       51
  SINCE JUL 1      1                         0      1       13

 COOLING
  YESTERDAY       18                        11      7        0
  MONTH TO DATE  185                       180      5      140
  SINCE JUN 1    427                       359     68      289
  SINCE JAN 1    433                       400     33      335
..................................................................

WIND (MPH)
  HIGHEST WIND SPEED    20   HIGHEST WIND DIRECTION     S (200)
  HIGHEST GUST SPEED    27   HIGHEST GUST DIRECTION    SW (210)
  AVERAGE WIND SPEED    11.5


SKY COVER
  AVERAGE SKY COVER 0.0


WEATHER CONDITIONS
 THE FOLLOWING WEATHER WAS RECORDED YESTERDAY.
  NO SIGNIFICANT WEATHER WAS OBSERVED.


RELATIVE HUMIDITY (PERCENT)
 HIGHEST    68
 LOWEST     17
 AVERAGE    43

..........................................................


THE GOODLAND KS CLIMATE NORMALS FOR TODAY
                         NORMAL    RECORD    YEAR
 MAXIMUM TEMPERATURE (F)   90       106      1936
 MINIMUM TEMPERATURE (F)   62        50      1972


SUNRISE AND SUNSET
JULY 18 2015..........SUNRISE   535 AM MDT   SUNSET   811 PM MDT
JULY 19 2015..........SUNRISE   535 AM MDT   SUNSET   810 PM MDT


-  INDICATES NEGATIVE NUMBERS.
R  INDICATES RECORD WAS SET OR TIED.
MM INDICATES DATA IS MISSING.
T  INDICATES TRACE AMOUNT.

&&

THE AVERAGE SOIL TEMPERATURE AT THE FOUR INCH DEPTH... 78

$$
