488
CDUS43 KGLD 190741
CLIGLD

CLIMATE REPORT
NATIONAL WEATHER SERVICE GOODLAND
138 AM MDT SUN MAR 19 2017

...................................

...THE GOODLAND KS CLIMATE SUMMARY FOR MARCH 18 2017...

CLIMATE NORMAL PERIOD 1981 TO 2010
CLIMATE RECORD PERIOD 1895 TO 2017

WEATHER ITEM   OBSERVED TIME   RECORD YEAR NORMAL DEPARTURE LAST
                VALUE   (LST)  VALUE       VALUE  FROM      YEAR
                                                  NORMAL
..................................................................
TEMPERATURE (F)
 YESTERDAY
  MAXIMUM         80    237 PM  88    1907  55     25       38
  MINIMUM         29    523 AM  -5    1896  27      2       21
  AVERAGE         55                        41     14       30

PRECIPITATION (IN)
  YESTERDAY        0.00          0.94 1984   0.04  -0.04     0.07
  MONTH TO DATE    0.02                      0.56  -0.54     0.09
  SINCE MAR 1      0.02                      0.56  -0.54     0.09
  SINCE JAN 1      0.95                      1.43  -0.48     0.95

SNOWFALL (IN)
  YESTERDAY        0.0                       0.2   -0.2      0.8
  MONTH TO DATE    T                         3.6   -3.6      0.8
  SINCE MAR 1      T                         3.6   -3.6      0.8
  SINCE JUL 1      9.4                      27.6  -18.2     24.2
  SNOW DEPTH       0

DEGREE DAYS
 HEATING
  YESTERDAY       10                        24    -14       35
  MONTH TO DATE  380                       472    -92      321
  SINCE MAR 1    380                       472    -92      321
  SINCE JUL 1   4265                      4889   -624     4167

 COOLING
  YESTERDAY        0                         0      0        0
  MONTH TO DATE    0                         0      0        0
  SINCE MAR 1      0                         0      0        0
  SINCE JAN 1      0                         0      0        0
..................................................................

WIND (MPH)
  HIGHEST WIND SPEED    30   HIGHEST WIND DIRECTION     S (190)
  HIGHEST GUST SPEED    38   HIGHEST GUST DIRECTION     S (180)
  AVERAGE WIND SPEED    15.6


SKY COVER
  AVERAGE SKY COVER 0.0


WEATHER CONDITIONS
 THE FOLLOWING WEATHER WAS RECORDED YESTERDAY.
  NO SIGNIFICANT WEATHER WAS OBSERVED.


RELATIVE HUMIDITY (PERCENT)
 HIGHEST    92
 LOWEST     25
 AVERAGE    59

..........................................................


THE GOODLAND KS CLIMATE NORMALS FOR TODAY
                         NORMAL    RECORD    YEAR
 MAXIMUM TEMPERATURE (F)   56        90      1907
 MINIMUM TEMPERATURE (F)   27        -3      1896


SUNRISE AND SUNSET
MARCH 19 2017.........SUNRISE   651 AM MDT   SUNSET   658 PM MDT
MARCH 20 2017.........SUNRISE   650 AM MDT   SUNSET   659 PM MDT


-  INDICATES NEGATIVE NUMBERS.
R  INDICATES RECORD WAS SET OR TIED.
MM INDICATES DATA IS MISSING.
T  INDICATES TRACE AMOUNT.

&&

THE AVERAGE SOIL TEMPERATURE AT THE FOUR INCH DEPTH... 53
THE CURRENT DEPTH OF FROST... 0 INCHES

$$
