000
CDUS43 KGLD 230744
CLIGLD

CLIMATE REPORT
NATIONAL WEATHER SERVICE GOODLAND
1240 AM MST MON FEB 23 2015

...................................

...THE GOODLAND KS CLIMATE SUMMARY FOR FEBRUARY 22 2015...

CLIMATE NORMAL PERIOD 1981 TO 2010
CLIMATE RECORD PERIOD 1895 TO 2015

WEATHER ITEM   OBSERVED TIME   RECORD YEAR NORMAL DEPARTURE LAST
                VALUE   (LST)  VALUE       VALUE  FROM      YEAR
                                                  NORMAL
..................................................................
TEMPERATURE (F)
 YESTERDAY
  MAXIMUM         19   1206 AM  77    1982  47    -28       47
  MINIMUM         11   1159 PM  -4    1911  21    -10       19
  AVERAGE         15                        34    -19       33

PRECIPITATION (IN)
  YESTERDAY        0.10          0.50 1925   0.02   0.08     0.00
  MONTH TO DATE    0.73                      0.36   0.37     0.30
  SINCE DEC 1      2.47                      1.20   1.27     0.92
  SINCE JAN 1      1.01                      0.74   0.27     0.87

SNOWFALL (IN)
  YESTERDAY        2.4                       0.2    2.2      0.0
  MONTH TO DATE    8.6                       4.4    4.2      7.3
  SINCE DEC 1     20.7                      15.8    4.9     19.4
  SINCE JUL 1     20.9                      23.0   -2.1     23.7
  SNOW DEPTH       6

DEGREE DAYS
 HEATING
  YESTERDAY       50                        31     19       32
  MONTH TO DATE  606                       736   -130      872
  SINCE DEC 1   2681                      2920   -239     3042
  SINCE JUL 1   3936                      4239   -303     4315

 COOLING
  YESTERDAY        0                         0      0        0
  MONTH TO DATE    0                         0      0        0
  SINCE DEC 1      0                         0      0        0
  SINCE JAN 1      0                         0      0        0
..................................................................

WIND (MPH)
  HIGHEST WIND SPEED    24   HIGHEST WIND DIRECTION     N (20)
  HIGHEST GUST SPEED    26   HIGHEST GUST DIRECTION     N (20)
  AVERAGE WIND SPEED     8.6


SKY COVER
  AVERAGE SKY COVER 1.0


WEATHER CONDITIONS
 THE FOLLOWING WEATHER WAS RECORDED YESTERDAY.
  LIGHT SNOW
  FOG
  HAZE


RELATIVE HUMIDITY (PERCENT)
 HIGHEST    92
 LOWEST     80
 AVERAGE    86

..........................................................


THE GOODLAND KS CLIMATE NORMALS FOR TODAY
                         NORMAL    RECORD    YEAR
 MAXIMUM TEMPERATURE (F)   48        75      1936
                                             1918
 MINIMUM TEMPERATURE (F)   21       -11      1960


SUNRISE AND SUNSET
FEBRUARY 23 2015......SUNRISE   628 AM MST   SUNSET   532 PM MST
FEBRUARY 24 2015......SUNRISE   627 AM MST   SUNSET   534 PM MST


-  INDICATES NEGATIVE NUMBERS.
R  INDICATES RECORD WAS SET OR TIED.
MM INDICATES DATA IS MISSING.
T  INDICATES TRACE AMOUNT.

&&

THE AVERAGE SOIL TEMPERATURE AT THE FOUR INCH DEPTH... 36
THE CURRENT DEPTH OF FROST... 2 INCHES

$$
