000
CDUS43 KGLD 060738
CLIGLD

CLIMATE REPORT
NATIONAL WEATHER SERVICE GOODLAND
136 AM MDT SUN APR 6 2014

...................................

...THE GOODLAND KS CLIMATE SUMMARY FOR APRIL 5 2014...

CLIMATE NORMAL PERIOD 1981 TO 2010
CLIMATE RECORD PERIOD 1895 TO 2014

WEATHER ITEM   OBSERVED TIME   RECORD YEAR NORMAL DEPARTURE LAST
                VALUE   (LST)  VALUE       VALUE  FROM      YEAR
                                                  NORMAL
..................................................................
TEMPERATURE (F)
 YESTERDAY
  MAXIMUM         62    135 PM  86    1932  60      2       75
  MINIMUM         32    555 AM  18    1945  31      1       42
  AVERAGE         47                        46      1       59

PRECIPITATION (IN)
  YESTERDAY        0.00          0.64 1951   0.05  -0.05     0.00
  MONTH TO DATE    0.15                      0.21  -0.06     0.01
  SINCE MAR 1      0.57                      1.28  -0.71     1.46
  SINCE JAN 1      1.51                      2.15  -0.64     2.31

SNOWFALL (IN)
  YESTERDAY        0.0                       0.2   -0.2      0.0
  MONTH TO DATE    T                         1.1   -1.1       T
  SINCE MAR 1      3.5                       7.9   -4.4     19.8
  SINCE JUL 1     28.7                      31.9   -3.2     43.0
  SNOW DEPTH       0

DEGREE DAYS
 HEATING
  YESTERDAY       18                        19     -1        6
  MONTH TO DATE  122                        98     24      106
  SINCE MAR 1    890                       856     34      949
  SINCE JUL 1   5434                      5273    161     5236

 COOLING
  YESTERDAY        0                         0      0        0
  MONTH TO DATE    0                         0      0        0
  SINCE MAR 1      0                         0      0        0
  SINCE JAN 1      0                         0      0        0
..................................................................

WIND (MPH)
  HIGHEST WIND SPEED    28   HIGHEST WIND DIRECTION     S (190)
  HIGHEST GUST SPEED    36   HIGHEST GUST DIRECTION     S (190)
  AVERAGE WIND SPEED    16.9

SKY COVER
  AVERAGE SKY COVER 0.1

WEATHER CONDITIONS
 THE FOLLOWING WEATHER WAS RECORDED YESTERDAY.
  NO SIGNIFICANT WEATHER WAS OBSERVED.

RELATIVE HUMIDITY (PERCENT)
 HIGHEST    82
 LOWEST     26
 AVERAGE    54

..........................................................

THE GOODLAND KS CLIMATE NORMALS FOR TODAY
                         NORMAL    RECORD    YEAR
 MAXIMUM TEMPERATURE (F)   61        88      1991
 MINIMUM TEMPERATURE (F)   32         8      1936

SUNRISE AND SUNSET
APRIL  6 2014.........SUNRISE   623 AM MDT   SUNSET   716 PM MDT
APRIL  7 2014.........SUNRISE   622 AM MDT   SUNSET   717 PM MDT

-  INDICATES NEGATIVE NUMBERS.
R  INDICATES RECORD WAS SET OR TIED.
MM INDICATES DATA IS MISSING.
T  INDICATES TRACE AMOUNT.

&&

THE AVERAGE SOIL TEMPERATURE AT THE FOUR INCH DEPTH... 41

$$
