000
CDUS43 KGLD 010040
CLIGLD

CLIMATE REPORT
NATIONAL WEATHER SERVICE GOODLAND
636 PM MDT MON JUL 31 2017

...................................

...THE GOODLAND KS CLIMATE SUMMARY FOR JULY 31 2017...
VALID TODAY AS OF 0600 PM LOCAL TIME.

CLIMATE NORMAL PERIOD 1981 TO 2010
CLIMATE RECORD PERIOD 1895 TO 2017

WEATHER ITEM   OBSERVED TIME   RECORD YEAR NORMAL DEPARTURE LAST
                VALUE   (LST)  VALUE       VALUE  FROM      YEAR
                                                  NORMAL
..................................................................
TEMPERATURE (F)
 TODAY
  MAXIMUM         84   1254 PM 105    2002  89     -5       96
  MINIMUM         65    650 AM  43    1925  62      3       66
  AVERAGE         75                        76     -1       81

PRECIPITATION (IN)
  TODAY            0.00          2.17 1939   0.11  -0.11     0.00
  MONTH TO DATE    3.38                      3.47  -0.09     2.75
  SINCE JUN 1      7.82                      6.72   1.10     4.37
  SINCE JAN 1     20.21                     13.20   7.01    11.73

SNOWFALL (IN)
  TODAY            0.0                       0.0    0.0      0.0
  MONTH TO DATE    0.0                       0.0    0.0      0.0
  SINCE JUN 1      T                         0.0    0.0      0.0
  SINCE JUL 1      0.0                       0.0    0.0      0.0
  SNOW DEPTH       0

DEGREE DAYS
 HEATING
  TODAY            0                         0      0        0
  MONTH TO DATE    0                         0      0        0
  SINCE JUN 1     13                        41    -28        2
  SINCE JUL 1      0                         4     -4        0

 COOLING
  TODAY           10                        11     -1       16
  MONTH TO DATE  376                       334     42      402
  SINCE JUN 1    591                       513     78      691
  SINCE JAN 1    629                       554     75      715
..................................................................

WIND (MPH)
  HIGHEST WIND SPEED    17   HIGHEST WIND DIRECTION     S (170)
  HIGHEST GUST SPEED    20   HIGHEST GUST DIRECTION     S (170)
  AVERAGE WIND SPEED     6.7


SKY COVER
  AVERAGE SKY COVER 0.7


WEATHER CONDITIONS
 THE FOLLOWING WEATHER WAS RECORDED TODAY.
  HAZE


RELATIVE HUMIDITY (PERCENT)
 HIGHEST    93           500 AM
 LOWEST     51           100 PM
 AVERAGE    72

..........................................................


THE GOODLAND KS CLIMATE NORMALS FOR TOMORROW
                         NORMAL    RECORD    YEAR
 MAXIMUM TEMPERATURE (F)   89       107      1938
 MINIMUM TEMPERATURE (F)   62        45      1995


SUNRISE AND SUNSET
JULY 31 2017..........SUNRISE   546 AM MDT   SUNSET   800 PM MDT
AUGUST  1 2017........SUNRISE   547 AM MDT   SUNSET   759 PM MDT


-  INDICATES NEGATIVE NUMBERS.
R  INDICATES RECORD WAS SET OR TIED.
MM INDICATES DATA IS MISSING.
T  INDICATES TRACE AMOUNT.

&&

THE AVERAGE SOIL TEMPERATURE AT THE FOUR INCH DEPTH... 75

$$
