000
CDUS43 KGLD 140739
CLIGLD

CLIMATE REPORT
NATIONAL WEATHER SERVICE GOODLAND
136 AM MDT WED JUN 14 2017

...................................

...THE GOODLAND KS CLIMATE SUMMARY FOR JUNE 13 2017...

CLIMATE NORMAL PERIOD 1981 TO 2010
CLIMATE RECORD PERIOD 1895 TO 2017

WEATHER ITEM   OBSERVED TIME   RECORD YEAR NORMAL DEPARTURE LAST
                VALUE   (LST)  VALUE       VALUE  FROM      YEAR
                                                  NORMAL
..................................................................
TEMPERATURE (F)
 YESTERDAY
  MAXIMUM         89    426 PM 101    1952  83      6       85
                                      1924
  MINIMUM         59   1159 PM  37    1947  55      4       59
  AVERAGE         74                        69      5       72

PRECIPITATION (IN)
  YESTERDAY        0.00          1.23 1988   0.10  -0.10     0.03
  MONTH TO DATE    1.82                      1.44   0.38     0.46
  SINCE JUN 1      1.82                      1.44   0.38     0.46
  SINCE JAN 1     14.21                      7.92   6.29     7.82

SNOWFALL (IN)
  YESTERDAY        0.0                       0.0    0.0      0.0
  MONTH TO DATE    0.0                       0.0    0.0      0.0
  SINCE JUN 1      0.0                       0.0    0.0      0.0
  SINCE JUL 1     14.2                      35.5  -21.3     30.1
  SNOW DEPTH       0

DEGREE DAYS
 HEATING
  YESTERDAY        0                         1     -1        0
  MONTH TO DATE    0                        28    -28        2
  SINCE JUN 1      0                        28    -28        2
  SINCE JUL 1   5118                      5894   -776     5131

 COOLING
  YESTERDAY        9                         5      4        7
  MONTH TO DATE   87                        52     35       87
  SINCE JUN 1     87                        52     35       87
  SINCE JAN 1    125                        93     32      111
..................................................................

WIND (MPH)
  HIGHEST WIND SPEED    29   HIGHEST WIND DIRECTION     S (180)
  HIGHEST GUST SPEED    36   HIGHEST GUST DIRECTION     S (180)
  AVERAGE WIND SPEED    13.0


SKY COVER
  AVERAGE SKY COVER 0.0


WEATHER CONDITIONS
 THE FOLLOWING WEATHER WAS RECORDED YESTERDAY.
  NO SIGNIFICANT WEATHER WAS OBSERVED.


RELATIVE HUMIDITY (PERCENT)
 HIGHEST    72
 LOWEST     11
 AVERAGE    42

..........................................................


THE GOODLAND KS CLIMATE NORMALS FOR TODAY
                         NORMAL    RECORD    YEAR
 MAXIMUM TEMPERATURE (F)   84       105      1952
 MINIMUM TEMPERATURE (F)   55        40      1969


SUNRISE AND SUNSET
JUNE 14 2017..........SUNRISE   519 AM MDT   SUNSET   815 PM MDT
JUNE 15 2017..........SUNRISE   519 AM MDT   SUNSET   815 PM MDT


-  INDICATES NEGATIVE NUMBERS.
R  INDICATES RECORD WAS SET OR TIED.
MM INDICATES DATA IS MISSING.
T  INDICATES TRACE AMOUNT.

&&

THE AVERAGE SOIL TEMPERATURE AT THE FOUR INCH DEPTH... 76

$$
