000
CDUS43 KGLD 150837
CLIGLD

CLIMATE REPORT
NATIONAL WEATHER SERVICE GOODLAND
103 AM MST TUE NOV 15 2016

...................................

...THE GOODLAND KS CLIMATE SUMMARY FOR NOVEMBER 14 2016...

CLIMATE NORMAL PERIOD 1981 TO 2010
CLIMATE RECORD PERIOD 1895 TO 2016

WEATHER ITEM   OBSERVED TIME   RECORD YEAR NORMAL DEPARTURE LAST
                VALUE   (LST)  VALUE       VALUE  FROM      YEAR
                                                  NORMAL
..................................................................
TEMPERATURE (F)
 YESTERDAY
  MAXIMUM         74    222 PM  75    1990  53     21       67
                                      1975
                                      1942
  MINIMUM         35    455 AM  -4    1940  26      9       28
  AVERAGE         55                        40     15       48

PRECIPITATION (IN)
  YESTERDAY        0.00          0.61 1926   0.02  -0.02     0.00
  MONTH TO DATE    T                         0.39  -0.39     0.43
  SINCE SEP 1      2.53                      2.98  -0.45     3.16
  SINCE JAN 1     16.57                     18.88  -2.31    19.91

SNOWFALL (IN)
  YESTERDAY        0.0                       0.1   -0.1      0.0
  MONTH TO DATE    0.0                       1.8   -1.8      2.7
  SINCE SEP 1      T                         4.4   -4.4      2.7
  SINCE JUL 1      T                         4.4   -4.4      2.7
  SNOW DEPTH       0

DEGREE DAYS
 HEATING
  YESTERDAY       10                        25    -15       17
  MONTH TO DATE  188                       310   -122      255
  SINCE SEP 1    466                       838   -372      564
  SINCE JUL 1    473                       850   -377      570

 COOLING
  YESTERDAY        0                         0      0        0
  MONTH TO DATE    0                         0      0        0
  SINCE SEP 1    154                       108     46      237
  SINCE JAN 1   1103                       941    162     1145
..................................................................

WIND (MPH)
  HIGHEST WIND SPEED    21   HIGHEST WIND DIRECTION     W (290)
  HIGHEST GUST SPEED    28   HIGHEST GUST DIRECTION    NW (300)
  AVERAGE WIND SPEED    10.2


SKY COVER
  AVERAGE SKY COVER 0.0


WEATHER CONDITIONS
 THE FOLLOWING WEATHER WAS RECORDED YESTERDAY.
  NO SIGNIFICANT WEATHER WAS OBSERVED.


RELATIVE HUMIDITY (PERCENT)
 HIGHEST    75
 LOWEST     14
 AVERAGE    45

..........................................................


THE GOODLAND KS CLIMATE NORMALS FOR TODAY
                         NORMAL    RECORD    YEAR
 MAXIMUM TEMPERATURE (F)   53        79      1963
                                             1941
 MINIMUM TEMPERATURE (F)   26         5      1955
                                             1920


SUNRISE AND SUNSET
NOVEMBER 15 2016......SUNRISE   631 AM MST   SUNSET   432 PM MST
NOVEMBER 16 2016......SUNRISE   632 AM MST   SUNSET   431 PM MST


-  INDICATES NEGATIVE NUMBERS.
R  INDICATES RECORD WAS SET OR TIED.
MM INDICATES DATA IS MISSING.
T  INDICATES TRACE AMOUNT.

&&

THE AVERAGE SOIL TEMPERATURE AT THE FOUR INCH DEPTH... 49
THE CURRENT DEPTH OF FROST... 0 INCHES

$$
