000
CDUS43 KGLD 060741
CLIGLD

CLIMATE REPORT
NATIONAL WEATHER SERVICE GOODLAND
138 AM MDT SAT SEP 6 2014

...................................

...THE GOODLAND KS CLIMATE SUMMARY FOR SEPTEMBER 5 2014...

CLIMATE NORMAL PERIOD 1981 TO 2010
CLIMATE RECORD PERIOD 1895 TO 2014

WEATHER ITEM   OBSERVED TIME   RECORD YEAR NORMAL DEPARTURE LAST
                VALUE   (LST)  VALUE       VALUE  FROM      YEAR
                                                  NORMAL
..................................................................
TEMPERATURE (F)
 YESTERDAY
  MAXIMUM         63    326 PM 104    1931  84    -21       99
  MINIMUM         51   1113 PM  40    1961  55     -4       61
  AVERAGE         57                        69    -12       80

PRECIPITATION (IN)
  YESTERDAY        0.09          2.30 1926   0.04   0.05     0.00
  MONTH TO DATE    0.24                      0.24   0.00     0.00
  SINCE SEP 1      0.24                      0.24   0.00     0.00
  SINCE JAN 1     14.14                     16.14  -2.00     8.79

SNOWFALL (IN)
  YESTERDAY        0.0                       0.0    0.0      0.0
  MONTH TO DATE    0.0                       0.0    0.0      0.0
  SINCE SEP 1      0.0                       0.0    0.0      0.0
  SINCE JUL 1      0.0                       0.0    0.0      0.0
  SNOW DEPTH       0

DEGREE DAYS
 HEATING
  YESTERDAY        8                         1      7        0
  MONTH TO DATE    8                         5      3        0
  SINCE SEP 1      8                         5      3        0
  SINCE JUL 1     21                        17      4        7

 COOLING
  YESTERDAY        0                         6     -6       15
  MONTH TO DATE   27                        30     -3       61
  SINCE SEP 1     27                        30     -3       61
  SINCE JAN 1    829                       863    -34     1059
..................................................................

WIND (MPH)
  HIGHEST WIND SPEED    15   HIGHEST WIND DIRECTION     N (340)
  HIGHEST GUST SPEED    20   HIGHEST GUST DIRECTION     N (10)
  AVERAGE WIND SPEED     7.0


SKY COVER
  AVERAGE SKY COVER 0.8


WEATHER CONDITIONS
THE FOLLOWING WEATHER WAS RECORDED YESTERDAY.
  LIGHT RAIN
  FOG


RELATIVE HUMIDITY (PERCENT)
 HIGHEST    93
 LOWEST     60
 AVERAGE    77

..........................................................


THE GOODLAND KS CLIMATE NORMALS FOR TODAY
                         NORMAL    RECORD    YEAR
 MAXIMUM TEMPERATURE (F)   83       102      1939
 MINIMUM TEMPERATURE (F)   54        37      1956


SUNRISE AND SUNSET
SEPTEMBER  6 2014.....SUNRISE   620 AM MDT   SUNSET   710 PM MDT
SEPTEMBER  7 2014.....SUNRISE   621 AM MDT   SUNSET   708 PM MDT


-  INDICATES NEGATIVE NUMBERS.
R  INDICATES RECORD WAS SET OR TIED.
MM INDICATES DATA IS MISSING.
T  INDICATES TRACE AMOUNT.

&&

THE AVERAGE SOIL TEMPERATURE AT THE FOUR INCH DEPTH... 70

$$
