000
CDUS43 KGLD 100037
CLIGLD

CLIMATE REPORT
NATIONAL WEATHER SERVICE GOODLAND
636 PM MDT FRI SEP 9 2016

...................................

...THE GOODLAND KS CLIMATE SUMMARY FOR SEPTEMBER 9 2016...
VALID TODAY AS OF 0600 PM LOCAL TIME.

CLIMATE NORMAL PERIOD 1981 TO 2010
CLIMATE RECORD PERIOD 1895 TO 2016

WEATHER ITEM   OBSERVED TIME   RECORD YEAR NORMAL DEPARTURE LAST
                VALUE   (LST)  VALUE       VALUE  FROM      YEAR
                                                  NORMAL
..................................................................
TEMPERATURE (F)
 TODAY
  MAXIMUM         78    201 PM 102    1931  82     -4       94
  MINIMUM         60    720 AM  34    1941  53      7       55
  AVERAGE         69                        68      1       75

PRECIPITATION (IN)
  TODAY            0.00          1.13 2002   0.04  -0.04     0.06
  MONTH TO DATE    1.67                      0.41   1.26     0.09
  SINCE SEP 1      1.67                      0.41   1.26     0.09
  SINCE JAN 1     15.71                     16.31  -0.60    16.84

SNOWFALL (IN)
  TODAY            0.0                       0.0    0.0      0.0
  MONTH TO DATE    T                         0.0    0.0      0.0
  SINCE SEP 1      T                         0.0    0.0      0.0
  SINCE JUL 1      T                         0.0    0.0      0.0
  SNOW DEPTH       0

DEGREE DAYS
 HEATING
  TODAY            0                         2     -2        0
  MONTH TO DATE    0                        12    -12        0
  SINCE SEP 1      0                        12    -12        0
  SINCE JUL 1      7                        24    -17        6

 COOLING
  TODAY            4                         5     -1       10
  MONTH TO DATE   68                        50     18      108
  SINCE SEP 1     68                        50     18      108
  SINCE JAN 1   1017                       883    134     1016
..................................................................

WIND (MPH)
  HIGHEST WIND SPEED    29   HIGHEST WIND DIRECTION     N (20)
  HIGHEST GUST SPEED    37   HIGHEST GUST DIRECTION    NE (30)
  AVERAGE WIND SPEED    14.2


SKY COVER
  AVERAGE SKY COVER 0.4


WEATHER CONDITIONS
 THE FOLLOWING WEATHER WAS RECORDED TODAY.
  FOG
  FOG W/VISIBILITY <= 1/4 MILE


RELATIVE HUMIDITY (PERCENT)
 HIGHEST   100           200 AM
 LOWEST     33           400 PM
 AVERAGE    67

..........................................................


THE GOODLAND KS CLIMATE NORMALS FOR TOMORROW
                         NORMAL    RECORD    YEAR
 MAXIMUM TEMPERATURE (F)   82       100      1936
                                             1895
 MINIMUM TEMPERATURE (F)   53        34      1907


SUNRISE AND SUNSET
SEPTEMBER  9 2016.....SUNRISE   623 AM MDT   SUNSET   704 PM MDT
SEPTEMBER 10 2016.....SUNRISE   624 AM MDT   SUNSET   702 PM MDT


-  INDICATES NEGATIVE NUMBERS.
R  INDICATES RECORD WAS SET OR TIED.
MM INDICATES DATA IS MISSING.
T  INDICATES TRACE AMOUNT.

&&

THE AVERAGE SOIL TEMPERATURE AT THE FOUR INCH DEPTH... 73

$$
