000
CDUS43 KGLD 240738
CLIGLD

CLIMATE REPORT
NATIONAL WEATHER SERVICE GOODLAND
1235 AM MST THU NOV 24 2016

...................................

...THE GOODLAND KS CLIMATE SUMMARY FOR NOVEMBER 23 2016...

CLIMATE NORMAL PERIOD 1981 TO 2010
CLIMATE RECORD PERIOD 1895 TO 2016

WEATHER ITEM   OBSERVED TIME   RECORD YEAR NORMAL DEPARTURE LAST
                VALUE   (LST)  VALUE       VALUE  FROM      YEAR
                                                  NORMAL
..................................................................
TEMPERATURE (F)
 YESTERDAY
  MAXIMUM         53    216 PM  72    1925  48      5       59
  MINIMUM         27    701 AM   0    1941  22      5       22
  AVERAGE         40                        35      5       41

PRECIPITATION (IN)
  YESTERDAY        0.00          0.68 2001   0.02  -0.02     0.00
  MONTH TO DATE    0.21                      0.58  -0.37     0.77
  SINCE SEP 1      2.74                      3.17  -0.43     3.50
  SINCE JAN 1     16.78                     19.07  -2.29    20.25

SNOWFALL (IN)
  YESTERDAY        0.0                       0.2   -0.2      0.0
  MONTH TO DATE    0.6                       3.3   -2.7      6.7
  SINCE SEP 1      0.6                       5.9   -5.3      6.7
  SINCE JUL 1      0.6                       5.9   -5.3      6.7
  SNOW DEPTH       0

DEGREE DAYS
 HEATING
  YESTERDAY       25                        30     -5       24
  MONTH TO DATE  391                       560   -169      489
  SINCE SEP 1    669                      1088   -419      798
  SINCE JUL 1    676                      1100   -424      804

 COOLING
  YESTERDAY        0                         0      0        0
  MONTH TO DATE    0                         0      0        0
  SINCE SEP 1    154                       108     46      237
  SINCE JAN 1   1103                       941    162     1145
..................................................................

WIND (MPH)
  HIGHEST WIND SPEED    18   HIGHEST WIND DIRECTION     S (160)
  HIGHEST GUST SPEED    22   HIGHEST GUST DIRECTION     S (160)
  AVERAGE WIND SPEED     9.9


SKY COVER
  AVERAGE SKY COVER 0.0


WEATHER CONDITIONS
 THE FOLLOWING WEATHER WAS RECORDED YESTERDAY.
  NO SIGNIFICANT WEATHER WAS OBSERVED.


RELATIVE HUMIDITY (PERCENT)
 HIGHEST    92
 LOWEST     30
 AVERAGE    61

..........................................................


THE GOODLAND KS CLIMATE NORMALS FOR TODAY
                         NORMAL    RECORD    YEAR
 MAXIMUM TEMPERATURE (F)   48        82      1910
 MINIMUM TEMPERATURE (F)   22        -1      1993


SUNRISE AND SUNSET
NOVEMBER 24 2016......SUNRISE   641 AM MST   SUNSET   426 PM MST
NOVEMBER 25 2016......SUNRISE   642 AM MST   SUNSET   426 PM MST


-  INDICATES NEGATIVE NUMBERS.
R  INDICATES RECORD WAS SET OR TIED.
MM INDICATES DATA IS MISSING.
T  INDICATES TRACE AMOUNT.

&&

THE AVERAGE SOIL TEMPERATURE AT THE FOUR INCH DEPTH... 40
THE CURRENT DEPTH OF FROST... 00 INCHES

$$
