000
CDUS43 KGLD 190741
CLIGLD

CLIMATE REPORT
NATIONAL WEATHER SERVICE GOODLAND
1240 AM MST WED NOV 19 2014

...................................

...THE GOODLAND KS CLIMATE SUMMARY FOR NOVEMBER 18 2014...

CLIMATE NORMAL PERIOD 1981 TO 2010
CLIMATE RECORD PERIOD 1895 TO 2014

WEATHER ITEM   OBSERVED TIME   RECORD YEAR NORMAL DEPARTURE LAST
                VALUE   (LST)  VALUE       VALUE  FROM      YEAR
                                                  NORMAL
..................................................................
TEMPERATURE (F)
 YESTERDAY
  MAXIMUM         56    213 PM  77    2008  51      5       59
                                      1995
  MINIMUM         13    251 AM  11    1937  25    -12       25
                                      1926
  AVERAGE         35                        38     -3       42

PRECIPITATION (IN)
  YESTERDAY        0.00          0.44 2004   0.02  -0.02     0.00
  MONTH TO DATE    T                         0.48  -0.48     0.16
  SINCE SEP 1      2.49                      3.07  -0.58     7.89
  SINCE JAN 1     16.39                     18.97  -2.58    16.68

SNOWFALL (IN)
  YESTERDAY        0.0                       0.1   -0.1      0.0
  MONTH TO DATE    0.2                       2.5   -2.3       T
  SINCE SEP 1      0.2                       5.1   -4.9      4.0
  SINCE JUL 1      0.2                       5.1   -4.9      4.0
  SNOW DEPTH       0

DEGREE DAYS
 HEATING
  YESTERDAY       30                        27      3       23
  MONTH TO DATE  527                       416    111      395
  SINCE SEP 1    942                       944     -2      899
  SINCE JUL 1    955                       956     -1      906

 COOLING
  YESTERDAY        0                         0      0        0
  MONTH TO DATE    0                         0      0        0
  SINCE SEP 1    118                       108     10      183
  SINCE JAN 1    920                       941    -21     1181
..................................................................

WIND (MPH)
  HIGHEST WIND SPEED    22   HIGHEST WIND DIRECTION     W (290)
  HIGHEST GUST SPEED    27   HIGHEST GUST DIRECTION     W (290)
  AVERAGE WIND SPEED    10.7


SKY COVER
  AVERAGE SKY COVER 0.0


WEATHER CONDITIONS
 THE FOLLOWING WEATHER WAS RECORDED YESTERDAY.
  NO SIGNIFICANT WEATHER WAS OBSERVED.


RELATIVE HUMIDITY (PERCENT)
 HIGHEST    64
 LOWEST     12
 AVERAGE    38

..........................................................


THE GOODLAND KS CLIMATE NORMALS FOR TODAY
                         NORMAL    RECORD    YEAR
 MAXIMUM TEMPERATURE (F)   51        80      2007
                                             1996
 MINIMUM TEMPERATURE (F)   24         4      1937


SUNRISE AND SUNSET
NOVEMBER 19 2014......SUNRISE   635 AM MST   SUNSET   429 PM MST
NOVEMBER 20 2014......SUNRISE   636 AM MST   SUNSET   428 PM MST


-  INDICATES NEGATIVE NUMBERS.
R  INDICATES RECORD WAS SET OR TIED.
MM INDICATES DATA IS MISSING.
T  INDICATES TRACE AMOUNT.

&&

THE AVERAGE SOIL TEMPERATURE AT THE FOUR INCH DEPTH... 32
THE CURRENT DEPTH OF FROST... 7 INCHES

$$
