000
CDUS43 KGLD 100047
CLIGLD

CLIMATE REPORT
NATIONAL WEATHER SERVICE GOODLAND
538 PM MST TUE JAN 9 2018

...................................

...THE GOODLAND KS CLIMATE SUMMARY FOR JANUARY 9 2018...
VALID TODAY AS OF 0500 PM LOCAL TIME.

CLIMATE NORMAL PERIOD 1981 TO 2010
CLIMATE RECORD PERIOD 1895 TO 2018

WEATHER ITEM   OBSERVED TIME   RECORD YEAR NORMAL DEPARTURE LAST
                VALUE   (LST)  VALUE       VALUE  FROM      YEAR
                                                  NORMAL
..................................................................
TEMPERATURE (F)
 TODAY
  MAXIMUM         67R   249 PM  65    1908  42     25       63
  MINIMUM         32    420 AM  -9    1973  17     15       29
                                      1937
  AVERAGE         50                        30     20       46

PRECIPITATION (IN)
  TODAY            0.00          0.47 1939   0.01  -0.01     0.00
  MONTH TO DATE    0.00                      0.11  -0.11     0.15
  SINCE DEC 1      0.09                      0.57  -0.48     0.75
  SINCE JAN 1      0.00                      0.11  -0.11     0.15

SNOWFALL (IN)
  TODAY            0.0                       0.2   -0.2      0.0
  MONTH TO DATE    0.0                       1.7   -1.7      2.5
  SINCE DEC 1      1.5                       7.2   -5.7      7.5
  SINCE JUL 1      1.6                      14.4  -12.8      8.1
  SNOW DEPTH       0

DEGREE DAYS
 HEATING
  TODAY           15                        35    -20       19
  MONTH TO DATE  299                       317    -18      412
  SINCE DEC 1   1373                      1405    -32     1614
  SINCE JUL 1   2524                      2724   -200     2477

 COOLING
  TODAY            0                         0      0        0
  MONTH TO DATE    0                         0      0        0
  SINCE DEC 1      0                         0      0        0
  SINCE JAN 1      0                         0      0        0
..................................................................

WIND (MPH)
  HIGHEST WIND SPEED    15   HIGHEST WIND DIRECTION     S (190)
  HIGHEST GUST SPEED    19   HIGHEST GUST DIRECTION     S (190)
  AVERAGE WIND SPEED     8.1


SKY COVER
  AVERAGE SKY COVER 0.0


WEATHER CONDITIONS
 THE FOLLOWING WEATHER WAS RECORDED TODAY.
  NO SIGNIFICANT WEATHER WAS OBSERVED.


RELATIVE HUMIDITY (PERCENT)
 HIGHEST    70           800 AM
 LOWEST     16           200 PM
 AVERAGE    43

..........................................................


THE GOODLAND KS CLIMATE NORMALS FOR TOMORROW
                         NORMAL    RECORD    YEAR
 MAXIMUM TEMPERATURE (F)   43        74      1990
 MINIMUM TEMPERATURE (F)   17       -14      1962


SUNRISE AND SUNSET
JANUARY  9 2018.......SUNRISE   707 AM MST   SUNSET   442 PM MST
JANUARY 10 2018.......SUNRISE   706 AM MST   SUNSET   443 PM MST


-  INDICATES NEGATIVE NUMBERS.
R  INDICATES RECORD WAS SET OR TIED.
MM INDICATES DATA IS MISSING.
T  INDICATES TRACE AMOUNT.

&&

THE AVERAGE SOIL TEMPERATURE AT THE FOUR INCH DEPTH... 32
THE CURRENT DEPTH OF FROST... 14 INCHES

$$
