000
CDUS43 KGLD 210746
CLIGLD

CLIMATE REPORT
NATIONAL WEATHER SERVICE GOODLAND
145 AM MDT THU AUG 21 2014

...................................

...THE GOODLAND KS CLIMATE SUMMARY FOR AUGUST 20 2014...

CLIMATE NORMAL PERIOD 1981 TO 2010
CLIMATE RECORD PERIOD 1895 TO 2014

WEATHER ITEM   OBSERVED TIME   RECORD YEAR NORMAL DEPARTURE LAST
                VALUE   (LST)  VALUE       VALUE  FROM      YEAR
                                                  NORMAL
..................................................................
TEMPERATURE (F)
 YESTERDAY
  MAXIMUM         97    214 PM 104    1987  87     10       94
  MINIMUM         64   1148 PM  46    2004  60      4       59
  AVERAGE         81                        73      8       77

PRECIPITATION (IN)
  YESTERDAY        0.00          2.83 1993   0.08  -0.08     0.00
  MONTH TO DATE    1.20                      1.95  -0.75     0.79
  SINCE JUN 1      8.80                      8.67   0.13     4.28
  SINCE JAN 1     12.34                     15.15  -2.81     8.64

SNOWFALL (IN)
  YESTERDAY        0.0                       0.0    0.0      0.0
  MONTH TO DATE    0.0                       0.0    0.0      0.0
  SINCE JUN 1      0.0                       0.0    0.0      0.0
  SINCE JUL 1      0.0                       0.0    0.0      0.0
  SNOW DEPTH       0

DEGREE DAYS
 HEATING
  YESTERDAY        0                         0      0        0
  MONTH TO DATE    0                         0      0        0
  SINCE JUN 1     51                        41     10       38
  SINCE JUL 1     13                         4      9        7

 COOLING
  YESTERDAY       16                         9      7       12
  MONTH TO DATE  226                       195     31      159
  SINCE JUN 1    678                       708    -30      740
  SINCE JAN 1    724                       749    -25      829
..................................................................

WIND (MPH)
  HIGHEST WIND SPEED    21   HIGHEST WIND DIRECTION    NW (310)
  HIGHEST GUST SPEED    25   HIGHEST GUST DIRECTION    NW (310)
  AVERAGE WIND SPEED     8.4


SKY COVER
  AVERAGE SKY COVER 0.1


WEATHER CONDITIONS
THE FOLLOWING WEATHER WAS RECORDED YESTERDAY.
  THUNDERSTORM


RELATIVE HUMIDITY (PERCENT)
 HIGHEST    81
 LOWEST     24
 AVERAGE    53

..........................................................


THE GOODLAND KS CLIMATE NORMALS FOR TODAY
                         NORMAL    RECORD    YEAR
 MAXIMUM TEMPERATURE (F)   87       102      1943
 MINIMUM TEMPERATURE (F)   60        46      1964


SUNRISE AND SUNSET
AUGUST 21 2014........SUNRISE   605 AM MDT   SUNSET   734 PM MDT
AUGUST 22 2014........SUNRISE   606 AM MDT   SUNSET   733 PM MDT


-  INDICATES NEGATIVE NUMBERS.
R  INDICATES RECORD WAS SET OR TIED.
MM INDICATES DATA IS MISSING.
T  INDICATES TRACE AMOUNT.

&&

THE AVERAGE SOIL TEMPERATURE AT THE FOUR INCH DEPTH... 76

$$
