983
CDUS43 KGLD 230739
CLIGLD

CLIMATE REPORT
NATIONAL WEATHER SERVICE GOODLAND
137 AM MDT MON MAY 23 2016

...................................

...THE GOODLAND KS CLIMATE SUMMARY FOR MAY 22 2016...

CLIMATE NORMAL PERIOD 1981 TO 2010
CLIMATE RECORD PERIOD 1895 TO 2016

WEATHER ITEM   OBSERVED TIME   RECORD YEAR NORMAL DEPARTURE LAST
                VALUE   (LST)  VALUE       VALUE  FROM      YEAR
                                                  NORMAL
..................................................................
TEMPERATURE (F)
 YESTERDAY
  MAXIMUM         88    206 PM  97    1939  75     13       56
  MINIMUM         64   1159 PM  30    1945  48     16       47
                                      1931
  AVERAGE         76                        61     15       52

PRECIPITATION (IN)
  YESTERDAY        0.00          1.90 1923   0.10  -0.10     0.58
  MONTH TO DATE    1.07                      1.93  -0.86     4.66
  SINCE MAR 1      5.61                      4.59   1.02     9.61
  SINCE JAN 1      6.47                      5.46   1.01    10.69

SNOWFALL (IN)
  YESTERDAY        0.0                       0.0    0.0      0.0
  MONTH TO DATE    T                         0.5   -0.5       T
  SINCE MAR 1      6.7                      11.5   -4.8      2.6
  SINCE JUL 1     30.1                      35.5   -5.4     24.7
  SNOW DEPTH       0

DEGREE DAYS
 HEATING
  YESTERDAY        0                         5     -5       13
  MONTH TO DATE  220                       175     45      212
  SINCE MAR 1   1260                      1413   -153     1173
  SINCE JUL 1   5106                      5830   -724     5388

 COOLING
  YESTERDAY       11                         2      9        0
  MONTH TO DATE   20                        21     -1        5
  SINCE MAR 1     20                        25     -5        5
  SINCE JAN 1     20                        25     -5        5
..................................................................

WIND (MPH)
  HIGHEST WIND SPEED    39   HIGHEST WIND DIRECTION    SE (150)
  HIGHEST GUST SPEED    47   HIGHEST GUST DIRECTION    SE (150)
  AVERAGE WIND SPEED    26.7


SKY COVER
  AVERAGE SKY COVER 0.3


WEATHER CONDITIONS
 THE FOLLOWING WEATHER WAS RECORDED YESTERDAY.
  NO SIGNIFICANT WEATHER WAS OBSERVED.


RELATIVE HUMIDITY (PERCENT)
 HIGHEST    93
 LOWEST     22
 AVERAGE    58

..........................................................


THE GOODLAND KS CLIMATE NORMALS FOR TODAY
                         NORMAL    RECORD    YEAR
 MAXIMUM TEMPERATURE (F)   75        96      2000
 MINIMUM TEMPERATURE (F)   48        36      1930


SUNRISE AND SUNSET
MAY 23 2016...........SUNRISE   526 AM MDT   SUNSET   801 PM MDT
MAY 24 2016...........SUNRISE   526 AM MDT   SUNSET   802 PM MDT


-  INDICATES NEGATIVE NUMBERS.
R  INDICATES RECORD WAS SET OR TIED.
MM INDICATES DATA IS MISSING.
T  INDICATES TRACE AMOUNT.

&&

THE AVERAGE SOIL TEMPERATURE AT THE FOUR INCH DEPTH... 63

$$
